{"id":94,"date":"2021-06-18T21:41:26","date_gmt":"2021-06-19T00:41:26","guid":{"rendered":"https:\/\/sigab2021.wordpress.com\/?page_id=94"},"modified":"2021-07-26T17:32:47","modified_gmt":"2021-07-26T20:32:47","slug":"home-2","status":"publish","type":"page","link":"https:\/\/claec.org\/sigab\/","title":{"rendered":"Home"},"content":{"rendered":"\n<div class=\"wp-block-group alignfull has-primary-color has-background-background-color has-text-color has-background\"><div class=\"wp-block-group__inner-container is-layout-flow wp-block-group-is-layout-flow\">\n<figure class=\"wp-block-image size-large is-resized\"><img fetchpriority=\"high\" decoding=\"async\" src=\"https:\/\/sigab2021.files.wordpress.com\/2021\/06\/sigab-icone.jpg?w=900\" alt=\"\" class=\"wp-image-102\" width=\"781\" height=\"560\" srcset=\"https:\/\/claec.org\/sigab\/wp-content\/uploads\/sites\/15\/2021\/06\/sigab-icone.jpg 960w, https:\/\/claec.org\/sigab\/wp-content\/uploads\/sites\/15\/2021\/06\/sigab-icone-300x215.jpg 300w, https:\/\/claec.org\/sigab\/wp-content\/uploads\/sites\/15\/2021\/06\/sigab-icone-768x550.jpg 768w\" sizes=\"(max-width: 781px) 100vw, 781px\" \/><\/figure>\n\n\n\n<figure class=\"wp-block-image size-large is-resized\"><img decoding=\"async\" src=\"https:\/\/claec.org\/sigab\/wp-content\/uploads\/sites\/15\/2021\/06\/barra.png\" alt=\"\" class=\"wp-image-155\" width=\"780\" height=\"69\" srcset=\"https:\/\/claec.org\/sigab\/wp-content\/uploads\/sites\/15\/2021\/06\/barra.png 616w, https:\/\/claec.org\/sigab\/wp-content\/uploads\/sites\/15\/2021\/06\/barra-300x26.png 300w\" sizes=\"(max-width: 780px) 100vw, 780px\" \/><\/figure>\n\n\n\n<p><\/p>\n<\/div><\/div>\n\n\n\n<div class=\"wp-block-group alignfull has-background\" style=\"background-color:#872d2d\"><div class=\"wp-block-group__inner-container is-layout-flow wp-block-group-is-layout-flow\">\n<div style=\"height:32px\" aria-hidden=\"true\" class=\"wp-block-spacer\"><\/div>\n\n\n\n<div class=\"wp-block-columns is-layout-flex wp-container-core-columns-is-layout-9d6595d7 wp-block-columns-is-layout-flex\">\n<div class=\"wp-block-column is-layout-flow wp-block-column-is-layout-flow\" style=\"flex-basis:80%\">\n<p class=\"has-text-color\" style=\"color:#a0af7b;font-size:24px\"><strong>Inscri\u00e7\u00f5es at\u00e9 o dia  27\/06 &#8211; Gratuita<\/strong> <\/p>\n\n\n\n<p class=\"has-text-color\" style=\"color:#a0af7b\">O Simp\u00f3sio Internacional sobre Geoeduca\u00e7\u00f5es, Agroecologias e Biodiversidades \u2013 SIGAB ocorrer\u00e1 nos dias 28, 29 e 30 de julho de 2021, de forma virtual.<\/p>\n<\/div>\n\n\n\n<div class=\"wp-block-column is-layout-flow wp-block-column-is-layout-flow\" style=\"flex-basis:20%\">\n<div class=\"wp-block-button is-style-default\"><a class=\"wp-block-button__link has-background-color has-text-color has-background\" href=\"https:\/\/tupa.claec.org\/index.php\/sigab\/2021\/schedConf\/registration\" style=\"background-color:#a0af7b\" target=\"_blank\" rel=\"noreferrer noopener\">Inscri\u00e7\u00e3o<\/a><\/div>\n<\/div>\n<\/div>\n\n\n\n<p><\/p>\n<\/div><\/div>\n\n\n\n<div class=\"wp-block-group\"><div class=\"wp-block-group__inner-container is-layout-flow wp-block-group-is-layout-flow\">\n<div class=\"wp-block-group\"><div class=\"wp-block-group__inner-container is-layout-flow wp-block-group-is-layout-flow\">\n<p class=\"has-text-color\" style=\"color:#0e7a06;font-size:24px\"><strong>Sobre<\/strong><\/p>\n\n\n\n<p class=\"has-text-align-left has-text-color\" style=\"color:#0e7a06;font-size:24px\">O Simp\u00f3sio Internacional sobre Geoeduca\u00e7\u00f5es, Agroecologias e Biodiversidades \u2013 SIGAB ocorrer\u00e1 nos dias 28, 29 e 30 de julho de 2021, online.<\/p>\n\n\n\n<p class=\"has-text-align-left has-text-color\" style=\"color:#0e7a06;font-size:24px\">O SIGAB ser\u00e1 um espa\u00e7o de discuss\u00e3o cr\u00edtica sobre caminhos alternativos para o  desenvolvimento da humanidade no s\u00e9culo XXI com foco nas abordagens interdisciplinares a rela\u00e7\u00e3o sociedade-natureza. O Encontro permitir\u00e1 a troca de experi\u00eancias, entre cad\u00eamicos, agricultores familiares, t\u00e9cnicos, pesquisadores e representantes da sociedade organizada (institui\u00e7\u00f5es de ensino, pesquisa, extens\u00e3o; ONGs; associa\u00e7\u00f5es; cooperativas etc), de todas as regi\u00f5es brasileiras e de Mo\u00e7ambique.<\/p>\n\n\n\n<p class=\"has-text-align-left has-text-color\" style=\"color:#0e7a06;font-size:24px\">Referente a nomenclatura, nomeadamente, o uso dos termos no plural, deve-se ao espeito e valoriza\u00e7\u00e3o das diferentes formas de conhecimento, saberes, experi\u00eancias, pela diversidade reflexiva da ci\u00eancia, possibilitando uma sociedade justa, ou seja, reconhecemos que al\u00e9m da racionalidade ocidental moderna h\u00e1 tamb\u00e9m outros saberes e pr\u00e1ticas.<\/p>\n\n\n\n<p class=\"has-text-align-left has-text-color\" style=\"color:#0e7a06;font-size:24px\">O termo Geoeduca\u00e7\u00f5es, no plural, demonstra que nosso entendimento est\u00e1 para al\u00e9m de uma estrat\u00e9gia conservacionista ou de um ramo da educa\u00e7\u00e3o ambiental, mas como um aporte de decoloniza\u00e7\u00e3o epist\u00eamica, valorizando a pluralidade de a\u00e7\u00f5es de povos origin\u00e1rios e tradicionais.<\/p>\n\n\n\n<p class=\"has-text-align-left has-text-color\" style=\"color:#0e7a06;font-size:24px\">Agroecologias, no plural, nos permite compreender que a Agroecologia avan\u00e7a como ci\u00eancia, movimento e pr\u00e1tica, e que ancorada no pensamento decolonial, contrap\u00f5e a concep\u00e7\u00e3o epist\u00eamica do modelo hegem\u00f4nico do desenvolvimento, colocando-se como a  plataforma para a constru\u00e7\u00e3o de caminhos alternativos de exist\u00eancia do homem na terra.<br>Biodiversidades nos direciona para o entendimento plural e transdisciplinar, onde, contribui\u00e7\u00f5es de diferentes \u00e1reas da Ci\u00eancia e do Senso Comum, possibilitam indicar caminhos para a equidade ambiental.<\/p>\n\n\n\n<p class=\"has-text-align-left has-text-color\" style=\"color:#0e7a06;font-size:24px\">O desenvolvimento de propostas que valorizem a preserva\u00e7\u00e3o das \u00e1reas nativas, seus povos, o uso racional de suas esp\u00e9cies nativa e pr\u00e1ticas de agricultura que incorporem as quest\u00f5es sociais, pol\u00edticas, culturais, energ\u00e9ticas, ambientais e \u00e9ticas, pode viabilizar o desenvolvimento sustent\u00e1vel da agricultura familiar e de comunidades rurais, povos ind\u00edgenas, quilombolas e tradicionais. de forma a incentivar o consumo de alimentos regionais.<\/p>\n\n\n\n<p class=\"has-text-align-left has-text-color\" style=\"color:#0e7a06;font-size:24px\">Em virtude de v\u00e1rios fatores, dentre estes, mudan\u00e7as no contexto socioambiental e econ\u00f4mico, muitas comunidades v\u00eam abandonando o uso de esp\u00e9cies n\u00e3o tradicionais; entretanto a diversifica\u00e7\u00e3o de novas fontes de renda a partir destas pode gerar desenvolvimento econ\u00f4mico e melhoria da qualidade de vida dos moradores respeitando a cultura local. Inclusive, o turismo culin\u00e1rio figura como uma oportunidade potencial de neg\u00f3cio, de forma a oferecer produtos com caracter\u00edsticas peculiares e card\u00e1pios regionais que s\u00e3o atrativos tur\u00edsticos e contribuem para a conserva\u00e7\u00e3o da biodiversidade.<\/p>\n\n\n\n<p class=\"has-text-align-left has-text-color\" style=\"color:#0e7a06;font-size:24px\">O debate sobre sustentabilidade tem colocado o campo da Agroecologia sob potencial de contribui\u00e7\u00e3o cient\u00edfica para o etnodesenvolvimento, amparado pelos objetivos de sustentabilidade social, ambiental e cultural que fundamenta a teoria agroecol\u00f3gica. Por outro lado, os saberes tradicionais e as pr\u00e1ticas\/usos da terra por parte dos povos ind\u00edgenas, africanos e afrodescendentes constituem fontes de inspira\u00e7\u00e3o e acervo de conhecimentos, campo de di\u00e1logos produtivos, existentes e a serem fomentados. Neste sentido, o evento tamb\u00e9m se volta para as experi\u00eancias desses coletivos, incorporando o debate, suas experi\u00eancias e rela\u00e7\u00f5es ligadas \u00e0 tem\u00e1tica.<\/p>\n<\/div><\/div>\n\n\n\n<p><\/p>\n<\/div><\/div>\n\n\n\n<figure class=\"wp-block-image size-large is-resized\"><img decoding=\"async\" src=\"https:\/\/claec.org\/sigab\/wp-content\/uploads\/sites\/15\/2021\/07\/montes.png\" alt=\"\" class=\"wp-image-388\" width=\"1103\" height=\"220\"\/><\/figure>\n\n\n\n<div class=\"wp-block-group alignfull has-background\" style=\"background-color:#a0af7b\"><div class=\"wp-block-group__inner-container is-layout-flow wp-block-group-is-layout-flow\">\n<div style=\"height:32px\" aria-hidden=\"true\" class=\"wp-block-spacer\"><\/div>\n\n\n\n<div class=\"wp-block-columns has-2-columns is-layout-flex wp-container-core-columns-is-layout-9d6595d7 wp-block-columns-is-layout-flex\">\n<div class=\"wp-block-column is-layout-flow wp-block-column-is-layout-flow\" style=\"flex-basis:20%\">\n<figure class=\"wp-block-image size-large is-resized\"><img loading=\"lazy\" decoding=\"async\" src=\"https:\/\/stratforddemo.files.wordpress.com\/2019\/08\/icon-implementation-support-1.png\" alt=\"\" class=\"wp-image-115\" width=\"92\" height=\"92\"\/><\/figure>\n<\/div>\n\n\n\n<div class=\"wp-block-column is-layout-flow wp-block-column-is-layout-flow\" style=\"flex-basis:200%\">\n<h3 class=\"margin-bottom-half has-text-color wp-block-heading\" style=\"color:#872d2d\"> Programa\u00e7\u00e3o<\/h3>\n\n\n\n<figure class=\"wp-block-table is-style-regular\"><table><tbody><tr><td>&nbsp;<br>&nbsp;<\/td><td class=\"has-text-align-center\" data-align=\"center\"><span style=\"color:#872d2d\" class=\"has-inline-color\"><strong>DIA 1 \u2013 Geoeduca\u00e7\u00f5es e Geoturismo<\/strong>&nbsp;<\/span><\/td><td class=\"has-text-align-center\" data-align=\"center\"><span style=\"color:#872d2d\" class=\"has-inline-color\"><strong>DIA 2 \u2013 Agroecologias: ci\u00eancia, pr\u00e1tica e movimento&nbsp;<\/strong><\/span><\/td><td class=\"has-text-align-center\" data-align=\"center\"><span style=\"color:#872d2d\" class=\"has-inline-color\"><strong>DIA 3 \u2013 Biodiversidades e Paisagens<\/strong>&nbsp;<\/span><\/td><\/tr><tr><td><span style=\"color:#872d2d\" class=\"has-inline-color\"><strong>ABERTURA<\/strong>&nbsp;<\/span><\/td><td class=\"has-text-align-center\" data-align=\"center\"><span style=\"color:#872d2d\" class=\"has-inline-color\">9 \u2013 9:30 hs Bras\u00edlia&nbsp;<\/span><br><span style=\"color:#872d2d\" class=\"has-inline-color\">8 \u2013 8:30 hs MS<\/span><br><span style=\"color:#872d2d\" class=\"has-inline-color\">14 \u2013 14:30 hs Maputo&nbsp;<\/span><\/td><td class=\"has-text-align-center\" data-align=\"center\">&nbsp;<br>&nbsp;<\/td><td class=\"has-text-align-center\" data-align=\"center\">&nbsp;<br>&nbsp;<\/td><\/tr><tr><td><span style=\"color:#872d2d\" class=\"has-inline-color\"><strong>PAINEIS<\/strong>&nbsp;<\/span><\/td><td class=\"has-text-align-center\" data-align=\"center\"><span style=\"color:#872d2d\" class=\"has-inline-color\">9:30 \u2013 12:30 hs Bras\u00edlia&nbsp;<\/span><br><span style=\"color:#872d2d\" class=\"has-inline-color\">8:30 \u2013 11:30 hs MS&nbsp;<\/span><br><span style=\"color:#872d2d\" class=\"has-inline-color\">14:30 \u2013 17:30 hs Maputo&nbsp;<\/span><\/td><td class=\"has-text-align-center\" data-align=\"center\"><span style=\"color:#872d2d\" class=\"has-inline-color\">9 \u2013 12 hs Bras\u00edlia&nbsp;<\/span><br><span style=\"color:#872d2d\" class=\"has-inline-color\">8 \u2013 11 hs MS&nbsp;<\/span><br><span style=\"color:#872d2d\" class=\"has-inline-color\">14 \u2013 17 hs Maputo&nbsp;<\/span><\/td><td class=\"has-text-align-center\" data-align=\"center\"><span style=\"color:#872d2d\" class=\"has-inline-color\">9 \u2013 12 hs Bras\u00edlia&nbsp;<\/span><br><span style=\"color:#872d2d\" class=\"has-inline-color\">8 \u2013 11 hs MS&nbsp;<\/span><br><span style=\"color:#872d2d\" class=\"has-inline-color\">14 \u2013 17 hs Maputo&nbsp;<\/span><\/td><\/tr><tr><td><span style=\"color:#872d2d\" class=\"has-inline-color\"><strong>MESAS REDONDA<\/strong>&nbsp;<\/span><\/td><td class=\"has-text-align-center\" data-align=\"center\"><span style=\"color:#872d2d\" class=\"has-inline-color\">13:30 \u2013 16:30 hs Bras\u00edlia&nbsp;<\/span><br><span style=\"color:#872d2d\" class=\"has-inline-color\">12:30 \u2013 15:30 hs MS&nbsp;<\/span><br><span style=\"color:#872d2d\" class=\"has-inline-color\">18:30 \u2013 21:30 hs Maputo&nbsp;<\/span><\/td><td class=\"has-text-align-center\" data-align=\"center\"><span style=\"color:#872d2d\" class=\"has-inline-color\">13 \u2013 16 hs Bras\u00edlia&nbsp;<\/span><br><span style=\"color:#872d2d\" class=\"has-inline-color\">12 \u2013 15 hs MS&nbsp;<\/span><br><span style=\"color:#872d2d\" class=\"has-inline-color\">18 \u2013 21 hs Maputo&nbsp;<\/span><\/td><td class=\"has-text-align-center\" data-align=\"center\"><span style=\"color:#872d2d\" class=\"has-inline-color\">13 \u2013 16 hs Bras\u00edlia&nbsp;<\/span><br><span style=\"color:#872d2d\" class=\"has-inline-color\">12 \u2013 15 hs MS&nbsp;<\/span><br><span style=\"color:#872d2d\" class=\"has-inline-color\">18 \u2013 21 hs Maputo&nbsp;<\/span><\/td><\/tr><tr><td><span style=\"color:#872d2d\" class=\"has-inline-color\"><strong>ENCERRAMENTO<\/strong>&nbsp;<\/span><\/td><td class=\"has-text-align-center\" data-align=\"center\">&nbsp;&nbsp;<\/td><td class=\"has-text-align-center\" data-align=\"center\">&nbsp;<br>&nbsp;<\/td><td class=\"has-text-align-center\" data-align=\"center\"><span style=\"color:#872d2d\" class=\"has-inline-color\">16 \u2013 16:30 hs Bras\u00edlia&nbsp;<\/span><br><span style=\"color:#872d2d\" class=\"has-inline-color\">15 \u2013 15:30 hs MS&nbsp;<\/span><br><span style=\"color:#872d2d\" class=\"has-inline-color\">21 \u2013 21:30 hs Maputo&nbsp;<\/span><\/td><\/tr><\/tbody><\/table><\/figure>\n\n\n\n<p><\/p>\n<\/div>\n<\/div>\n\n\n\n<p><\/p>\n<\/div><\/div>\n\n\n\n<div class=\"wp-block-cover alignfull has-background-dim-80 has-background-dim\" style=\"background-color:#a0af7b;min-height:500px;aspect-ratio:unset;\"><img loading=\"lazy\" decoding=\"async\" width=\"1198\" height=\"550\" class=\"wp-block-cover__image-background wp-image-114\" alt=\"\" src=\"https:\/\/sigab2021.files.wordpress.com\/2021\/06\/patro3.png\" data-object-fit=\"cover\" srcset=\"https:\/\/claec.org\/sigab\/wp-content\/uploads\/sites\/15\/2021\/06\/patro3.png 1198w, https:\/\/claec.org\/sigab\/wp-content\/uploads\/sites\/15\/2021\/06\/patro3-300x138.png 300w, https:\/\/claec.org\/sigab\/wp-content\/uploads\/sites\/15\/2021\/06\/patro3-1024x470.png 1024w, https:\/\/claec.org\/sigab\/wp-content\/uploads\/sites\/15\/2021\/06\/patro3-768x353.png 768w\" sizes=\"(max-width: 1198px) 100vw, 1198px\" \/><div class=\"wp-block-cover__inner-container is-layout-flow wp-block-cover-is-layout-flow\">\n<div class=\"wp-block-columns has-3-columns is-layout-flex wp-container-core-columns-is-layout-9d6595d7 wp-block-columns-is-layout-flex\">\n<div class=\"wp-block-column is-layout-flow wp-block-column-is-layout-flow\">\n<h4 class=\"wp-block-heading\">About Us<\/h4>\n\n\n\n<p class=\"has-small-font-size\">O Simp\u00f3sio Internacional sobre Geoeduca\u00e7\u00f5es, Agroecologias e Biodiversidades \u2013 SIGAB ocorrer\u00e1 nos dias 28, 29 e 30 de julho de 2021, de forma virtual.<\/p>\n<\/div>\n\n\n\n<div class=\"wp-block-column is-layout-flow wp-block-column-is-layout-flow\">\n<h4 class=\"wp-block-heading\">News<\/h4>\n\n\n<ul class=\"wp-block-latest-posts__list wp-block-latest-posts\"><li><a class=\"wp-block-latest-posts__post-title\" href=\"https:\/\/claec.org\/sigab\/2021\/06\/08\/example-post\/\">Pain\u00e9is e Mesas Redonda<\/a><\/li>\n<li><a class=\"wp-block-latest-posts__post-title\" href=\"https:\/\/claec.org\/sigab\/2021\/06\/08\/example-post-2\/\">COMPLEMENTAR TE\u00d3RICAMENTE<\/a><\/li>\n<li><a class=\"wp-block-latest-posts__post-title\" href=\"https:\/\/claec.org\/sigab\/2021\/06\/08\/example-post-3\/\">Simp\u00f3sio Internacional sobre Geoeduca\u00e7\u00f5es, Agroecologias e Biodiversidades \u2013 SIGAB<\/a><\/li>\n<\/ul><\/div>\n\n\n\n<div class=\"wp-block-column is-layout-flow wp-block-column-is-layout-flow\">\n<h4 class=\"wp-block-heading\">Address<\/h4>\n\n\n\n<div class=\"wp-block-jetpack-contact-info\">\n<div class=\"wp-block-jetpack-email\"><a href=\"mailto:contato@claec.org\">contato@claec.org<\/a><\/div><div class=\"wp-block-jetpack-address\"><a href=\"https:\/\/www.google.com\/maps\/search\/Rua+Vila Velha, 63,+Foz do Igua\u00e7u,+Paran\u00e1,+85870-050+Brasil\" target=\"_blank\" rel=\"noopener noreferrer\" title=\"Abrir endere\u00e7o no Google Maps\"><div class=\"jetpack-address__address jetpack-address__address1\">Rua Vila Velha, 63<\/div><div><span class=\"jetpack-address__city\">Foz do Igua\u00e7u<\/span>, <span class=\"jetpack-address__region\">Paran\u00e1<\/span> <span class=\"jetpack-address__postal\">85870-050<\/span><\/div><div class=\"jetpack-address__country\">Brasil<\/div><\/a><\/div>\n<\/div>\n<\/div>\n<\/div>\n\n\n\n<p><\/p>\n<\/div><\/div>\n\n\n\n<p><\/p>\n","protected":false},"excerpt":{"rendered":"<p>Inscri\u00e7\u00f5es at\u00e9 o dia 27\/06 &#8211; Gratuita O Simp\u00f3sio Internacional sobre Geoeduca\u00e7\u00f5es, Agroecologias e Biodiversidades \u2013 SIGAB ocorrer\u00e1 nos dias 28, 29 e 30 de julho de 2021, de forma virtual. Sobre O Simp\u00f3sio Internacional sobre Geoeduca\u00e7\u00f5es, Agroecologias e Biodiversidades \u2013 SIGAB ocorrer\u00e1 nos dias 28, 29 e 30 de julho de 2021, online. O<a class=\"more-link\" href=\"https:\/\/claec.org\/sigab\/\">Continuar lendo <span class=\"screen-reader-text\">&#8220;Home&#8221;<\/span><\/a><\/p>\n","protected":false},"author":17,"featured_media":0,"parent":0,"menu_order":0,"comment_status":"closed","ping_status":"closed","template":"","meta":{"_monsterinsights_skip_tracking":false,"_monsterinsights_sitenote_active":false,"_monsterinsights_sitenote_note":"","_monsterinsights_sitenote_category":0,"footnotes":""},"class_list":["post-94","page","type-page","status-publish","hentry","entry"],"_links":{"self":[{"href":"https:\/\/claec.org\/sigab\/wp-json\/wp\/v2\/pages\/94","targetHints":{"allow":["GET"]}}],"collection":[{"href":"https:\/\/claec.org\/sigab\/wp-json\/wp\/v2\/pages"}],"about":[{"href":"https:\/\/claec.org\/sigab\/wp-json\/wp\/v2\/types\/page"}],"author":[{"embeddable":true,"href":"https:\/\/claec.org\/sigab\/wp-json\/wp\/v2\/users\/17"}],"replies":[{"embeddable":true,"href":"https:\/\/claec.org\/sigab\/wp-json\/wp\/v2\/comments?post=94"}],"version-history":[{"count":28,"href":"https:\/\/claec.org\/sigab\/wp-json\/wp\/v2\/pages\/94\/revisions"}],"predecessor-version":[{"id":434,"href":"https:\/\/claec.org\/sigab\/wp-json\/wp\/v2\/pages\/94\/revisions\/434"}],"wp:attachment":[{"href":"https:\/\/claec.org\/sigab\/wp-json\/wp\/v2\/media?parent=94"}],"curies":[{"name":"wp","href":"https:\/\/api.w.org\/{rel}","templated":true}]}}