{"id":715,"date":"2017-02-24T09:28:16","date_gmt":"2017-02-24T12:28:16","guid":{"rendered":"http:\/\/claec.org\/semlacult\/?page_id=715"},"modified":"2018-05-01T23:50:08","modified_gmt":"2018-05-02T02:50:08","slug":"regulamento-geral","status":"publish","type":"page","link":"https:\/\/claec.org\/semlacult\/inscricoes\/regulamento-geral\/","title":{"rendered":"Regulamento Geral"},"content":{"rendered":"<div id=\"comp-irfo6xbt\" class=\"s7\" data-reactid=\".0.$SITE_ROOT.$desktop_siteRoot.$PAGES_CONTAINER.1.1.$SITE_PAGES.$c1n56.1.$comp-irfnzprh.1.$mediairftx67k1\/=1$mediairftx67k1.1.$comp-irfo6xbt\">\n<p class=\"font_8\" style=\"text-align: justify;\"><strong>ORIENTA\u00c7\u00d5ES SOBRE INSCRI\u00c7\u00d5ES<\/strong><\/p>\n<ul class=\"font_8\" style=\"text-align: justify;\">\n<li>\n<p class=\"font_8\">Os interessados em participar do II SEMLACult dever\u00e3o realizar sua inscri\u00e7\u00e3o atrav\u00e9s <strong><a href=\"https:\/\/doity.com.br\/semlacult2018\/inscricao\" target=\"_blank\">deste site<\/a><\/strong> no sistema Doity Plataforma de Eventos.<\/p>\n<\/li>\n<li>\n<p class=\"font_8\">O Participante dever\u00e1 acessar o site do evento, preencher corretamente o formul\u00e1rio de inscri\u00e7\u00e3o e realizar o pagamento da inscri\u00e7\u00e3o.<\/p>\n<\/li>\n<li>\n<p class=\"font_8\">As inscri\u00e7\u00f5es podem ser pagas atrav\u00e9s do boleto banc\u00e1rio, d\u00e9bito autom\u00e1tico e cart\u00e3o de cr\u00e9dito (\u00e0 vista ou parcelado).<\/p>\n<\/li>\n<li>\n<p class=\"font_8\">A n\u00e3o efetiva\u00e7\u00e3o e respectivo pagamento da inscri\u00e7\u00e3o at\u00e9 a data limite acarretar\u00e1 ao participante o cancelamento da vaga, sendo que a inscri\u00e7\u00e3o ficar\u00e1 dispon\u00edvel para venda a qualquer tempo.<\/p>\n<\/li>\n<li>\n<p class=\"font_8\">Os valores de inscri\u00e7\u00e3o incluem: Material de apoio, Anais do evento disponibilizados digitalmente (DOI\/ISBN), certificado digital de participa\u00e7\u00e3o nas atividades durante o evento, utiliza\u00e7\u00e3o da infraestrutura do local, participa\u00e7\u00e3o em todas as atividades da programa\u00e7\u00e3o durante os tr\u00eas dias de evento. Alimenta\u00e7\u00e3o e hospedagem n\u00e3o inclusas.<\/p>\n<\/li>\n<li>\n<p class=\"font_8\">A organiza\u00e7\u00e3o do evento n\u00e3o se responsabiliza por inscri\u00e7\u00f5es \u00a0realizadas fora do prazo, atrasadas, enviadas erroneamente ou que estejam incompletas, incorretas, inv\u00e1lidas ou imprecisas. Ainda, se reserva no direito de n\u00e3o se responsabilizar por problemas, falhas ou funcionamento t\u00e9cnico, de qualquer tipo, em redes de computadores, servidores ou provedores, equipamentos de computadores, hardware ou software, ou erro, interrup\u00e7\u00e3o, defeito, atraso ou falha em opera\u00e7\u00f5es ou transmiss\u00f5es para o correto processamento de inscri\u00e7\u00f5es.<\/p>\n<\/li>\n<li>\n<p class=\"font_8\">A efetiva\u00e7\u00e3o da inscri\u00e7\u00e3o n\u00e3o abre exce\u00e7\u00f5es.<\/p>\n<\/li>\n<li>Os <strong>autores e coautores de trabalhos<\/strong> dever\u00e3o realizar a inscri\u00e7\u00e3o, pagar a taxa e ap\u00f3s a compensa\u00e7\u00e3o banc\u00e1ria, realizar a submiss\u00e3o dos seus trabalhos no sistema.<\/li>\n<\/ul>\n<p class=\"font_8\" style=\"text-align: justify;\">COMPROVANTE DE CATEGORIA<\/p>\n<ul class=\"font_8\" style=\"text-align: justify;\">\n<li>\n<p class=\"font_8\">O comprovante de matr\u00edcula de graduandos e p\u00f3s-graduando deve ser v\u00e1lido para a data do evento e deve ser anexado, em campo espec\u00edfico, no formul\u00e1rio de inscri\u00e7\u00e3o.<\/p>\n<\/li>\n<li>\n<p class=\"font_8\">Comprovantes considerados: carteira de estudante, declara\u00e7\u00e3o de institui\u00e7\u00e3o de ensino ou outros documentos emitidos\u00a0pela institui\u00e7\u00e3o de ensino\/entidade que ateste a validade do documento.<\/p>\n<\/li>\n<li>\n<p class=\"font_8\">O Estudante que n\u00e3o enviar o comprovante de inscri\u00e7\u00e3o juntamente com o formul\u00e1rio de inscri\u00e7\u00e3o, ter\u00e1 a sua inscri\u00e7\u00e3o cancelada automaticamente.<\/p>\n<\/li>\n<\/ul>\n<p class=\"font_8\" style=\"text-align: justify;\">POL\u00cdTICA DE CANCELAMENTO DA INSCRI\u00c7\u00c3O<\/p>\n<ul class=\"font_8\" style=\"text-align: justify;\">\n<li>\n<p class=\"font_8\">A inscri\u00e7\u00e3o \u00e9 pessoal e intransfer\u00edvel, n\u00e3o havendo ressarcimento, sob hip\u00f3tese nenhuma, da taxa de inscri\u00e7\u00e3o ap\u00f3s o pagamento.<\/p>\n<\/li>\n<\/ul>\n<p class=\"font_8\" style=\"text-align: justify;\">CERTIFICADO<\/p>\n<ul class=\"font_8\" style=\"text-align: justify;\">\n<li>\n<p class=\"font_8\">Os certificados ser\u00e3o emitidos online atrav\u00e9s da \u00e1rea do participante, ap\u00f3s a conclus\u00e3o do evento (O credenciamento e assinatura na lista de presen\u00e7a das atividades \u00e9 obrigat\u00f3rio\u00a0para a emiss\u00e3o dos certificados).<\/p>\n<\/li>\n<li>\n<p class=\"font_8\">Caso o participante necessite de declara\u00e7\u00e3o de comparecimento no evento, o mesmo dever\u00e1 solicitar no momento do credenciamento e retirar em local a ser informado pela equipe do evento.<\/p>\n<\/li>\n<li>\n<p class=\"font_8\">A participa\u00e7\u00e3o no evento contempla certificado de participa\u00e7\u00e3o (ouvinte) com carga hor\u00e1ria de 30 horas, ao final do evento.<\/p>\n<\/li>\n<li>A\u00a0apresenta\u00e7\u00e3o de trabalho no evento contempla certificado de\u00a0apresenta\u00e7\u00e3o (oral), ao final do evento.<\/li>\n<\/ul>\n<ul class=\"font_8\" style=\"text-align: justify;\">\n<li>\n<p class=\"font_8\">A participa\u00e7\u00e3o em minicursos contempla certificado espec\u00edfico com carga hor\u00e1ria de 04 horas, para cada minicurso realizado, ao final do evento.<\/p>\n<\/li>\n<\/ul>\n<p class=\"font_8\" style=\"text-align: justify;\">CREDENCIAMENTO<\/p>\n<ul class=\"font_8\" style=\"text-align: justify;\">\n<li style=\"text-align: justify;\">\n<p class=\"font_8\">Ser\u00e1 iniciado \u00e0s 07h30, estando dispon\u00edvel durante os 03 (tr\u00eas) dias de evento.<\/p>\n<\/li>\n<li style=\"text-align: justify;\">\n<p class=\"font_8\">O credenciamento ser\u00e1 efetuado apenas com a apresenta\u00e7\u00e3o de um documento oficial com foto. N\u00e3o ser\u00e1 permitido o credenciamento de terceiros.<\/p>\n<\/li>\n<li style=\"text-align: justify;\">\n<p class=\"font_8\">O kit do evento ser\u00e1 entregue apenas ao participante que estiver com a inscri\u00e7\u00e3o conclu\u00edda no sistema.<\/p>\n<\/li>\n<li style=\"text-align: justify;\">\n<p class=\"font_8\">O participante dever\u00e1 apresentar o comprovante de inscri\u00e7\u00e3o e de pagamento no momento do credenciamento.<\/p>\n<\/li>\n<li>\n<p class=\"font_8\" style=\"text-align: justify;\">O acesso e a perman\u00eancia no evento dar-se-\u00e1 mediante a utiliza\u00e7\u00e3o do crach\u00e1 durante os 03 (tr\u00eas) dias.<\/p>\n<\/li>\n<li>O registro de entrada e frequ\u00eancia ser\u00e1 feita a partir do comprovante enviado por e-mail. Nele contem informa\u00e7\u00f5es como local, data e hor\u00e1rio do evento cadastrado. \u00c9 importante sempre apresent\u00e1-lo na entrada e sa\u00edda.<\/li>\n<\/ul>\n<ul class=\"font_8\" style=\"text-align: justify;\">\n<li>A frequ\u00eancia ser\u00e1 contabilizada de acordo com a perman\u00eancia do inscrito no evento.<\/li>\n<\/ul>\n<ul class=\"font_8\">\n<li style=\"text-align: justify;\">A frequ\u00eancia ser\u00e1 confirmada na entrada das atividades atrav\u00e9s de leitura do c\u00f3digo de barras do seu comprovante de inscri\u00e7\u00e3o na entrada e sa\u00edda, somente emitindo o certificado de ouvinte para os que permanecerem ao menos 75% do total de atividades dispon\u00edveis.<\/li>\n<\/ul>\n<p style=\"text-align: justify;\">PUBLICA\u00c7\u00d5ES DOS TRABALHOS:<\/p>\n<p style=\"text-align: justify;\">Ao se inscrever no evento, apresentar o trabalho e corrigir o texto de acordo com as orienta\u00e7\u00f5es dos coordenadores dos simp\u00f3sios tem\u00e1ticos, ser\u00e1 garantida a publica\u00e7\u00e3o dos textos nas seguintes modalidades:<\/p>\n<ul>\n<li style=\"text-align: justify;\">Mini resumos: Publicados no Caderno de Resumos e receber\u00e3o c\u00f3digo ISBN.<\/li>\n<li style=\"text-align: justify;\">Resumos expandidos e relatos de experi\u00eancias: Publicados nos Anais do evento e receber\u00e3o c\u00f3digo ISBN.<\/li>\n<li style=\"text-align: justify;\">Artigos completos: Publicados no livro e-book \u201cIntegra\u00e7\u00e3o e Multiculturalismo na Am\u00e9rica Latina: Perspectiva hist\u00f3rica e desafios no contexto atual\u201d registrado no ISBN. E os artigos dos trabalhos destaques de cada Simp\u00f3sio Tem\u00e1tico(ST), al\u00e9m de\u00a0comporem o\u00a0e-book, ser\u00e3o publicados em uma edi\u00e7\u00e3o especial da revista RELACult \u2013 Revista Latino-Americana de Estudos em Cultura e Sociedade.<\/li>\n<\/ul>\n<\/div>\n","protected":false},"excerpt":{"rendered":"<p>ORIENTA\u00c7\u00d5ES SOBRE INSCRI\u00c7\u00d5ES Os interessados em participar do II SEMLACult dever\u00e3o realizar sua inscri\u00e7\u00e3o atrav\u00e9s deste site no sistema Doity&hellip; <\/p>\n","protected":false},"author":1,"featured_media":0,"parent":473,"menu_order":0,"comment_status":"closed","ping_status":"closed","template":"","meta":{"_monsterinsights_skip_tracking":false,"_monsterinsights_sitenote_active":false,"_monsterinsights_sitenote_note":"","_monsterinsights_sitenote_category":0,"footnotes":""},"class_list":["post-715","page","type-page","status-publish","hentry"],"_links":{"self":[{"href":"https:\/\/claec.org\/semlacult\/wp-json\/wp\/v2\/pages\/715","targetHints":{"allow":["GET"]}}],"collection":[{"href":"https:\/\/claec.org\/semlacult\/wp-json\/wp\/v2\/pages"}],"about":[{"href":"https:\/\/claec.org\/semlacult\/wp-json\/wp\/v2\/types\/page"}],"author":[{"embeddable":true,"href":"https:\/\/claec.org\/semlacult\/wp-json\/wp\/v2\/users\/1"}],"replies":[{"embeddable":true,"href":"https:\/\/claec.org\/semlacult\/wp-json\/wp\/v2\/comments?post=715"}],"version-history":[{"count":9,"href":"https:\/\/claec.org\/semlacult\/wp-json\/wp\/v2\/pages\/715\/revisions"}],"predecessor-version":[{"id":1303,"href":"https:\/\/claec.org\/semlacult\/wp-json\/wp\/v2\/pages\/715\/revisions\/1303"}],"up":[{"embeddable":true,"href":"https:\/\/claec.org\/semlacult\/wp-json\/wp\/v2\/pages\/473"}],"wp:attachment":[{"href":"https:\/\/claec.org\/semlacult\/wp-json\/wp\/v2\/media?parent=715"}],"curies":[{"name":"wp","href":"https:\/\/api.w.org\/{rel}","templated":true}]}}