{"id":489,"date":"2017-02-15T17:38:56","date_gmt":"2017-02-15T19:38:56","guid":{"rendered":"http:\/\/claec.org\/semlacult\/?page_id=489"},"modified":"2025-11-06T14:42:39","modified_gmt":"2025-11-06T17:42:39","slug":"mesa-1","status":"publish","type":"page","link":"https:\/\/claec.org\/semlacult\/2018-2\/mesa-1\/","title":{"rendered":"Mesa Redonda &#8211; Forma\u00e7\u00e3o em Pol\u00edticas e Gest\u00e3o Cultural na Am\u00e9rica Latina 2018"},"content":{"rendered":"<h5><strong>27\/09 \u00e0s 13:00 &#8211;\u00a0 Audit\u00f3rio Unila ju<\/strong><\/h5>\n<p><img fetchpriority=\"high\" decoding=\"async\" class=\"aligncenter wp-image-1376 size-large\" src=\"https:\/\/claec.org\/semlacult\/wp-content\/uploads\/sites\/7\/2017\/02\/Mesa-01-1-1024x724.jpg\" alt=\"Mesa-01\" width=\"790\" height=\"559\" srcset=\"https:\/\/claec.org\/semlacult\/wp-content\/uploads\/sites\/7\/2017\/02\/Mesa-01-1-1024x724.jpg 1024w, https:\/\/claec.org\/semlacult\/wp-content\/uploads\/sites\/7\/2017\/02\/Mesa-01-1-300x212.jpg 300w, https:\/\/claec.org\/semlacult\/wp-content\/uploads\/sites\/7\/2017\/02\/Mesa-01-1-768x543.jpg 768w, https:\/\/claec.org\/semlacult\/wp-content\/uploads\/sites\/7\/2017\/02\/Mesa-01-1.jpg 1654w\" sizes=\"(max-width: 790px) 100vw, 790px\" \/><\/p>\n<p><strong>EMENTA:<\/strong><\/p>\n<p>O intuito da mesa \u00e9 discutir e apresentar a\u00e7\u00f5es de forma\u00e7\u00e3o e capacita\u00e7\u00e3o continua oferecidas por estas institui\u00e7\u00f5es de ensino superior no campo interdisciplinar em pol\u00edticas e gest\u00e3o cultural na Am\u00e9rica Latina. Al\u00e9m disso, se busca debater sobre articula\u00e7\u00f5es existentes e poss\u00edveis entre as universidades da regi\u00e3o para o fortalecimento territorial dessas a\u00e7\u00f5es educativas no campo das artes e da cultura.<\/p>\n<p><strong>COMPONENTES:<\/strong><\/p>\n<h5>LAURA BEZERRA<\/h5>\n<blockquote><p>Pesquisadora e professora do Centro de Cultura, Linguagens e Tecnologias Aplicadas da Universidade Federal do Rec\u00f4ncavo da Bahia (CECULT-UFRB), Brasil<\/p><\/blockquote>\n<h5>JOS\u00c9 M\u00c1RCIO BARROS<\/h5>\n<blockquote>\n<p style=\"font-weight: 400;\">Pesquisador e professor da Universidade Estadual de Minas Gerais (UEMG) e Pesquisador-coordenador do Observat\u00f3rio da Diversidade Cultural (ODC), Brasil<\/p>\n<\/blockquote>\n<h5>DANIEL RIOS<\/h5>\n<blockquote><p>Pesquisador e professor da Universidad Nacional de Avellaneda (UNDAV), Argentina<\/p><\/blockquote>\n<h5>Coordenador: AN\u00cdBAL ORUE POZZO<\/h5>\n<blockquote><p>Pesquisador e professor da Universidade Federal da Integra\u00e7\u00e3o Latino-americana (UNILA), Brasil<\/p><\/blockquote>\n","protected":false},"excerpt":{"rendered":"<p>27\/09 \u00e0s 13:00 &#8211;\u00a0 Audit\u00f3rio Unila ju EMENTA: O intuito da mesa \u00e9 discutir e apresentar a\u00e7\u00f5es de forma\u00e7\u00e3o e&hellip; <\/p>\n","protected":false},"author":1,"featured_media":1376,"parent":1563,"menu_order":0,"comment_status":"closed","ping_status":"closed","template":"","meta":{"_monsterinsights_skip_tracking":false,"_monsterinsights_sitenote_active":false,"_monsterinsights_sitenote_note":"","_monsterinsights_sitenote_category":0,"footnotes":""},"class_list":["post-489","page","type-page","status-publish","has-post-thumbnail","hentry"],"_links":{"self":[{"href":"https:\/\/claec.org\/semlacult\/wp-json\/wp\/v2\/pages\/489","targetHints":{"allow":["GET"]}}],"collection":[{"href":"https:\/\/claec.org\/semlacult\/wp-json\/wp\/v2\/pages"}],"about":[{"href":"https:\/\/claec.org\/semlacult\/wp-json\/wp\/v2\/types\/page"}],"author":[{"embeddable":true,"href":"https:\/\/claec.org\/semlacult\/wp-json\/wp\/v2\/users\/1"}],"replies":[{"embeddable":true,"href":"https:\/\/claec.org\/semlacult\/wp-json\/wp\/v2\/comments?post=489"}],"version-history":[{"count":11,"href":"https:\/\/claec.org\/semlacult\/wp-json\/wp\/v2\/pages\/489\/revisions"}],"predecessor-version":[{"id":2032,"href":"https:\/\/claec.org\/semlacult\/wp-json\/wp\/v2\/pages\/489\/revisions\/2032"}],"up":[{"embeddable":true,"href":"https:\/\/claec.org\/semlacult\/wp-json\/wp\/v2\/pages\/1563"}],"wp:featuredmedia":[{"embeddable":true,"href":"https:\/\/claec.org\/semlacult\/wp-json\/wp\/v2\/media\/1376"}],"wp:attachment":[{"href":"https:\/\/claec.org\/semlacult\/wp-json\/wp\/v2\/media?parent=489"}],"curies":[{"name":"wp","href":"https:\/\/api.w.org\/{rel}","templated":true}]}}

Mesa Redonda &#8211; Formação em Políticas e Gestão Cultural na América Latina 2018

<h5><strong>27/09 às 13:00 &#8211;  Auditório Unila ju</strong></h5>
<p><img fetchpriority="high" decoding="async" class="aligncenter wp-image-1376 size-large" src="https://claec.org/semlacult/wp-content/uploads/sites/7/2017/02/Mesa-01-1-1024x724.jpg" alt="Mesa-01" width="790" height="559" srcset="https://claec.org/semlacult/wp-content/uploads/sites/7/2017/02/Mesa-01-1-1024x724.jpg 1024w, https://claec.org/semlacult/wp-content/uploads/sites/7/2017/02/Mesa-01-1-300x212.jpg 300w, https://claec.org/semlacult/wp-content/uploads/sites/7/2017/02/Mesa-01-1-768x543.jpg 768w, https://claec.org/semlacult/wp-content/uploads/sites/7/2017/02/Mesa-01-1.jpg 1654w" sizes="(max-width: 790px) 100vw, 790px" /></p>
<p><strong>EMENTA:</strong></p>
<p>O intuito da mesa é discutir e apresentar ações de formação e capacitação continua oferecidas por estas instituições de ensino superior no campo interdisciplinar em políticas e gestão cultural na América Latina. Além disso, se busca debater sobre articulações existentes e possíveis entre as universidades da região para o fortalecimento territorial dessas ações educativas no campo das artes e da cultura.</p>
<p><strong>COMPONENTES:</strong></p>
<h5>LAURA BEZERRA</h5>
<blockquote><p>Pesquisadora e professora do Centro de Cultura, Linguagens e Tecnologias Aplicadas da Universidade Federal do Recôncavo da Bahia (CECULT-UFRB), Brasil</p></blockquote>
<h5>JOSÉ MÁRCIO BARROS</h5>
<blockquote>
<p style="font-weight: 400;">Pesquisador e professor da Universidade Estadual de Minas Gerais (UEMG) e Pesquisador-coordenador do Observatório da Diversidade Cultural (ODC), Brasil</p>
</blockquote>
<h5>DANIEL RIOS</h5>
<blockquote><p>Pesquisador e professor da Universidad Nacional de Avellaneda (UNDAV), Argentina</p></blockquote>
<h5>Coordenador: ANÍBAL ORUE POZZO</h5>
<blockquote><p>Pesquisador e professor da Universidade Federal da Integração Latino-americana (UNILA), Brasil</p></blockquote>

<p>27/09 às 13:00 &#8211;  Auditório Unila ju EMENTA: O intuito da mesa é discutir e apresentar ações de formação e&hellip; </p>
