{"id":1697,"date":"2022-08-18T18:48:31","date_gmt":"2022-08-18T21:48:31","guid":{"rendered":"https:\/\/claec.org\/semlacult\/?page_id=1697"},"modified":"2026-04-14T00:48:48","modified_gmt":"2026-04-14T03:48:48","slug":"programacao","status":"publish","type":"page","link":"https:\/\/claec.org\/semlacult\/programacao\/","title":{"rendered":"Programa\u00e7\u00e3o"},"content":{"rendered":"\n<p>Confira a programa\u00e7\u00e3o detalhada das atividades do SEMLACult 2026!<\/p>\n\n\n\n<div class=\"wp-block-buttons is-layout-flex wp-block-buttons-is-layout-flex\">\n<div class=\"wp-block-button\"><a class=\"wp-block-button__link wp-element-button\" href=\"https:\/\/claec.org\/semlacult\/comunicadores\/\" target=\"_blank\" rel=\"noreferrer noopener\">Inscri\u00e7\u00e3o Comunicadores<\/a><\/div>\n\n\n\n<div class=\"wp-block-button\"><a class=\"wp-block-button__link wp-element-button\" href=\"https:\/\/claec.org\/semlacult\/ouvintes\/\" target=\"_blank\" rel=\"noreferrer noopener\">Inscri\u00e7\u00e3o Ouvintes<\/a><\/div>\n\n\n\n<div class=\"wp-block-button\"><a class=\"wp-block-button__link wp-element-button\" href=\"https:\/\/claec.org\/semlacult\/taxas-de-inscricao\/\" target=\"_blank\" rel=\"noreferrer noopener\">Taxas de Inscri\u00e7\u00f5es<\/a><\/div>\n<\/div>\n\n\n\n<div class=\"wp-block-buttons is-layout-flex wp-block-buttons-is-layout-flex\">\n<div class=\"wp-block-button\"><a class=\"wp-block-button__link wp-element-button\" href=\"https:\/\/claec.org\/semlacult\/simposios-tematicos\/\" target=\"_blank\" rel=\"noreferrer noopener\">Programa\u00e7\u00e3o dos Simp\u00f3sios Tem\u00e1ticos<\/a><\/div>\n\n\n\n<div class=\"wp-block-button\"><a class=\"wp-block-button__link wp-element-button\" href=\"https:\/\/claec.org\/semlacult\/minicursos-e-oficinas\/\" target=\"_blank\" rel=\"noreferrer noopener\">Minicursos e Oficinas<\/a><\/div>\n\n\n\n<div class=\"wp-block-button\"><a class=\"wp-block-button__link wp-element-button\" href=\"https:\/\/docs.google.com\/document\/d\/1BcaZ-bjnGS6Yjqb1Kg7mxci-6bQlmml7\/edit?usp=sharing&amp;ouid=101506661958859986974&amp;rtpof=true&amp;sd=true\" target=\"_blank\" rel=\"noreferrer noopener\">Programa\u00e7\u00e3o Completa de Trabalhos &#8211; Modalidade Online<\/a><\/div>\n\n\n\n<div class=\"wp-block-button\"><a class=\"wp-block-button__link wp-element-button\" href=\"https:\/\/docs.google.com\/spreadsheets\/d\/1dvpQ-qe42yE-kudPQoaQBM662758bwFs\" target=\"_blank\" rel=\"noreferrer noopener\">Programa\u00e7\u00e3o Completa de Trabalhos &#8211; Modalidade Presencial<\/a><\/div>\n<\/div>\n\n\n\n<hr class=\"wp-block-separator has-alpha-channel-opacity\"\/>\n\n\n\n<p><strong>PROGRAMA\u00c7\u00c3O OFICIAL | 14 a 16 de abril de 2026<\/strong><\/p>\n\n\n\n<p>\ud83d\udccd <strong>Locais:<\/strong> UNILA \u2013 Campus JU | UNIOESTE \u2013 Campus Foz do Igua\u00e7u<\/p>\n\n\n\n<hr class=\"wp-block-separator has-alpha-channel-opacity\"\/>\n\n\n\n<p><strong>TER\u00c7A-FEIRA | 14 DE ABRIL DE 2026<\/strong><\/p>\n\n\n\n<p><strong>08h30 \u2013 12h00 | Simp\u00f3sios Tem\u00e1ticos \u2013 Sess\u00e3o online<\/strong><\/p>\n\n\n\n<p><strong>12h00 \u2013 13h30 | Credenciamento Presencial<\/strong><\/p>\n\n\n\n<p>\ud83d\udccd <strong>Local:<\/strong> UNIOESTE | Hall dos blocos de aula<br>\ud83d\udcdd <strong>Atividade:<\/strong> Entrega de kits, credenciais e orienta\u00e7\u00f5es gerais<\/p>\n\n\n\n<p><strong>13h00 \u2013 16h00 | Simp\u00f3sios Tem\u00e1ticos \u2013 Sess\u00e3o 1<\/strong><\/p>\n\n\n\n<p>\ud83d\udccd <strong>Formato:<\/strong> 5 salas simult\u00e2neas (apresenta\u00e7\u00f5es de trabalhos)<br>\ud83d\udd52 <strong>Tempo por trabalho:<\/strong> 10 a 15 min<\/p>\n\n\n\n<p><strong>16h00 \u2013 16h30 | Coffee Break<\/strong> &#8211; UNILA &#8211; Campus JU | Hall do Audit\u00f3rio Martina<\/p>\n\n\n\n<p><strong>16h30 \u2013 18h30 | Mesa Redonda 1<\/strong><\/p>\n\n\n\n<p>\ud83d\udccd <strong>Local:<\/strong> UNILA \u2013 Campus JU | Audit\u00f3rio Martina<br>\u23f1 <strong>Dura\u00e7\u00e3o:<\/strong> 2:30 horas<br><strong>Interpreta\u00e7\u00e3o em Libras<\/strong><\/p>\n\n\n\n<p><strong>T\u00edtulo:<\/strong> <em>Gest\u00e3o do Patrim\u00f4nio Cultural e Descoloniza\u00e7\u00e3o: pol\u00edticas comparadas \u00c1frica\u2013Am\u00e9rica Latina<\/em><\/p>\n\n\n\n<p><strong>Integrantes:<\/strong><\/p>\n\n\n\n<ul class=\"wp-block-list\">\n<li>Profa. Luz Marina Ayala Urbieta (UNA, Paraguai)<\/li>\n\n\n\n<li>Prof. Dr. Marco Antonio Ch\u00e1vez-Aguayo (Universidad de Guadalajara, M\u00e9xico)<\/li>\n\n\n\n<li>Prof. Me. Rosendo Jos\u00e9 Mate (ISArC, Mo\u00e7ambique)<\/li>\n\n\n\n<li>Produtora Priscila Machado de Morais (SEEC Paran\u00e1, Brasil)<\/li>\n<\/ul>\n\n\n\n<p><strong>Media\u00e7\u00e3o:<\/strong> Prof. Dr. Alan Dutra de Melo (UNIPAMPA, Brasil)<\/p>\n\n\n\n<p><strong>18h30 \u2013 19h00 | Coffee Break<\/strong> &#8211; UNILA &#8211; Campus JU | Hall do Audit\u00f3rio Martina<\/p>\n\n\n\n<p><strong>19h00 \u2013 21h00 | Abertura Solene e Confer\u00eancia<\/strong><\/p>\n\n\n\n<p>\ud83d\udccd <strong>Local:<\/strong> UNILA \u2013 Campus JU | Audit\u00f3rio Martina<br>\u23f1 <strong>Dura\u00e7\u00e3o:<\/strong> 30 minutos<\/p>\n\n\n\n<p><strong>Participa\u00e7\u00f5es:<\/strong><\/p>\n\n\n\n<ul class=\"wp-block-list\">\n<li>Representante da Reitoria UNILA<\/li>\n\n\n\n<li>Representante da Reitoria UNIOESTE<\/li>\n\n\n\n<li><strong>Presidente do CLAEC:<\/strong> Prof. Me. Bruno C\u00e9sar Alves Marcelino<\/li>\n\n\n\n<li><strong>Co-Presidenta da Comiss\u00e3o Organizadora: <\/strong>Profa. Dra. Juliana Porto Machado<\/li>\n\n\n\n<li><strong>Presidente da Comiss\u00e3o Cient\u00edfica:<\/strong> Profa. Dra. Jorgelina Ivana Tallei (UNILA)<\/li>\n<\/ul>\n\n\n\n<p><strong>Confer\u00eancia<\/strong><\/p>\n\n\n\n<p>\u23f1 <strong>Dura\u00e7\u00e3o:<\/strong> 1h30min<br><strong>Interpreta\u00e7\u00e3o em Libras | Transmiss\u00e3o ao vivo online<\/strong><\/p>\n\n\n\n<p><strong>T\u00edtulo:<\/strong> <em>Colonialidades, Colonialismos Internos e Decolonialidades: Perspectivas Epistemol\u00f3gicas africanas a partir de Mo\u00e7ambique<br><\/em><strong>Conferencista:<\/strong> <strong>Profa. Dra. Laura Ant\u00f3nio Nhaueleque<\/strong> (ISDB, Mo\u00e7ambique)<br><strong>Media\u00e7\u00e3o:<\/strong> Profa. Dra. Jorgelina Ivana Tallei (UNILA, Brasil)<\/p>\n\n\n\n<hr class=\"wp-block-separator has-alpha-channel-opacity\"\/>\n\n\n\n<p><strong>QUARTA-FEIRA | 15 DE ABRIL DE 2026<\/strong><\/p>\n\n\n\n<p><strong>08h00 \u2013 09h30 | Credenciamento Presencial<\/strong><\/p>\n\n\n\n<p>\ud83d\udccd <strong>Local:<\/strong> UNIOESTE | Hall dos blocos de aula<br>\ud83d\udcdd <strong>Atividade:<\/strong> Entrega de kits, credenciais e orienta\u00e7\u00f5es gerais<\/p>\n\n\n\n<p><strong><a href=\"https:\/\/claec.org\/semlacult\/minicursos-e-oficinas\/\" data-type=\"page\" data-id=\"2277\">08h30 \u2013 12h00 | Minicursos e Oficinas \u2013 Bloco 1 &#8211; Clique para ver o detalhamento.<\/a><\/strong><\/p>\n\n\n\n<p>\u23f1 <strong>Dura\u00e7\u00e3o:<\/strong> 3 a 4 horas<\/p>\n\n\n\n<p><strong>12h00 \u2013 13h00 | Pausa para o almo\u00e7o<\/strong><\/p>\n\n\n\n<p><strong>13h00 \u2013 16h00 | Simp\u00f3sios Tem\u00e1ticos \u2013 Sess\u00e3o 2<\/strong><\/p>\n\n\n\n<p>\ud83d\udccd <strong>Formato:<\/strong> 5 salas simult\u00e2neas (apresenta\u00e7\u00f5es de trabalhos)<br>\ud83d\udd52 <strong>Tempo por trabalho:<\/strong> 10 a 15 min<\/p>\n\n\n\n<p><strong>16h00 \u2013 16h30 | Coffee Break<\/strong> &#8211; UNILA &#8211; Campus JU | Hall do Audit\u00f3rio Martina<\/p>\n\n\n\n<p><strong>16h30 \u2013 18h00 | Laborat\u00f3rio InovaLatina \u2013 Inova\u00e7\u00e3o, Cultura e Impacto na Am\u00e9rica Latina<\/strong><\/p>\n\n\n\n<p>\ud83d\udccd <strong>Local:<\/strong> UNILA \u2013 Campus JU | Audit\u00f3rio Martina<br>\u23f1 <strong>Dura\u00e7\u00e3o:<\/strong> 1h30min<br><strong>Formato: <\/strong>laborat\u00f3rio interativo<\/p>\n\n\n\n<p><strong>Coordena\u00e7\u00e3o: <\/strong>Profa. Dra. Camila Cultri (Diretora Executiva da InovaLatina)<\/p>\n\n\n\n<p><strong>Descri\u00e7\u00e3o:<\/strong><br>Atividade dedicada \u00e0 apresenta\u00e7\u00e3o da InovaLatina, ag\u00eancia de inova\u00e7\u00e3o do Centro Latino-Americano de Estudos em Cultura (CLAEC), e \u00e0 reflex\u00e3o coletiva sobre como pesquisas, pr\u00e1ticas culturais e iniciativas comunit\u00e1rias podem gerar projetos de inova\u00e7\u00e3o e impacto social na Am\u00e9rica Latina.<\/p>\n\n\n\n<p>A atividade inclui uma breve apresenta\u00e7\u00e3o institucional e um momento de idea\u00e7\u00e3o colaborativa, convidando estudantes, pesquisadoras(es), artistas, educadoras(es), gestores culturais e empreendedores a compartilhar ideias e perspectivas sobre cultura, inova\u00e7\u00e3o e transforma\u00e7\u00e3o social.<\/p>\n\n\n\n<p><strong>18h30 \u2013 19h00 | Coffee Break<\/strong> &#8211; UNILA &#8211; Campus JU | Hall do Audit\u00f3rio Martina<\/p>\n\n\n\n<p><strong>19h00 \u2013 21h00 | Mesa Redonda 2<\/strong><\/p>\n\n\n\n<p>\ud83d\udccd <strong>Local:<\/strong> UNILA \u2013 Campus JU | Audit\u00f3rio Martina<br>\u23f1 <strong>Dura\u00e7\u00e3o:<\/strong> 2 horas<br><strong>Interpreta\u00e7\u00e3o em Libras<\/strong><\/p>\n\n\n\n<p><strong>T\u00edtulo:<\/strong> <em>Estudos Afrolatinoamericanos e Afrodiasp\u00f3ricos: Perspectivas Sul\u2013Sul<\/em><\/p>\n\n\n\n<p><strong>Integrantes:<\/strong><\/p>\n\n\n\n<ul class=\"wp-block-list\">\n<li>Prof. Dr. Denilson Araujo de Oliveira (UERJ, Brasil)<\/li>\n\n\n\n<li>Profa. Dra. Ma\u00edra Samara de Lima Freire (UFSC, Brasil)<\/li>\n<\/ul>\n\n\n\n<p><strong>Media\u00e7\u00e3o:<\/strong> Profa. Dra. \u00c2ngela Maria de Souza (UNILA, Brasil)<\/p>\n\n\n\n<hr class=\"wp-block-separator has-alpha-channel-opacity\"\/>\n\n\n\n<p><strong>QUINTA-FEIRA | 16 DE ABRIL DE 2026<\/strong><\/p>\n\n\n\n<p><strong>08h00 \u2013 09h30 | Credenciamento Presencial<\/strong><\/p>\n\n\n\n<p>\ud83d\udccd <strong>Local:<\/strong> UNIOESTE | Hall dos blocos de aula<br>\ud83d\udcdd <strong>Atividade:<\/strong> Entrega de kits, credenciais e orienta\u00e7\u00f5es gerais<\/p>\n\n\n\n<p><strong><a href=\"https:\/\/claec.org\/semlacult\/minicursos-e-oficinas\/\" data-type=\"page\" data-id=\"2277\">08h30 \u2013 12h00 | Minicursos e Oficinas \u2013 Bloco 2 &#8211; Clique para ver o detalhamento.<\/a><\/strong><\/p>\n\n\n\n<p><strong>09h00 \u2013 11h00 | Mesa Redonda 3<\/strong><\/p>\n\n\n\n<p>\ud83d\udccd <strong>Local:<\/strong> UNIOESTE \u2013 Campus Foz | Audit\u00f3rio<br>\u23f1 <strong>Dura\u00e7\u00e3o:<\/strong> 2 horas<br><strong>Interpreta\u00e7\u00e3o em Libras<\/strong><\/p>\n\n\n\n<p><strong>T\u00edtulo:<\/strong> <em>Educa\u00e7\u00e3o Popular, Antropologia e Transforma\u00e7\u00e3o Social: pedagogias decoloniais e pesquisa etnogr\u00e1fica<\/em><\/p>\n\n\n\n<p><strong>Integrantes:<\/strong><\/p>\n\n\n\n<ul class=\"wp-block-list\">\n<li>Prof. Dr. Elizeu Pinheiro da Cruz (UNEB, Brasil)<\/li>\n\n\n\n<li>Profa Dra. Jazm\u00edn Duarte (Paraguai)<\/li>\n\n\n\n<li>Profa. Dra. Francirosy Campos Barbosa (USP, Brasil)<\/li>\n<\/ul>\n\n\n\n<p><strong>Media\u00e7\u00e3o:<\/strong> Prof. Dr. Mateus Marchesan Pires (UNIOESTE, Brasil)<\/p>\n\n\n\n<p><strong>11h00 \u2013 11h30 | Coffee Break<\/strong><\/p>\n\n\n\n<p>\ud83d\udccd <strong>Local:<\/strong> UNILA \u2013 Campus JU e UNIOESTE \u2013 Campus Foz<\/p>\n\n\n\n<p><strong>11h30 \u2013 13h00 | Pausa para o almo\u00e7o<\/strong><\/p>\n\n\n\n<p><strong>13h00 \u2013 16h30 | Simp\u00f3sios Tem\u00e1ticos \u2013 Sess\u00e3o 3<\/strong><\/p>\n\n\n\n<p>\ud83d\udccd <strong>Formato:<\/strong> 5 salas simult\u00e2neas (apresenta\u00e7\u00f5es de trabalhos)<br>\ud83d\udd52 <strong>Tempo por trabalho:<\/strong> 10 a 15 min<\/p>\n\n\n\n<p><strong>16h00 \u2013 16h30 | Coffee Break<\/strong><\/p>\n\n\n\n<p>\ud83d\udccd <strong>Local:<\/strong> UNILA \u2013 Campus JU e UNIOESTE \u2013 Campus Foz<\/p>\n\n\n\n<p><strong>16h30 \u2013 18h30 | Confer\u00eancia<\/strong><\/p>\n\n\n\n<p>\ud83d\udccd <strong>Local:<\/strong> UNILA \u2013 Campus JU | Audit\u00f3rio Martina<br>\u23f1 <strong>Dura\u00e7\u00e3o:<\/strong> 2 horas<br><strong>Interpreta\u00e7\u00e3o em Libras | Transmiss\u00e3o ao vivo online<\/strong><\/p>\n\n\n\n<p><strong>T\u00edtulo:<\/strong> <em>Comunicaci\u00f3n y educaci\u00f3n: nuestro norte es el sur<br><\/em> <strong>Conferencista:<\/strong> <strong>Prof. Dr. Gabriel Kapl\u00fan<\/strong> (UdelaR, Uruguai)<strong><br><\/strong> <strong>Media\u00e7\u00e3o:<\/strong> Prof. Dr. Marco Antonio Ch\u00e1vez-Aguayo (Universidad de Guadalajara, M\u00e9xico)<\/p>\n","protected":false},"excerpt":{"rendered":"<p>Confira a programa\u00e7\u00e3o detalhada das atividades do SEMLACult 2026! PROGRAMA\u00c7\u00c3O OFICIAL | 14 a 16 de abril de 2026 \ud83d\udccd&hellip; <\/p>\n","protected":false},"author":1,"featured_media":0,"parent":0,"menu_order":0,"comment_status":"closed","ping_status":"closed","template":"","meta":{"_monsterinsights_skip_tracking":false,"_monsterinsights_sitenote_active":false,"_monsterinsights_sitenote_note":"","_monsterinsights_sitenote_category":0,"footnotes":""},"class_list":["post-1697","page","type-page","status-publish","hentry"],"_links":{"self":[{"href":"https:\/\/claec.org\/semlacult\/wp-json\/wp\/v2\/pages\/1697","targetHints":{"allow":["GET"]}}],"collection":[{"href":"https:\/\/claec.org\/semlacult\/wp-json\/wp\/v2\/pages"}],"about":[{"href":"https:\/\/claec.org\/semlacult\/wp-json\/wp\/v2\/types\/page"}],"author":[{"embeddable":true,"href":"https:\/\/claec.org\/semlacult\/wp-json\/wp\/v2\/users\/1"}],"replies":[{"embeddable":true,"href":"https:\/\/claec.org\/semlacult\/wp-json\/wp\/v2\/comments?post=1697"}],"version-history":[{"count":64,"href":"https:\/\/claec.org\/semlacult\/wp-json\/wp\/v2\/pages\/1697\/revisions"}],"predecessor-version":[{"id":2407,"href":"https:\/\/claec.org\/semlacult\/wp-json\/wp\/v2\/pages\/1697\/revisions\/2407"}],"wp:attachment":[{"href":"https:\/\/claec.org\/semlacult\/wp-json\/wp\/v2\/media?parent=1697"}],"curies":[{"name":"wp","href":"https:\/\/api.w.org\/{rel}","templated":true}]}}