{"id":1578,"date":"2020-08-29T13:55:38","date_gmt":"2020-08-29T16:55:38","guid":{"rendered":"http:\/\/claec.org\/semlacult\/?page_id=1578"},"modified":"2026-03-22T22:18:53","modified_gmt":"2026-03-23T01:18:53","slug":"cronograma","status":"publish","type":"page","link":"https:\/\/claec.org\/semlacult\/cronograma\/","title":{"rendered":"Cronograma"},"content":{"rendered":"\n<h2 class=\"wp-block-heading\" id=\"cronograma-geral-detalhado---v-semlacult-2026\">CRONOGRAMA GERAL &#8211; V SEMLACULT 2026<\/h2>\n\n\n\n<p><strong>Evento:<\/strong>&nbsp;14, 15 e 16 de ABRIL DE 2026 |&nbsp;<strong>Local:<\/strong>&nbsp;Foz do Igua\u00e7u, PR<\/p>\n\n\n\n<hr class=\"wp-block-separator has-alpha-channel-opacity\"\/>\n\n\n\n<h2 class=\"wp-block-heading\"><strong>ABERTURA DE INSCRI\u00c7\u00d5ES<\/strong><\/h2>\n\n\n\n<figure class=\"wp-block-table\"><table class=\"has-fixed-layout\"><thead><tr><th>O QU\u00ca<\/th><th>ABERTURA<\/th><th>ENCERRAMENTO<\/th><\/tr><\/thead><tbody><tr><td><strong>Ouvintes<\/strong><\/td><td>10\/11\/2025<\/td><td>10\/04\/2026<\/td><\/tr><tr><td><strong>Simp\u00f3sios<\/strong>&nbsp;(propostas coordenadores)<\/td><td>12\/11\/2025<\/td><td>15\/12\/2025<\/td><\/tr><tr><td><strong>Oficinas<\/strong>&nbsp;(propostas facilitadores)<\/td><td>12\/11\/2025<\/td><td>28\/02\/2026<\/td><\/tr><tr><td><strong>Minicursos<\/strong>&nbsp;(propostas facilitadores)<\/td><td>12\/11\/2025<\/td><td>28\/02\/2026<\/td><\/tr><tr><td><strong>Oficinas<\/strong>&nbsp;(inscri\u00e7\u00e3o participantes)<\/td><td>05\/03\/2026<\/td><td>05\/04\/2026<\/td><\/tr><tr><td><strong>Comunicadores<\/strong> <strong>Presencial<\/strong>&nbsp;(com trabalho)<\/td><td>19\/12\/2025<\/td><td><s>01\/03\/2026<\/s> 06\/03\/2026<\/td><\/tr><tr><td><strong>Comunicadores Online<\/strong> (com trabalho)<\/td><td>24\/02\/2026<\/td><td><s>22\/03\/2026<\/s> 25\/03\/2026<\/td><\/tr><\/tbody><\/table><\/figure>\n\n\n\n<hr class=\"wp-block-separator has-alpha-channel-opacity\"\/>\n\n\n\n<h2 class=\"wp-block-heading\"><strong>RESULTADOS E PRINCIPAIS PRAZOS<\/strong><\/h2>\n\n\n\n<figure class=\"wp-block-table\"><table class=\"has-fixed-layout\"><thead><tr><th>O QU\u00ca<\/th><th>DATA<\/th><\/tr><\/thead><tbody><tr><td>Resultado Simp\u00f3sios<\/td><td>19\/12\/2025<\/td><\/tr><tr><td>Resultado Oficinas\/Minicursos<\/td><td>01\/03\/2026<\/td><\/tr><tr><td>Prazo final trabalhos<\/td><td>01\/03\/2026<\/td><\/tr><tr><td>Resultado final trabalhos presencial (aprovados ou n\u00e3o para publica\u00e7\u00e3o)<\/td><td>15\/03\/2026<\/td><\/tr><tr><td>Resultado final trabalhos online (aprovados ou n\u00e3o para publica\u00e7\u00e3o)<\/td><td>31\/03\/2026<\/td><\/tr><\/tbody><\/table><\/figure>\n\n\n\n<hr class=\"wp-block-separator has-alpha-channel-opacity\"\/>\n\n\n\n<h2 class=\"wp-block-heading\"><strong>CRONOGRAMA <\/strong>P\u00d3S EVENTO<\/h2>\n\n\n\n<figure class=\"wp-block-table\"><table class=\"has-fixed-layout\"><thead><tr><th>DATA<\/th><th>ATIVIDADE<\/th><\/tr><\/thead><tbody><tr><td>30\/04\/2026<\/td><td>\ud83c\udf93 Certificados enviados por e-mail<\/td><\/tr><tr><td>31\/05\/2026<\/td><td>\u270d\ufe0f Envio dos artigos completos para a revista RELACult<\/td><\/tr><tr><td>12\/2026<\/td><td>\ud83d\udcd6 Publica\u00e7\u00e3o Anais ISBN<\/td><\/tr><tr><td>12\/2026<\/td><td>\ud83d\udcf0 Publica\u00e7\u00e3o RELACult (Qualis A3)<\/td><\/tr><\/tbody><\/table><\/figure>\n\n\n\n<hr class=\"wp-block-separator has-alpha-channel-opacity\"\/>\n\n\n\n<p><\/p>\n\n\n\n<p><\/p>\n\n\n\n<p><\/p>\n","protected":false},"excerpt":{"rendered":"<p>CRONOGRAMA GERAL &#8211; V SEMLACULT 2026 Evento:&nbsp;14, 15 e 16 de ABRIL DE 2026 |&nbsp;Local:&nbsp;Foz do Igua\u00e7u, PR ABERTURA DE&hellip; <\/p>\n","protected":false},"author":1,"featured_media":0,"parent":0,"menu_order":0,"comment_status":"closed","ping_status":"closed","template":"","meta":{"_monsterinsights_skip_tracking":false,"_monsterinsights_sitenote_active":false,"_monsterinsights_sitenote_note":"","_monsterinsights_sitenote_category":0,"footnotes":""},"class_list":["post-1578","page","type-page","status-publish","hentry"],"_links":{"self":[{"href":"https:\/\/claec.org\/semlacult\/wp-json\/wp\/v2\/pages\/1578","targetHints":{"allow":["GET"]}}],"collection":[{"href":"https:\/\/claec.org\/semlacult\/wp-json\/wp\/v2\/pages"}],"about":[{"href":"https:\/\/claec.org\/semlacult\/wp-json\/wp\/v2\/types\/page"}],"author":[{"embeddable":true,"href":"https:\/\/claec.org\/semlacult\/wp-json\/wp\/v2\/users\/1"}],"replies":[{"embeddable":true,"href":"https:\/\/claec.org\/semlacult\/wp-json\/wp\/v2\/comments?post=1578"}],"version-history":[{"count":25,"href":"https:\/\/claec.org\/semlacult\/wp-json\/wp\/v2\/pages\/1578\/revisions"}],"predecessor-version":[{"id":2346,"href":"https:\/\/claec.org\/semlacult\/wp-json\/wp\/v2\/pages\/1578\/revisions\/2346"}],"wp:attachment":[{"href":"https:\/\/claec.org\/semlacult\/wp-json\/wp\/v2\/media?parent=1578"}],"curies":[{"name":"wp","href":"https:\/\/api.w.org\/{rel}","templated":true}]}}