{"id":1563,"date":"2020-08-29T13:33:52","date_gmt":"2020-08-29T16:33:52","guid":{"rendered":"http:\/\/claec.org\/semlacult\/?page_id=1563"},"modified":"2020-08-29T13:33:52","modified_gmt":"2020-08-29T16:33:52","slug":"2018-2","status":"publish","type":"page","link":"https:\/\/claec.org\/semlacult\/2018-2\/","title":{"rendered":"2018"},"content":{"rendered":"<p>O\u00a0<b>II Semin\u00e1rio Latino-Americano de Estudos em Cultura\u00a0<\/b>sob a tem\u00e1tica\u00a0<em>\u201cIntegra\u00e7\u00e3o e Multiculturalismo na Am\u00e9rica Latina: Perspectiva hist\u00f3rica e desafios no contexto atual<\/em><em>\u201d\u00a0<\/em>\u00e9 uma iniciativa do CLAEC \u2013 Centro Latino-Americano de Estudos em Cultura, em parceria com a\u00a0 UNILA \u2013 Universidade Federal da Integra\u00e7\u00e3o Latino-Americana por meio do\u00a0Instituto Latino-Americano de Arte, Cultura e Hist\u00f3ria \u2013 ILAACH: Programa de P\u00f3s-Gradua\u00e7\u00e3o Interdisciplinar em Estudos Latino-Americanos \u2013 PPG-IELA e do Instituto Latino-Americano de Economia, Sociedade e Pol\u00edtica \u2013 ILAESP:\u00a0Programa de P\u00f3s-Gradua\u00e7\u00e3o em Integra\u00e7\u00e3o Contempor\u00e2nea da Am\u00e9rica Latina \u2013 PPG-ICAL, com financiamento da\u00a0Coordena\u00e7\u00e3o de Aperfei\u00e7oamento de Pessoal de N\u00edvel Superior \u2013 CAPES e organiza\u00e7\u00e3o e produ\u00e7\u00e3o pela BM Consultoria e Projetos.<\/p>\n<p>O prop\u00f3sito do evento \u00e9 de incluir toda e qualquer forma de contribui\u00e7\u00e3o cient\u00edfica e acad\u00eamica no \u00e2mbito das ci\u00eancias humanas e sociais, mais precisamente no campo dos estudos em cultura na Am\u00e9rica Latina, pretendendo ampliar a an\u00e1lise de cada elemento individual. O objetivo central da segunda edi\u00e7\u00e3o do SEMLACULT\u00a0\u00e9 contribuir para a percep\u00e7\u00e3o e aprofundamento das quest\u00f5es sobre a multiculturalidade nos processos de integra\u00e7\u00e3o entre os pa\u00edses da Am\u00e9rica Latina, considerando a diversidade cultural e social dos grupos \u00e9tnicos da regi\u00e3o.\u00a0Baseado em desenvolver e dar continuidade a produ\u00e7\u00e3o cient\u00edfica e cultural, incentivando a inova\u00e7\u00e3o e gera\u00e7\u00e3o de conhecimentos, experi\u00eancias e saberes no \u00e2mbito continental do nosso pa\u00eds, de forma a promover a diversidade cultural e a integra\u00e7\u00e3o do conhecimento na Am\u00e9rica Latina, pensando na melhoria de qualidade da produ\u00e7\u00e3o cient\u00edfica atrav\u00e9s de perspectivas diversas sobre a mesma \u00e1rea de conhecimento.<\/p>\n<p>Agregando assim, professores, estudantes, pesquisadores e interessados do ensino superior tanto do Brasil como da Am\u00e9rica Latina.\u00a0Por sua vez, a\u00a0cultura se apresenta como mecanismo de produ\u00e7\u00e3o e reprodu\u00e7\u00e3o social, a partir de seus mais diferentes campos de atua\u00e7\u00e3o, principalmente nas \u00e1reas das ci\u00eancias sociais e humanas, que t\u00eam discutido a cultura sob o vi\u00e9s do multiculturalismo das identidades e de sua alteridade. Logo, prop\u00f5em-se\u00a0trazer an\u00e1lises antropol\u00f3gicas e sociol\u00f3gicas que versam, em conjunto com a tr\u00edade economia-pol\u00edtica-cultura sobre os aspectos da integra\u00e7\u00e3o \u00e9tnica das sociedades latino-americanas em um contexto contempor\u00e2neo que reinterpreta o multiculturalismo. Esse, como um ve\u00edculo que permite questionar diferentes formas de domina\u00e7\u00e3o que operam nas nossas sociedades e que s\u00e3o mantidas e reproduzidas como o resultado de estruturas econ\u00f4micas, de discursos e pr\u00e1ticas que contribuem para a constru\u00e7\u00e3o das diferen\u00e7as entre as culturas coexistentes.<\/p>\n<p>As atividades principais do evento, como as confer\u00eancias, as mesas redondas, os simp\u00f3sios tem\u00e1ticos e os minicursos, fomentar\u00e3o espa\u00e7os de discuss\u00e3o e de interc\u00e2mbio das produ\u00e7\u00f5es acad\u00eamicas e culturais produzidas pelos variados p\u00fablicos que se far\u00e3o presentes e circular\u00e3o durante todo o evento. Para a difus\u00e3o dos temas e debates proporcionados pelo evento, os resumos expandidos aceitos e apresentados durante o evento ser\u00e3o publicados na forma de Anais no Sistema Online de Apoio a Eventos \u2013 SOAE (<a href=\"http:\/\/eventos.claec.org\/\">http:\/\/eventos.claec.org<\/a>) e receber\u00e3o c\u00f3digo ISBN. Os autores que ap\u00f3s\u00a0a apresenta\u00e7\u00e3o de\u00a0seus trabalhos, receberem o conceito de destaques nos Simp\u00f3sios Tem\u00e1ticos, poder\u00e3o publicar os trabalhos no formato de artigo completo em uma edi\u00e7\u00e3o especial da revista RELACult \u2013 Revista Latino-Americana de Estudos em Cultura e Sociedade e-ISSN 2525-7870 (<a href=\"http:\/\/relacult.claec.org\/\">http:\/\/relacult.claec.org\/<\/a>).<\/p>\n<div id=\"njcdgcofcbnlbpkpdhmlmiblaglnkpnj\"><\/div>\n","protected":false},"excerpt":{"rendered":"<p>O\u00a0II Semin\u00e1rio Latino-Americano de Estudos em Cultura\u00a0sob a tem\u00e1tica\u00a0\u201cIntegra\u00e7\u00e3o e Multiculturalismo na Am\u00e9rica Latina: Perspectiva hist\u00f3rica e desafios no contexto&hellip; <\/p>\n","protected":false},"author":1,"featured_media":0,"parent":0,"menu_order":0,"comment_status":"closed","ping_status":"closed","template":"","meta":{"_monsterinsights_skip_tracking":false,"_monsterinsights_sitenote_active":false,"_monsterinsights_sitenote_note":"","_monsterinsights_sitenote_category":0,"footnotes":""},"class_list":["post-1563","page","type-page","status-publish","hentry"],"_links":{"self":[{"href":"https:\/\/claec.org\/semlacult\/wp-json\/wp\/v2\/pages\/1563","targetHints":{"allow":["GET"]}}],"collection":[{"href":"https:\/\/claec.org\/semlacult\/wp-json\/wp\/v2\/pages"}],"about":[{"href":"https:\/\/claec.org\/semlacult\/wp-json\/wp\/v2\/types\/page"}],"author":[{"embeddable":true,"href":"https:\/\/claec.org\/semlacult\/wp-json\/wp\/v2\/users\/1"}],"replies":[{"embeddable":true,"href":"https:\/\/claec.org\/semlacult\/wp-json\/wp\/v2\/comments?post=1563"}],"version-history":[{"count":1,"href":"https:\/\/claec.org\/semlacult\/wp-json\/wp\/v2\/pages\/1563\/revisions"}],"predecessor-version":[{"id":1564,"href":"https:\/\/claec.org\/semlacult\/wp-json\/wp\/v2\/pages\/1563\/revisions\/1564"}],"wp:attachment":[{"href":"https:\/\/claec.org\/semlacult\/wp-json\/wp\/v2\/media?parent=1563"}],"curies":[{"name":"wp","href":"https:\/\/api.w.org\/{rel}","templated":true}]}}

<p>O <b>II Seminário Latino-Americano de Estudos em Cultura </b>sob a temática <em>“Integração e Multiculturalismo na América Latina: Perspectiva histórica e desafios no contexto atual</em><em>” </em>é uma iniciativa do CLAEC – Centro Latino-Americano de Estudos em Cultura, em parceria com a  UNILA – Universidade Federal da Integração Latino-Americana por meio do Instituto Latino-Americano de Arte, Cultura e História – ILAACH: Programa de Pós-Graduação Interdisciplinar em Estudos Latino-Americanos – PPG-IELA e do Instituto Latino-Americano de Economia, Sociedade e Política – ILAESP: Programa de Pós-Graduação em Integração Contemporânea da América Latina – PPG-ICAL, com financiamento da Coordenação de Aperfeiçoamento de Pessoal de Nível Superior – CAPES e organização e produção pela BM Consultoria e Projetos.</p>
<p>O propósito do evento é de incluir toda e qualquer forma de contribuição científica e acadêmica no âmbito das ciências humanas e sociais, mais precisamente no campo dos estudos em cultura na América Latina, pretendendo ampliar a análise de cada elemento individual. O objetivo central da segunda edição do SEMLACULT é contribuir para a percepção e aprofundamento das questões sobre a multiculturalidade nos processos de integração entre os países da América Latina, considerando a diversidade cultural e social dos grupos étnicos da região. Baseado em desenvolver e dar continuidade a produção científica e cultural, incentivando a inovação e geração de conhecimentos, experiências e saberes no âmbito continental do nosso país, de forma a promover a diversidade cultural e a integração do conhecimento na América Latina, pensando na melhoria de qualidade da produção científica através de perspectivas diversas sobre a mesma área de conhecimento.</p>
<p>Agregando assim, professores, estudantes, pesquisadores e interessados do ensino superior tanto do Brasil como da América Latina. Por sua vez, a cultura se apresenta como mecanismo de produção e reprodução social, a partir de seus mais diferentes campos de atuação, principalmente nas áreas das ciências sociais e humanas, que têm discutido a cultura sob o viés do multiculturalismo das identidades e de sua alteridade. Logo, propõem-se trazer análises antropológicas e sociológicas que versam, em conjunto com a tríade economia-política-cultura sobre os aspectos da integração étnica das sociedades latino-americanas em um contexto contemporâneo que reinterpreta o multiculturalismo. Esse, como um veículo que permite questionar diferentes formas de dominação que operam nas nossas sociedades e que são mantidas e reproduzidas como o resultado de estruturas econômicas, de discursos e práticas que contribuem para a construção das diferenças entre as culturas coexistentes.</p>
<p>As atividades principais do evento, como as conferências, as mesas redondas, os simpósios temáticos e os minicursos, fomentarão espaços de discussão e de intercâmbio das produções acadêmicas e culturais produzidas pelos variados públicos que se farão presentes e circularão durante todo o evento. Para a difusão dos temas e debates proporcionados pelo evento, os resumos expandidos aceitos e apresentados durante o evento serão publicados na forma de Anais no Sistema Online de Apoio a Eventos – SOAE (<a href="http://eventos.claec.org/">http://eventos.claec.org</a>) e receberão código ISBN. Os autores que após a apresentação de seus trabalhos, receberem o conceito de destaques nos Simpósios Temáticos, poderão publicar os trabalhos no formato de artigo completo em uma edição especial da revista RELACult – Revista Latino-Americana de Estudos em Cultura e Sociedade e-ISSN 2525-7870 (<a href="http://relacult.claec.org/">http://relacult.claec.org/</a>).</p>
<div id="njcdgcofcbnlbpkpdhmlmiblaglnkpnj"></div>

<p>O II Seminário Latino-Americano de Estudos em Cultura sob a temática “Integração e Multiculturalismo na América Latina: Perspectiva histórica e desafios no contexto&hellip; </p>
