{"id":1113,"date":"2018-03-07T10:45:31","date_gmt":"2018-03-07T13:45:31","guid":{"rendered":"http:\/\/claec.org\/semlacult\/?page_id=1113"},"modified":"2025-11-06T14:42:22","modified_gmt":"2025-11-06T17:42:22","slug":"conferencias","status":"publish","type":"page","link":"https:\/\/claec.org\/semlacult\/2018-2\/conferencias\/","title":{"rendered":"Confer\u00eancias 2018"},"content":{"rendered":"\n<h4 class=\"wp-block-heading\"><strong>Confer\u00eancia de Abertura:<\/strong><strong>&nbsp;Pol\u00edtica lingu\u00edstica e a Integra\u00e7\u00e3o dos Povos (26\/09 \u2013 19:00 \u2013 Unila Jardim Universit\u00e1rio)<\/strong><\/h4>\n\n\n\n<div class=\"wp-block-image\"><figure class=\"aligncenter\"><img fetchpriority=\"high\" decoding=\"async\" width=\"1024\" height=\"724\" src=\"https:\/\/claec.org\/semlacult\/wp-content\/uploads\/sites\/7\/2018\/05\/Confer\u00eancia-de-Abertura-Rajan-1024x724.jpg\" alt=\"Confer\u00eancia-de-Abertura---Rajan\" class=\"wp-image-1351\" srcset=\"https:\/\/claec.org\/semlacult\/wp-content\/uploads\/sites\/7\/2018\/05\/Confer\u00eancia-de-Abertura-Rajan-1024x724.jpg 1024w, https:\/\/claec.org\/semlacult\/wp-content\/uploads\/sites\/7\/2018\/05\/Confer\u00eancia-de-Abertura-Rajan-300x212.jpg 300w, https:\/\/claec.org\/semlacult\/wp-content\/uploads\/sites\/7\/2018\/05\/Confer\u00eancia-de-Abertura-Rajan-768x543.jpg 768w, https:\/\/claec.org\/semlacult\/wp-content\/uploads\/sites\/7\/2018\/05\/Confer\u00eancia-de-Abertura-Rajan.jpg 1654w\" sizes=\"(max-width: 1024px) 100vw, 1024px\" \/><\/figure><\/div>\n\n\n\n<p><strong>Resumo da Confer\u00eancia:<\/strong>\u00a0A \u2018Pol\u00edtica Lingu\u00edstica\u2019 diz respeito a um conjunto de atos planejados e executados com o prop\u00f3sito de intervir numa realidade de lingu\u00edstica existente num dado momento hist\u00f3rico. Em geral, parte de cima para baixo, mas n\u00e3o s\u00e3o raros os casos em que o clamor para certas mudan\u00e7as vem das ruas. Na minha confer\u00eancia, o foco ser\u00e1 sobre a America Latina, o contexto hist\u00f3rico das pol\u00edticas lingu\u00edsticas praticadas no passado nos diversos pa\u00edses do continente e as perspectivas para o futuro no contexto geral da globaliza\u00e7\u00e3o, forma\u00e7\u00e3o de blocos econ\u00f4micos e tantos outros desafios. <strong>Curr\u00edculo do conferencista:<\/strong> Kanavillil Rajagopalan (Rajan) \u00e9 Professor Titular (aposentado-colaborador) na \u00e1rea de Sem\u00e2ntica e Pragm\u00e1tica das L\u00ednguas Naturais da Universidade Estadual de Campinas (UNICAMP) e pesquisador 1-A do Cnpq. Participa em programas de p\u00f3s-gradua\u00e7\u00e3o na Universidade Estadual do Sudoeste da Bahia e da Universidade Federal de Tocantins (Campus de Porto Nacional). Ele nasceu na \u00cdndia, onde obteve B.A. em Literatura Inglesa (Universidade de Kerala), M.A. em Literatura Inglesa (Universidade de Delhi) e M.A. em Ling\u00fc\u00edstica (Universidade de Delhi). Fez Diploma em Ling\u00fc\u00edstica Aplicada na Universidade de Edimburgo, Esc\u00f3cia. \u00c9 Doutor em Ling\u00fc\u00edstica Aplicada (PUC-SP) e P\u00f3s-Doutor em Filosofia da Linguagem (Universidade da Calif\u00f3rnia, Berkeley, EUA). J\u00e1 publicou 6 livros: Por uma Ling\u00fc\u00edstica Cr\u00edtica (Par\u00e1bola, 2003), A Ling\u00fc\u00edstica que Nos Faz Falhar (em parceria, Par\u00e1bola, 2004), Pol\u00edticas em Linguagem: Perspectivas Identit\u00e1rias (em parceria, Editora da Mackenzie, 2005) e Applied Linguistics in Latin America (John Benjamins, 2006), Nova Pragm\u00e1tica: Fases e Fei\u00e7\u00f5es de um Fazer (Par\u00e1bola, 2010),Um Mapa da Cr\u00edtica nos Estudos da Linguagem e do Discurso (em parceria, Editora Pontes, 2016) e colaborou com Yves Lacoste na publica\u00e7\u00e3o da edi\u00e7\u00e3o brasileira do livro A Geopol\u00edtica do Ingl\u00eas (Par\u00e1bola, 2005) e publicou mais de 500 textos (artigos em revistas nacionais e internacionais, resenhas, resumos, cap\u00edtulos de livros, e textos em anais de congressos). Contribuiu verbetes\/cap\u00edtulos para enciclop\u00e9dias como Encyclopaedia of Pragmatics (Elsevier, 1998), Encyclopedia of Sociolinguistics (Elsevier, 2001), Handbook of Applied Linguistics (Blackwell, 2003), Fitzroy-Dearborn Encyclopedia of Linguistics (Chicago, 2004), Key Thinkers in Linguistics and the Philosophy of Language (Edinburgh University Press, 2005), Handbook of World Englishes (Blackwell, 2006), Encyclopedia of Language and Linguistics (Elsevier, 2006), World Englishes &#8211; Critical Concepts in Linguistics (Routledge, 2006), Encyclopedia of Language and Education (Springer, 2008), Key Ideas in Linguistics and the Philosophy of Language (Edinburgh University Press, 2009), Language in Life, A Life in Language &#8212; A Festschrift for Jacob Mey&#8221; (Emerald Group, 2009), Language and Politics (Routledge, 2010), Brazil Today: An Encyclopedia of Life in the Republic (Greenwood Press, 2012), Encyclopedia of Applied Linguistics (Wiley-Blackwell, 2012,) e The TESOL Encyclopedia of English Language Teaching (Wiley, 2018). Desde 1996, atua como um dos editores da revista DELTA. Em 2015, foi nomeado um dos editores da revista WORD (Nova Iorque) Em dezembro de 2006, recebeu o Pr\u00eamio de Reconhecimento Acad\u00eamico &#8220;Zeferino Vaz.&#8221; <\/p>\n\n\n\n<p><\/p>\n\n\n\n<h4 class=\"wp-block-heading\"><strong>Confer\u00eancia Especial:<\/strong><strong> Fronteiras, mobilidades e identidades (27\/09 \u2013 19:00 \u2013 Unila Jardim Universit\u00e1rio)<\/strong><\/h4>\n\n\n\n<div class=\"wp-block-image\"><figure class=\"aligncenter\"><img decoding=\"async\" width=\"1024\" height=\"724\" src=\"https:\/\/claec.org\/semlacult\/wp-content\/uploads\/sites\/7\/2018\/05\/Confer\u00eancia-Especial-1024x724.jpg\" alt=\"Confer\u00eancia-Especial\" class=\"wp-image-1353\" srcset=\"https:\/\/claec.org\/semlacult\/wp-content\/uploads\/sites\/7\/2018\/05\/Confer\u00eancia-Especial-1024x724.jpg 1024w, https:\/\/claec.org\/semlacult\/wp-content\/uploads\/sites\/7\/2018\/05\/Confer\u00eancia-Especial-300x212.jpg 300w, https:\/\/claec.org\/semlacult\/wp-content\/uploads\/sites\/7\/2018\/05\/Confer\u00eancia-Especial-768x543.jpg 768w, https:\/\/claec.org\/semlacult\/wp-content\/uploads\/sites\/7\/2018\/05\/Confer\u00eancia-Especial.jpg 1654w\" sizes=\"(max-width: 1024px) 100vw, 1024px\" \/><\/figure><\/div>\n\n\n\n<p><strong>Resumo da Confer\u00eancia:Curr\u00edculo do conferencista:<\/strong> Possui gradua\u00e7\u00e3o em Ci\u00eancias Sociais pela Universidade Federal do Cear\u00e1 (1997), mestrado em Sociologia pela Universidade Federal do Cear\u00e1 (2000) e doutorado em Sociologia pela Universidade Federal do Cear\u00e1 (2005). Participou do programa de p\u00f3s-doutorado do CEBRAP (Forma\u00e7\u00e3o de Novos Quadros Profissionais 2006-2007). Atualmente \u00e9 professor adjunto de Sociologia do curso de Ci\u00eancias Sociais, da Universidade Federal de S\u00e3o Paulo (UNIFESP). Tem experi\u00eancia na \u00e1rea de Sociologia, com \u00eanfase em Sociologia Pol\u00edtica, atuando principalmente nos seguintes temas: empres\u00e1rios, estado, migra\u00e7\u00e3o, identidade, na\u00e7\u00e3o e fronteiras. <\/p>\n\n\n\n<p><\/p>\n\n\n\n<h4 class=\"wp-block-heading\"><strong>Confer\u00eancia de Encerramento:<\/strong><strong>&nbsp;La amnesia del Imperio. Para una nueva po\u00e9tica de la Relaci\u00f3n (28\/09 &#8211; 16:00 &#8211; Unila Jardim Universit\u00e1rio)<\/strong><\/h4>\n\n\n\n<figure class=\"wp-block-image\"><img decoding=\"async\" width=\"1024\" height=\"724\" src=\"https:\/\/claec.org\/semlacult\/wp-content\/uploads\/sites\/7\/2017\/03\/Confer\u00eancia-Encerramento-1-1024x724.jpg\" alt=\"\" class=\"wp-image-1424\" srcset=\"https:\/\/claec.org\/semlacult\/wp-content\/uploads\/sites\/7\/2017\/03\/Confer\u00eancia-Encerramento-1-1024x724.jpg 1024w, https:\/\/claec.org\/semlacult\/wp-content\/uploads\/sites\/7\/2017\/03\/Confer\u00eancia-Encerramento-1-300x212.jpg 300w, https:\/\/claec.org\/semlacult\/wp-content\/uploads\/sites\/7\/2017\/03\/Confer\u00eancia-Encerramento-1-768x543.jpg 768w, https:\/\/claec.org\/semlacult\/wp-content\/uploads\/sites\/7\/2017\/03\/Confer\u00eancia-Encerramento-1.jpg 1654w\" sizes=\"(max-width: 1024px) 100vw, 1024px\" \/><\/figure>\n\n\n\n<p><strong>Resumo da Confer\u00eancia:<\/strong>\nEl pensador martiniqu\u00e9s \u00c9douard Glissant va a definir el todo-mundo como esa humanidad rizom\u00e1tica, una<em>&nbsp;po\u00e9tica de la relaci\u00f3n<\/em>&nbsp;que enfrenta la ra\u00edz \u00fanica. Como pretendo argumentar en esta presentaci\u00f3n, las escrituras de los guiones fundamentalistas (religiosos, culturales, pol\u00edticos, econ\u00f3micos) imprimen en los cuerpos las historias de imperialismos\/colonialismos\/colonialidad con m\u00e1s fuerza (con tinta indeleble) en los cuerpos racializados y generizados. Parafraseando a Mbembe, el&nbsp;<em>devenir palestina-mujer-negra-india-del mundo<\/em>&nbsp;lleva a decodificar esas escrituras y nos permitir\u00e1 leer la complejidad de las relaciones que los atraviesan y los modos de subjetivaci\u00f3n que los constituyen y pretenden capturarlos a la \u201cfijaci\u00f3n\u201d (en t\u00e9rminos de Homi Bhabha, 1994.\nEl discurso colonial, un t\u00e9rmino central en el an\u00e1lisis de Bhabha quien se inspira en Fanon, es provisoriamente retratado como &#8220;una forma de discurso crucial para la uni\u00f3n de una serie de diferencias y discriminaciones que informa las pr\u00e1cticas discursivas y pol\u00edticas de la jerarquizaci\u00f3n racial y cultural&#8221; (Bhabha, 1994: 67).\nSu objetivo primordial es el imperativo de &#8220;interpretar a los colonizados como una poblaci\u00f3n de tipos degenerados sobre la base del origen racial, para justificar la conquista y establecer sistemas de administraci\u00f3n e instrucci\u00f3n\u201d, escribe en el cap\u00edtulo.\nPensar en clave de una nueva po\u00e9tica de la Relaci\u00f3n nos sumerge en que&nbsp;&#8220;Particularmente, se siente hoy la perturbaci\u00f3n de sentir haber llegado tarde. Aunque, cada vez estoy m\u00e1s convencida que el tiempo del compromiso carece de l\u00edmites temporales&#8221; (p9)\n\n<strong>Curr\u00edculo da conferencista:<\/strong>\nPosdoctora en Ciencias Sociales, Ni\u00f1ez y Juventud por el Centro de Estudios Avanzados en Ni\u00f1ez y Juventud de la alianza CINDE &#8211; Universidad de Manizales \u2013 Colombia\/Pontif\u00edcia Universidade Cat\u00f3lica de S\u00e3o Paulo \u2013 Brasil\/El Colegio de la Frontera Norte de M\u00e9xico-COLEF. Instituci\u00f3n aval: Consejo Latinoamericano de Ciencias Sociales \u2013 CLACSO. San Pablo, 27 de marzo 2017. Es Doctora de la Universidad de Buenos Aires, en Ciencias Sociales (2006) con su Tesis Doctoral titulada: \u201cColonos insurgentes. Acciones colectivas y discursos her\u00e9ticos por la tierra. Argentina, 1900-2000\u201d. Obtuvo el Premio Summa Cum Laude. Es Mag\u00edster en Investigaci\u00f3n en Ciencias Sociales, Universidad de Buenos Aires (2002) con su tesis titulada \u201cN\u00f3mades sin tierra. De hombres y mujeres poblando Le\u00f3n Roug\u00e9s en tiempos de zafra y migraciones\u201d. Obtuvo la m\u00e1xima calificaci\u00f3n y recomendaci\u00f3n de publicaci\u00f3n. Licenciatura en Sociolog\u00eda, Universidad de Buenos Aires en 1995.\n\n<\/p>\n","protected":false},"excerpt":{"rendered":"<p>Confer\u00eancia de Abertura:&nbsp;Pol\u00edtica lingu\u00edstica e a Integra\u00e7\u00e3o dos Povos (26\/09 \u2013 19:00 \u2013 Unila Jardim Universit\u00e1rio) Resumo da Confer\u00eancia:\u00a0A \u2018Pol\u00edtica&hellip; <\/p>\n","protected":false},"author":1,"featured_media":0,"parent":1563,"menu_order":0,"comment_status":"closed","ping_status":"closed","template":"","meta":{"_monsterinsights_skip_tracking":false,"_monsterinsights_sitenote_active":false,"_monsterinsights_sitenote_note":"","_monsterinsights_sitenote_category":0,"footnotes":""},"class_list":["post-1113","page","type-page","status-publish","hentry"],"_links":{"self":[{"href":"https:\/\/claec.org\/semlacult\/wp-json\/wp\/v2\/pages\/1113","targetHints":{"allow":["GET"]}}],"collection":[{"href":"https:\/\/claec.org\/semlacult\/wp-json\/wp\/v2\/pages"}],"about":[{"href":"https:\/\/claec.org\/semlacult\/wp-json\/wp\/v2\/types\/page"}],"author":[{"embeddable":true,"href":"https:\/\/claec.org\/semlacult\/wp-json\/wp\/v2\/users\/1"}],"replies":[{"embeddable":true,"href":"https:\/\/claec.org\/semlacult\/wp-json\/wp\/v2\/comments?post=1113"}],"version-history":[{"count":3,"href":"https:\/\/claec.org\/semlacult\/wp-json\/wp\/v2\/pages\/1113\/revisions"}],"predecessor-version":[{"id":2031,"href":"https:\/\/claec.org\/semlacult\/wp-json\/wp\/v2\/pages\/1113\/revisions\/2031"}],"up":[{"embeddable":true,"href":"https:\/\/claec.org\/semlacult\/wp-json\/wp\/v2\/pages\/1563"}],"wp:attachment":[{"href":"https:\/\/claec.org\/semlacult\/wp-json\/wp\/v2\/media?parent=1113"}],"curies":[{"name":"wp","href":"https:\/\/api.w.org\/{rel}","templated":true}]}}