{"id":565,"date":"2019-09-16T12:33:32","date_gmt":"2019-09-16T15:33:32","guid":{"rendered":"http:\/\/claec.org\/elacult\/?page_id=565"},"modified":"2020-06-23T17:38:35","modified_gmt":"2020-06-23T20:38:35","slug":"2019-4-2","status":"publish","type":"page","link":"https:\/\/claec.org\/elacult\/2019-4-2\/","title":{"rendered":"As no\u00e7\u00f5es de realidade ps\u00edquica e de loucura em Sigmund Freud e Jacques Lacan: considera\u00e7\u00f5es sobre o diagn\u00f3stico em psican\u00e1lise"},"content":{"rendered":"<p>A discuss\u00e3o entre o limite de ser ou n\u00e3o louco, assim como entre o que definiria a neurose e a psicose atravessa tanto a obra de Freud quanto o ensino de Lacan. Com a instigante afirma\u00e7\u00e3o \u201c[&#8230;] todo mundo \u00e9 louco, ou seja, delirante\u201d (1978, p. 35), Lacan aproxima a categoria de delirante a de loucura, abrindo um percurso de investiga\u00e7\u00e3o sobre a rela\u00e7\u00e3o entre a loucura e o que seriam os seus fen\u00f4menos.<\/p>\n<p>Pontuamos neste curso que generalizar a loucura na\u0303o e\u0301, no entanto, banaliza\u0301-la, mas quer dizer que, assim como todos sa\u0303o tomados pelo o que Lacan denominou de real, todos precisam construir a sua pro\u0301pria maneira de viver diante do sem sentido que o real, nos imp\u00f5e. Nesse caminho, e\u0301 possi\u0301vel pensar em um ponto de loucura inerente ao ser falante. Isto \u00e9, considerar uma dimensa\u0303o da loucura que e\u0301 ao mesmo u\u0301nica e concernente a todos, significa tambe\u0301m retirar a loucura do senso patolo\u0301gico e incorpora\u0301-la a uma dimensa\u0303o do ser falante.<\/p>\n<p>A proposta deste curso \u00e9, portanto, a partir da destacada cita\u00e7\u00e3o lacaniana, percorrer os principais textos e conceitos de Freud e de Lacan, que abordam a no\u00e7\u00e3o de loucura, de realidade ps\u00edquica e de diagn\u00f3stico, examinando, dessa forma, as posi\u00e7\u00f5es te\u00f3rico-cl\u00ednicas assumidas, por ambos autores sobre o tema, em diferentes momentos de seus respectivos percursos.<\/p>\n<p><strong>Objetivo:<\/strong><\/p>\n<p>Tomando a afirmativa lacaniana que generaliza a loucura como uma b\u00fassola que pode nos orientar n\u00e3o apenas no final do ensino de Lacan, mas tamb\u00e9m na pr\u00f3pria obra de Freud, o pai da psican\u00e1lise, examinaremos as diferen\u00e7as entre loucura, neurose, psicose e as suas respectivas realidades ps\u00edquicas no \u00e2mbito psicanal\u00edtico.<\/p>\n<p><strong>Destinat\u00e1rios:<\/strong><\/p>\n<p>Graduandos, profissionais e p\u00f3s-graduandos em psicologia, filosofia ou \u00e1rea afim, assim como interessados na psican\u00e1lise freudiana e lacaniana.<\/p>\n<p id=\"yui_3_17_2_1_1568648319178_206\"><b id=\"yui_3_17_2_1_1568648319178_207\">Docente:<\/b><\/p>\n<p id=\"yui_3_17_2_1_1568648319178_205\"><b id=\"yui_3_17_2_1_1568648319178_204\">Prof\u00aa Dra. Deborah Lima Klajnman\u00a0<a href=\"http:\/\/buscatextual.cnpq.br\/buscatextual\/visualizacv.do?id=K4236103T5\" target=\"_blank\" rel=\"noreferrer noopener\" aria-label=\"[+] (abre em uma nova aba)\">[Curr\u00edculo Lattes]<\/a><\/b><\/p>\n<p id=\"yui_3_17_2_1_1568648319178_200\">Doutora em Psican\u00e1lise pela Universidade do Estado do Rio de Janeiro (UERJ) com cotutela em psicologia pela Universit\u00e9 C\u00f4te d&#8217;azur (UNICE), mestre em Cl\u00ednica e Pesquisa em Psican\u00e1lise pela UERJ, especialista em Cl\u00ednica Psicanal\u00edtica pelo Instituto de Psiquiatria da UFRJ (IPUB) e graduada em Psicologia pela Universidade Federal Fluminense (UFF). Possui experi\u00eancia em doc\u00eancia, psicologia cl\u00ednica, sa\u00fade mental com \u00eanfase em Psican\u00e1lise, psicologia hospitalar e assist\u00eancia social. Atualmente atende em consult\u00f3rio particular, \u00e9 professora assistente do departamento de Psicologia e Psican\u00e1lise e da especializa\u00e7\u00e3o em Cl\u00ednica Psicanal\u00edtica da Universidade Estadual de Londrina (UEL), coordenadora dos grupos ?Psican\u00e1lise e urg\u00eancias sociais: pol\u00edtica, cl\u00ednica e cultura? na mesma Universidade e &#8220;Realidade ps\u00edquica e loucura em Freud e Lacan&#8221; no Corpo Freudiano do Rio de Janeiro.<\/p>\n<p id=\"yui_3_17_2_1_1568648319178_203\"><b id=\"yui_3_17_2_1_1568648319178_202\">C\u00f3digo de \u00e1rea do conhecimento (CNPq):<\/b><\/p>\n<p>7.00.00.00-0 Ci\u00eancias Humanas<br \/>\n7.07.10.00-7 Tratamento e Preven\u00e7\u00e3o Psicol\u00f3gica<\/p>\n<p id=\"yui_3_17_2_1_1568648319178_208\"><span id=\"yui_3_17_2_1_1568648319178_211\"><span id=\"yui_3_17_2_1_1568648319178_210\"><b id=\"yui_3_17_2_1_1568648319178_209\">Palavras chave:<\/b><\/span><b> <\/b><\/span><\/p>\n<p>Psican\u00e1lise, Loucura, Diagn\u00f3stico, Neurose, Psicose.<\/p>\n<p><strong>Ementa:<\/strong><\/p>\n<p>[Aula 1]<br \/>\n<strong>Psican\u00e1lise, psicologia e psiquiatria: a quest\u00e3o diagn\u00f3stica e as suas principais diferen\u00e7as<\/strong><\/p>\n<p>Objetivo:<br \/>\nDelimitar as diferen\u00e7as entrepsican\u00e1lise, psicologia e psiquiatria, a partir da quest\u00e3o diagn\u00f3stica.<\/p>\n<p>Bibliografia:<br \/>\nKLAJNMAN, D.; FERREIRA, L.; JORGE, M. A. C. A quest\u00e3o do diagn\u00f3stico na psican\u00e1lise e na psiquiatria. In: BARROS, Rita Maria Manso; DARRIBA, Vin\u00edcius (orgs). Psican\u00e1lise e Sa\u00fade,entre o Estado e o Sujeito. Rio de Janeiro: Cia de Freud, 2015.<\/p>\n<hr \/>\n<p>[Aula 2]<br \/>\n<strong>O conceito de defesa em psican\u00e1lise<\/strong><\/p>\n<p>Objetivo:<br \/>\nApresentar a import\u00e2ncia do conceito de defesa e mecanismos de defesa em psican\u00e1lise.<\/p>\n<p>Bibliografia:<br \/>\nFreud, S. Psiconeuroses de defesa (1894) e Observa\u00e7\u00f5es adicionais sobre as Psiconeuroses de Defesa (1896). In: Obras completas. Edi\u00e7\u00e3o standard brasileira das obras psicol\u00f3gicas completas de Sigmund Freud. Rio de Janeiro: Imago, 1969.<\/p>\n<hr \/>\n<p>[Aula 3]<br \/>\n<strong>Introdu\u00e7\u00e3o \u00e0 psicopatologia na obra freudiana<\/strong><\/p>\n<p>Objetivo:<br \/>\nPercorrer os textos iniciais freudianos que j\u00e1 delimitavam diferentes categorias ps\u00edquicas.<\/p>\n<p>Bibliografia:<br \/>\nFreud, S. Manuscrito H (Paranoia) (1895) e Manuscrito K (As neuroses de defesa) (1896). In: Neurose, psicose, pervers\u00e3o, S\u00e3o Paulo: Aut\u00eantica, 2016.<\/p>\n<hr \/>\n<p>[Aula 4]<br \/>\n<strong>O conceito de fantasia em Freud<\/strong><\/p>\n<p>Objetivo:<br \/>\nDiscutir o conceito de fantasia e de realidade ps\u00edquica no in\u00edcio da obra<br \/>\nfreudiana.<\/p>\n<p>Bibliografia:<br \/>\nFreud, S. Carta 112 (52) (1896) e carta 139 (69) (1897) In: Neurose, psicose, pervers\u00e3o S\u00e3o Paulo: Aut\u00eantica, 2016<\/p>\n<hr \/>\n<p>[Aula 5]<br \/>\n<strong>Neurose e psicose: uma diferencia\u00e7\u00e3o freudiana<\/strong><\/p>\n<p>Objetivo:<br \/>\nAbordar a diferencia\u00e7\u00e3o entre neurose e psicose.<\/p>\n<p>Bibliografia:<br \/>\nFreud, S. Neurose e psicose e A perda da realidade ps\u00edquica na neurose e na psicose. In: Neurose, psicose, pervers\u00e3o S\u00e3o Paulo: Aut\u00eantica, 2016.<\/p>\n<hr \/>\n<p>[Aula 6]<br \/>\n<strong>O conceito de estrutura em Lacan e a dicotomia Fen\u00f4meno x Estrutura<\/strong><\/p>\n<p>Objetivo:<br \/>\nDiscutir o conceito de estrutura e fen\u00f4menos para a psican\u00e1lise.<\/p>\n<p>Bibliografia:<br \/>\nLacan, J. O Semin\u00e1rio, livro 3: as psicoses, Li\u00e7\u00e3o VI e VII (1955). Rio de Janeiro: Zahar, 1998.<\/p>\n<hr \/>\n<p>[Aula 7]<br \/>\n<strong>A realidade ps\u00edquica e sua diferencia\u00e7\u00e3o em Lacan<\/strong><\/p>\n<p>Objetivo:<br \/>\nExaminar a constitui\u00e7\u00e3o do campo da realidade ps\u00edquica para Lacan.<\/p>\n<p>Bibliografia:<br \/>\nLacan, J. De uma quest\u00e3o preliminar a todo tratamento poss\u00edvel de psicose (1957\/58). In: Escritos Rio de Janeiro: Zahar, 1998, p. 537- 590.<\/p>\n<hr \/>\n<p>[Aula 8]<br \/>\n<strong>\u201cTodo mundo \u00e9 louco, ou seja, delirante\u201d<\/strong><\/p>\n<p>Objetivo:<br \/>\nA partir da afirmativa lacaniana que aproxima a categoria de delirante e de loucura, retomar os principais pontos do percurso te\u00f3rico apresentado durante o curso.<\/p>\n<p>Bibliografia:<br \/>\nTransfer\u00eancia para Saint Denis? Lacan a favor de Vincenne. In Revista Correio 65.<\/p>\n<hr \/>\n<p><strong>Cronograma:<\/strong><\/p>\n<p><strong>Inscri\u00e7\u00f5es:<br \/>\n<\/strong>De 12\/05\/2020 (Ter\u00e7a-feira) a 31\/07\/2020 (Sexta-feira)<\/p>\n<p><strong>Curso:<\/strong><br \/>\nDe 03\/08\/2020 (Segunda-feira)\u00a0a 28\/09\/2020 (Segunda-feira)<\/p>\n<p><a class=\"btn btn-success\" href=\"https:\/\/api.whatsapp.com\/send?phone=5511942966215&amp;text=Ol\u00e1!%20Gostaria%20de%20obter%20mais%20informa\u00e7\u00f5es%20sobre%20o%20curso%20As%20no\u00e7\u00f5es%20de%20realidade%20ps\u00edquica%20e%20de%20loucura%20em%20Sigmund%20Freud%20e%20Jacques%20Lacan.\" target=\"_blank\" rel=\"noopener\">+ info via WhatsApp<\/a><\/p>\n<p><a class=\"btn btn-primary\" href=\"http:\/\/m.me\/claecult\" target=\"_blank\" rel=\"noopener\">+ info via Facebook Messenger<\/a><\/p>\n<p><a class=\"btn btn-info\" href=\"https:\/\/forms.gle\/8zDy3PvdH1tshHxn7\" target=\"_blank\" rel=\"noopener\">Reservar vaga<\/a><\/p>\n","protected":false},"excerpt":{"rendered":"<p>A discuss\u00e3o entre o limite de ser ou n\u00e3o louco, assim como entre o que definiria a neurose e a psicose atravessa tanto a obra de Freud quanto o ensino de Lacan. Com a instigante afirma\u00e7\u00e3o \u201c[&#8230;] todo mundo \u00e9 louco, ou seja, delirante\u201d (1978, p. 35), Lacan aproxima a categoria de delirante a de [&hellip;]<\/p>\n","protected":false},"author":8,"featured_media":0,"parent":0,"menu_order":0,"comment_status":"closed","ping_status":"closed","template":"","meta":{"_monsterinsights_skip_tracking":false,"_monsterinsights_sitenote_active":false,"_monsterinsights_sitenote_note":"","_monsterinsights_sitenote_category":0,"footnotes":""},"class_list":["post-565","page","type-page","status-publish","hentry"],"_links":{"self":[{"href":"https:\/\/claec.org\/elacult\/wp-json\/wp\/v2\/pages\/565","targetHints":{"allow":["GET"]}}],"collection":[{"href":"https:\/\/claec.org\/elacult\/wp-json\/wp\/v2\/pages"}],"about":[{"href":"https:\/\/claec.org\/elacult\/wp-json\/wp\/v2\/types\/page"}],"author":[{"embeddable":true,"href":"https:\/\/claec.org\/elacult\/wp-json\/wp\/v2\/users\/8"}],"replies":[{"embeddable":true,"href":"https:\/\/claec.org\/elacult\/wp-json\/wp\/v2\/comments?post=565"}],"version-history":[{"count":39,"href":"https:\/\/claec.org\/elacult\/wp-json\/wp\/v2\/pages\/565\/revisions"}],"predecessor-version":[{"id":1049,"href":"https:\/\/claec.org\/elacult\/wp-json\/wp\/v2\/pages\/565\/revisions\/1049"}],"wp:attachment":[{"href":"https:\/\/claec.org\/elacult\/wp-json\/wp\/v2\/media?parent=565"}],"curies":[{"name":"wp","href":"https:\/\/api.w.org\/{rel}","templated":true}]}}

As noções de realidade psíquica e de loucura em Sigmund Freud e Jacques Lacan: considerações sobre o diagnóstico em psicanálise

<p>A discussão entre o limite de ser ou não louco, assim como entre o que definiria a neurose e a psicose atravessa tanto a obra de Freud quanto o ensino de Lacan. Com a instigante afirmação “[&#8230;] todo mundo é louco, ou seja, delirante” (1978, p. 35), Lacan aproxima a categoria de delirante a de loucura, abrindo um percurso de investigação sobre a relação entre a loucura e o que seriam os seus fenômenos.</p>
<p>Pontuamos neste curso que generalizar a loucura não é, no entanto, banalizá-la, mas quer dizer que, assim como todos são tomados pelo o que Lacan denominou de real, todos precisam construir a sua própria maneira de viver diante do sem sentido que o real, nos impõe. Nesse caminho, é possível pensar em um ponto de loucura inerente ao ser falante. Isto é, considerar uma dimensão da loucura que é ao mesmo única e concernente a todos, significa também retirar a loucura do senso patológico e incorporá-la a uma dimensão do ser falante.</p>
<p>A proposta deste curso é, portanto, a partir da destacada citação lacaniana, percorrer os principais textos e conceitos de Freud e de Lacan, que abordam a noção de loucura, de realidade psíquica e de diagnóstico, examinando, dessa forma, as posições teórico-clínicas assumidas, por ambos autores sobre o tema, em diferentes momentos de seus respectivos percursos.</p>
<p><strong>Objetivo:</strong></p>
<p>Tomando a afirmativa lacaniana que generaliza a loucura como uma bússola que pode nos orientar não apenas no final do ensino de Lacan, mas também na própria obra de Freud, o pai da psicanálise, examinaremos as diferenças entre loucura, neurose, psicose e as suas respectivas realidades psíquicas no âmbito psicanalítico.</p>
<p><strong>Destinatários:</strong></p>
<p>Graduandos, profissionais e pós-graduandos em psicologia, filosofia ou área afim, assim como interessados na psicanálise freudiana e lacaniana.</p>
<p id="yui_3_17_2_1_1568648319178_206"><b id="yui_3_17_2_1_1568648319178_207">Docente:</b></p>
<p id="yui_3_17_2_1_1568648319178_205"><b id="yui_3_17_2_1_1568648319178_204">Profª Dra. Deborah Lima Klajnman <a href="http://buscatextual.cnpq.br/buscatextual/visualizacv.do?id=K4236103T5" target="_blank" rel="noreferrer noopener" aria-label="[+] (abre em uma nova aba)">[Currículo Lattes]</a></b></p>
<p id="yui_3_17_2_1_1568648319178_200">Doutora em Psicanálise pela Universidade do Estado do Rio de Janeiro (UERJ) com cotutela em psicologia pela Université Côte d&#8217;azur (UNICE), mestre em Clínica e Pesquisa em Psicanálise pela UERJ, especialista em Clínica Psicanalítica pelo Instituto de Psiquiatria da UFRJ (IPUB) e graduada em Psicologia pela Universidade Federal Fluminense (UFF). Possui experiência em docência, psicologia clínica, saúde mental com ênfase em Psicanálise, psicologia hospitalar e assistência social. Atualmente atende em consultório particular, é professora assistente do departamento de Psicologia e Psicanálise e da especialização em Clínica Psicanalítica da Universidade Estadual de Londrina (UEL), coordenadora dos grupos ?Psicanálise e urgências sociais: política, clínica e cultura? na mesma Universidade e &#8220;Realidade psíquica e loucura em Freud e Lacan&#8221; no Corpo Freudiano do Rio de Janeiro.</p>
<p id="yui_3_17_2_1_1568648319178_203"><b id="yui_3_17_2_1_1568648319178_202">Código de área do conhecimento (CNPq):</b></p>
<p>7.00.00.00-0 Ciências Humanas<br />
7.07.10.00-7 Tratamento e Prevenção Psicológica</p>
<p id="yui_3_17_2_1_1568648319178_208"><span id="yui_3_17_2_1_1568648319178_211"><span id="yui_3_17_2_1_1568648319178_210"><b id="yui_3_17_2_1_1568648319178_209">Palavras chave:</b></span><b> </b></span></p>
<p>Psicanálise, Loucura, Diagnóstico, Neurose, Psicose.</p>
<p><strong>Ementa:</strong></p>
<p>[Aula 1]<br />
<strong>Psicanálise, psicologia e psiquiatria: a questão diagnóstica e as suas principais diferenças</strong></p>
<p>Objetivo:<br />
Delimitar as diferenças entrepsicanálise, psicologia e psiquiatria, a partir da questão diagnóstica.</p>
<p>Bibliografia:<br />
KLAJNMAN, D.; FERREIRA, L.; JORGE, M. A. C. A questão do diagnóstico na psicanálise e na psiquiatria. In: BARROS, Rita Maria Manso; DARRIBA, Vinícius (orgs). Psicanálise e Saúde,entre o Estado e o Sujeito. Rio de Janeiro: Cia de Freud, 2015.</p>
<hr />
<p>[Aula 2]<br />
<strong>O conceito de defesa em psicanálise</strong></p>
<p>Objetivo:<br />
Apresentar a importância do conceito de defesa e mecanismos de defesa em psicanálise.</p>
<p>Bibliografia:<br />
Freud, S. Psiconeuroses de defesa (1894) e Observações adicionais sobre as Psiconeuroses de Defesa (1896). In: Obras completas. Edição standard brasileira das obras psicológicas completas de Sigmund Freud. Rio de Janeiro: Imago, 1969.</p>
<hr />
<p>[Aula 3]<br />
<strong>Introdução à psicopatologia na obra freudiana</strong></p>
<p>Objetivo:<br />
Percorrer os textos iniciais freudianos que já delimitavam diferentes categorias psíquicas.</p>
<p>Bibliografia:<br />
Freud, S. Manuscrito H (Paranoia) (1895) e Manuscrito K (As neuroses de defesa) (1896). In: Neurose, psicose, perversão, São Paulo: Autêntica, 2016.</p>
<hr />
<p>[Aula 4]<br />
<strong>O conceito de fantasia em Freud</strong></p>
<p>Objetivo:<br />
Discutir o conceito de fantasia e de realidade psíquica no início da obra<br />
freudiana.</p>
<p>Bibliografia:<br />
Freud, S. Carta 112 (52) (1896) e carta 139 (69) (1897) In: Neurose, psicose, perversão São Paulo: Autêntica, 2016</p>
<hr />
<p>[Aula 5]<br />
<strong>Neurose e psicose: uma diferenciação freudiana</strong></p>
<p>Objetivo:<br />
Abordar a diferenciação entre neurose e psicose.</p>
<p>Bibliografia:<br />
Freud, S. Neurose e psicose e A perda da realidade psíquica na neurose e na psicose. In: Neurose, psicose, perversão São Paulo: Autêntica, 2016.</p>
<hr />
<p>[Aula 6]<br />
<strong>O conceito de estrutura em Lacan e a dicotomia Fenômeno x Estrutura</strong></p>
<p>Objetivo:<br />
Discutir o conceito de estrutura e fenômenos para a psicanálise.</p>
<p>Bibliografia:<br />
Lacan, J. O Seminário, livro 3: as psicoses, Lição VI e VII (1955). Rio de Janeiro: Zahar, 1998.</p>
<hr />
<p>[Aula 7]<br />
<strong>A realidade psíquica e sua diferenciação em Lacan</strong></p>
<p>Objetivo:<br />
Examinar a constituição do campo da realidade psíquica para Lacan.</p>
<p>Bibliografia:<br />
Lacan, J. De uma questão preliminar a todo tratamento possível de psicose (1957/58). In: Escritos Rio de Janeiro: Zahar, 1998, p. 537- 590.</p>
<hr />
<p>[Aula 8]<br />
<strong>“Todo mundo é louco, ou seja, delirante”</strong></p>
<p>Objetivo:<br />
A partir da afirmativa lacaniana que aproxima a categoria de delirante e de loucura, retomar os principais pontos do percurso teórico apresentado durante o curso.</p>
<p>Bibliografia:<br />
Transferência para Saint Denis? Lacan a favor de Vincenne. In Revista Correio 65.</p>
<hr />
<p><strong>Cronograma:</strong></p>
<p><strong>Inscrições:<br />
</strong>De 12/05/2020 (Terça-feira) a 31/07/2020 (Sexta-feira)</p>
<p><strong>Curso:</strong><br />
De 03/08/2020 (Segunda-feira) a 28/09/2020 (Segunda-feira)</p>
<p><a class="btn btn-success" href="https://api.whatsapp.com/send?phone=5511942966215&amp;text=Olá!%20Gostaria%20de%20obter%20mais%20informações%20sobre%20o%20curso%20As%20noções%20de%20realidade%20psíquica%20e%20de%20loucura%20em%20Sigmund%20Freud%20e%20Jacques%20Lacan." target="_blank" rel="noopener">+ info via WhatsApp</a></p>
<p><a class="btn btn-primary" href="http://m.me/claecult" target="_blank" rel="noopener">+ info via Facebook Messenger</a></p>
<p><a class="btn btn-info" href="https://forms.gle/8zDy3PvdH1tshHxn7" target="_blank" rel="noopener">Reservar vaga</a></p>

<p>A discussão entre o limite de ser ou não louco, assim como entre o que definiria a neurose e a psicose atravessa tanto a obra de Freud quanto o ensino de Lacan. Com a instigante afirmação “[&#8230;] todo mundo é louco, ou seja, delirante” (1978, p. 35), Lacan aproxima a categoria de delirante a de [&hellip;]</p>
