{"id":2024,"date":"2026-03-18T15:42:27","date_gmt":"2026-03-18T18:42:27","guid":{"rendered":"https:\/\/claec.org\/elacult\/?page_id=2024"},"modified":"2026-03-18T16:21:47","modified_gmt":"2026-03-18T19:21:47","slug":"noticias","status":"publish","type":"page","link":"https:\/\/claec.org\/elacult\/noticias\/","title":{"rendered":"Not\u00edcias"},"content":{"rendered":"\t\t<div data-elementor-type=\"wp-page\" data-elementor-id=\"2024\" class=\"elementor elementor-2024\" data-elementor-post-type=\"page\">\n\t\t\t\t\t\t<section class=\"elementor-section elementor-top-section elementor-element elementor-element-20781a0 elementor-section-boxed elementor-section-height-default elementor-section-height-default\" data-id=\"20781a0\" data-element_type=\"section\" data-e-type=\"section\">\n\t\t\t\t\t\t<div class=\"elementor-container elementor-column-gap-default\">\n\t\t\t\t\t<div class=\"elementor-column elementor-col-100 elementor-top-column elementor-element elementor-element-6e52f43\" data-id=\"6e52f43\" data-element_type=\"column\" data-e-type=\"column\">\n\t\t\t<div class=\"elementor-widget-wrap elementor-element-populated\">\n\t\t\t\t\t\t<div class=\"elementor-element elementor-element-ab4f935 elementor-widget__width-initial elementor-widget-mobile__width-initial elementor-widget elementor-widget-heading\" data-id=\"ab4f935\" data-element_type=\"widget\" data-e-type=\"widget\" data-widget_type=\"heading.default\">\n\t\t\t\t<div class=\"elementor-widget-container\">\n\t\t\t\t\t<h2 class=\"elementor-heading-title elementor-size-default\">Not\u00edcias<\/h2>\t\t\t\t<\/div>\n\t\t\t\t<\/div>\n\t\t\t\t<div class=\"elementor-element elementor-element-1c252e9 elementor-widget elementor-widget-text-editor\" data-id=\"1c252e9\" data-element_type=\"widget\" data-e-type=\"widget\" data-widget_type=\"text-editor.default\">\n\t\t\t\t<div class=\"elementor-widget-container\">\n\t\t\t\t\t\t\t\t\t<p>Fique por dentro das principais novidades da Escola Latino-Americana de Altos Estudos em Cultura (ELACult). Aqui voc\u00ea acompanha atualiza\u00e7\u00f5es sobre programas, iniciativas, eventos e a\u00e7\u00f5es que fortalecem a forma\u00e7\u00e3o em pol\u00edticas culturais, gest\u00e3o sociocultural e coopera\u00e7\u00e3o Sul-Sul. Nosso compromisso \u00e9 compartilhar conhecimento, resultados e oportunidades que geram impacto real nas realidades da Am\u00e9rica Latina.<\/p>\t\t\t\t\t\t\t\t<\/div>\n\t\t\t\t<\/div>\n\t\t\t\t\t<\/div>\n\t\t<\/div>\n\t\t\t\t\t<\/div>\n\t\t<\/section>\n\t\t\t\t<section class=\"elementor-section elementor-top-section elementor-element elementor-element-a99998f elementor-section-boxed elementor-section-height-default elementor-section-height-default\" data-id=\"a99998f\" data-element_type=\"section\" data-e-type=\"section\" data-settings=\"{&quot;background_background&quot;:&quot;classic&quot;}\">\n\t\t\t\t\t\t<div class=\"elementor-container elementor-column-gap-default\">\n\t\t\t\t\t<div class=\"elementor-column elementor-col-100 elementor-top-column elementor-element elementor-element-c837fbf\" data-id=\"c837fbf\" data-element_type=\"column\" data-e-type=\"column\">\n\t\t\t<div class=\"elementor-widget-wrap elementor-element-populated\">\n\t\t\t\t\t\t<div class=\"elementor-element elementor-element-4956905 elementor-grid-3 elementor-grid-tablet-2 elementor-grid-mobile-1 elementor-posts--thumbnail-top elementor-widget elementor-widget-posts\" data-id=\"4956905\" data-element_type=\"widget\" data-e-type=\"widget\" data-settings=\"{&quot;pagination_type&quot;:&quot;numbers_and_prev_next&quot;,&quot;classic_columns&quot;:&quot;3&quot;,&quot;classic_columns_tablet&quot;:&quot;2&quot;,&quot;classic_columns_mobile&quot;:&quot;1&quot;,&quot;classic_row_gap&quot;:{&quot;unit&quot;:&quot;px&quot;,&quot;size&quot;:35,&quot;sizes&quot;:[]},&quot;classic_row_gap_tablet&quot;:{&quot;unit&quot;:&quot;px&quot;,&quot;size&quot;:&quot;&quot;,&quot;sizes&quot;:[]},&quot;classic_row_gap_mobile&quot;:{&quot;unit&quot;:&quot;px&quot;,&quot;size&quot;:&quot;&quot;,&quot;sizes&quot;:[]}}\" data-widget_type=\"posts.classic\">\n\t\t\t\t<div class=\"elementor-widget-container\">\n\t\t\t\t\t\t\t<div class=\"elementor-posts-container elementor-posts elementor-posts--skin-classic elementor-grid\" role=\"list\">\n\t\t\t\t<article class=\"elementor-post elementor-grid-item post-1517 post type-post status-publish format-standard has-post-thumbnail hentry category-editais category-novidades\" role=\"listitem\">\n\t\t\t\t<a class=\"elementor-post__thumbnail__link\" href=\"https:\/\/claec.org\/elacult\/2022\/03\/26\/novo-cronograma_cursos-elacult-2022\/\" tabindex=\"-1\" >\n\t\t\t<div class=\"elementor-post__thumbnail\"><img fetchpriority=\"high\" decoding=\"async\" width=\"300\" height=\"300\" src=\"https:\/\/claec.org\/elacult\/wp-content\/uploads\/sites\/4\/2019\/04\/thumb1-300x300.jpg\" class=\"attachment-medium size-medium wp-image-274\" alt=\"ELACULT - Extens\u00e3o Universit\u00e1ria\" srcset=\"https:\/\/claec.org\/elacult\/wp-content\/uploads\/sites\/4\/2019\/04\/thumb1-300x300.jpg 300w, https:\/\/claec.org\/elacult\/wp-content\/uploads\/sites\/4\/2019\/04\/thumb1-150x150.jpg 150w, https:\/\/claec.org\/elacult\/wp-content\/uploads\/sites\/4\/2019\/04\/thumb1-250x250.jpg 250w, https:\/\/claec.org\/elacult\/wp-content\/uploads\/sites\/4\/2019\/04\/thumb1.jpg 500w, https:\/\/claec.org\/elacult\/wp-content\/uploads\/sites\/4\/2019\/04\/thumb1-174x174.jpg 174w\" sizes=\"(max-width: 300px) 100vw, 300px\" \/><\/div>\n\t\t<\/a>\n\t\t\t\t<div class=\"elementor-post__text\">\n\t\t\t\t<h3 class=\"elementor-post__title\">\n\t\t\t<a href=\"https:\/\/claec.org\/elacult\/2022\/03\/26\/novo-cronograma_cursos-elacult-2022\/\" >\n\t\t\t\tNovo cronograma_Cursos ELACult 2022\t\t\t<\/a>\n\t\t<\/h3>\n\t\t\t\t<div class=\"elementor-post__meta-data\">\n\t\t\t\t\t<span class=\"elementor-post-date\">\n\t\t\t26\/03\/2022\t\t<\/span>\n\t\t\t\t<\/div>\n\t\t\t\t<div class=\"elementor-post__excerpt\">\n\t\t\t<p>Cronograma Atualizado ELAcult 2022<\/p>\n\t\t<\/div>\n\t\t\n\t\t<a class=\"elementor-post__read-more\" href=\"https:\/\/claec.org\/elacult\/2022\/03\/26\/novo-cronograma_cursos-elacult-2022\/\" aria-label=\"Leia mais sobre Novo cronograma_Cursos ELACult 2022\" tabindex=\"-1\" >\n\t\t\tLeia mais \u00bb\t\t<\/a>\n\n\t\t\t\t<\/div>\n\t\t\t\t<\/article>\n\t\t\t\t<article class=\"elementor-post elementor-grid-item post-1507 post type-post status-publish format-standard has-post-thumbnail hentry category-destaques category-editais category-hibrido category-novidades tag-convocatoria-docente tag-cursos-2022 tag-edital\" role=\"listitem\">\n\t\t\t\t<a class=\"elementor-post__thumbnail__link\" href=\"https:\/\/claec.org\/elacult\/2021\/11\/18\/convocatoria-docente-2022\/\" tabindex=\"-1\" >\n\t\t\t<div class=\"elementor-post__thumbnail\"><img decoding=\"async\" width=\"300\" height=\"218\" src=\"https:\/\/claec.org\/elacult\/wp-content\/uploads\/sites\/4\/2021\/11\/school-work-g0394c75b9_1920-300x218.jpg\" class=\"attachment-medium size-medium wp-image-1509\" alt=\"\" srcset=\"https:\/\/claec.org\/elacult\/wp-content\/uploads\/sites\/4\/2021\/11\/school-work-g0394c75b9_1920-300x218.jpg 300w, https:\/\/claec.org\/elacult\/wp-content\/uploads\/sites\/4\/2021\/11\/school-work-g0394c75b9_1920-1024x746.jpg 1024w, https:\/\/claec.org\/elacult\/wp-content\/uploads\/sites\/4\/2021\/11\/school-work-g0394c75b9_1920-768x559.jpg 768w, https:\/\/claec.org\/elacult\/wp-content\/uploads\/sites\/4\/2021\/11\/school-work-g0394c75b9_1920-1536x1118.jpg 1536w, https:\/\/claec.org\/elacult\/wp-content\/uploads\/sites\/4\/2021\/11\/school-work-g0394c75b9_1920.jpg 1920w\" sizes=\"(max-width: 300px) 100vw, 300px\" \/><\/div>\n\t\t<\/a>\n\t\t\t\t<div class=\"elementor-post__text\">\n\t\t\t\t<h3 class=\"elementor-post__title\">\n\t\t\t<a href=\"https:\/\/claec.org\/elacult\/2021\/11\/18\/convocatoria-docente-2022\/\" >\n\t\t\t\tConvocat\u00f3ria Docente 2022\t\t\t<\/a>\n\t\t<\/h3>\n\t\t\t\t<div class=\"elementor-post__meta-data\">\n\t\t\t\t\t<span class=\"elementor-post-date\">\n\t\t\t18\/11\/2021\t\t<\/span>\n\t\t\t\t<\/div>\n\t\t\t\t<div class=\"elementor-post__excerpt\">\n\t\t\t<p>Edital para Propostas de cursos 2022<\/p>\n\t\t<\/div>\n\t\t\n\t\t<a class=\"elementor-post__read-more\" href=\"https:\/\/claec.org\/elacult\/2021\/11\/18\/convocatoria-docente-2022\/\" aria-label=\"Leia mais sobre Convocat\u00f3ria Docente 2022\" tabindex=\"-1\" >\n\t\t\tLeia mais \u00bb\t\t<\/a>\n\n\t\t\t\t<\/div>\n\t\t\t\t<\/article>\n\t\t\t\t<article class=\"elementor-post elementor-grid-item post-1307 post type-post status-publish format-standard has-post-thumbnail hentry category-destaques category-hibrido category-novidades category-proximos-cursos tag-feminismo tag-neoliberalismo tag-teorias-feministas\" role=\"listitem\">\n\t\t\t\t<a class=\"elementor-post__thumbnail__link\" href=\"https:\/\/claec.org\/elacult\/2021\/03\/26\/inscricoes-abertas-para-o-curso-teorias-feministas-e-neoliberalismo\/\" tabindex=\"-1\" >\n\t\t\t<div class=\"elementor-post__thumbnail\"><img decoding=\"async\" width=\"300\" height=\"292\" src=\"https:\/\/claec.org\/elacult\/wp-content\/uploads\/sites\/4\/2021\/03\/Teorias-feministas-e-neoliberalismo-300x292.png\" class=\"attachment-medium size-medium wp-image-1308\" alt=\"\" srcset=\"https:\/\/claec.org\/elacult\/wp-content\/uploads\/sites\/4\/2021\/03\/Teorias-feministas-e-neoliberalismo-300x292.png 300w, https:\/\/claec.org\/elacult\/wp-content\/uploads\/sites\/4\/2021\/03\/Teorias-feministas-e-neoliberalismo-768x747.png 768w, https:\/\/claec.org\/elacult\/wp-content\/uploads\/sites\/4\/2021\/03\/Teorias-feministas-e-neoliberalismo.png 950w\" sizes=\"(max-width: 300px) 100vw, 300px\" \/><\/div>\n\t\t<\/a>\n\t\t\t\t<div class=\"elementor-post__text\">\n\t\t\t\t<h3 class=\"elementor-post__title\">\n\t\t\t<a href=\"https:\/\/claec.org\/elacult\/2021\/03\/26\/inscricoes-abertas-para-o-curso-teorias-feministas-e-neoliberalismo\/\" >\n\t\t\t\tInscri\u00e7\u00f5es abertas para o curso Teorias feministas e neoliberalismo\t\t\t<\/a>\n\t\t<\/h3>\n\t\t\t\t<div class=\"elementor-post__meta-data\">\n\t\t\t\t\t<span class=\"elementor-post-date\">\n\t\t\t26\/03\/2021\t\t<\/span>\n\t\t\t\t<\/div>\n\t\t\t\t<div class=\"elementor-post__excerpt\">\n\t\t\t<p>A Escola Latino-Americana de Altos Estudos em Cultura (ELACult) abre inscri\u00e7\u00f5es para o curso Teorias feministas e neoliberalismo: debates contempor\u00e2neos na modalidade virtual. Cronograma: Curso de 8 (oito) semanas de<\/p>\n\t\t<\/div>\n\t\t\n\t\t<a class=\"elementor-post__read-more\" href=\"https:\/\/claec.org\/elacult\/2021\/03\/26\/inscricoes-abertas-para-o-curso-teorias-feministas-e-neoliberalismo\/\" aria-label=\"Leia mais sobre Inscri\u00e7\u00f5es abertas para o curso Teorias feministas e neoliberalismo\" tabindex=\"-1\" >\n\t\t\tLeia mais \u00bb\t\t<\/a>\n\n\t\t\t\t<\/div>\n\t\t\t\t<\/article>\n\t\t\t\t<article class=\"elementor-post elementor-grid-item post-1304 post type-post status-publish format-standard has-post-thumbnail hentry category-100-online category-certificacao-sul-sul category-curso-de-formacao category-destaques category-hibrido category-novidades category-presencial category-proximos-cursos\" role=\"listitem\">\n\t\t\t\t<a class=\"elementor-post__thumbnail__link\" href=\"https:\/\/claec.org\/elacult\/2021\/03\/26\/inscricoes-abertas-para-o-curso-formacao-livre-em-cinema-e-educacao\/\" tabindex=\"-1\" >\n\t\t\t<div class=\"elementor-post__thumbnail\"><img loading=\"lazy\" decoding=\"async\" width=\"300\" height=\"292\" src=\"https:\/\/claec.org\/elacult\/wp-content\/uploads\/sites\/4\/2021\/03\/Formacao-Livre-em-Cinema-e-educacao-300x292.png\" class=\"attachment-medium size-medium wp-image-1305\" alt=\"\" srcset=\"https:\/\/claec.org\/elacult\/wp-content\/uploads\/sites\/4\/2021\/03\/Formacao-Livre-em-Cinema-e-educacao-300x292.png 300w, https:\/\/claec.org\/elacult\/wp-content\/uploads\/sites\/4\/2021\/03\/Formacao-Livre-em-Cinema-e-educacao-768x747.png 768w, https:\/\/claec.org\/elacult\/wp-content\/uploads\/sites\/4\/2021\/03\/Formacao-Livre-em-Cinema-e-educacao.png 950w\" sizes=\"(max-width: 300px) 100vw, 300px\" \/><\/div>\n\t\t<\/a>\n\t\t\t\t<div class=\"elementor-post__text\">\n\t\t\t\t<h3 class=\"elementor-post__title\">\n\t\t\t<a href=\"https:\/\/claec.org\/elacult\/2021\/03\/26\/inscricoes-abertas-para-o-curso-formacao-livre-em-cinema-e-educacao\/\" >\n\t\t\t\tInscri\u00e7\u00f5es abertas para o curso Forma\u00e7\u00e3o Livre em Cinema e Educa\u00e7\u00e3o\t\t\t<\/a>\n\t\t<\/h3>\n\t\t\t\t<div class=\"elementor-post__meta-data\">\n\t\t\t\t\t<span class=\"elementor-post-date\">\n\t\t\t26\/03\/2021\t\t<\/span>\n\t\t\t\t<\/div>\n\t\t\t\t<div class=\"elementor-post__excerpt\">\n\t\t\t<p>A Escola Latino-Americana de Altos Estudos em Cultura (ELACult) abre inscri\u00e7\u00f5es para o curso Forma\u00e7\u00e3o Livre em Cinema e Educa\u00e7\u00e3o na modalidade virtual. Cronograma: Curso de 8 (oito) semanas de<\/p>\n\t\t<\/div>\n\t\t\n\t\t<a class=\"elementor-post__read-more\" href=\"https:\/\/claec.org\/elacult\/2021\/03\/26\/inscricoes-abertas-para-o-curso-formacao-livre-em-cinema-e-educacao\/\" aria-label=\"Leia mais sobre Inscri\u00e7\u00f5es abertas para o curso Forma\u00e7\u00e3o Livre em Cinema e Educa\u00e7\u00e3o\" tabindex=\"-1\" >\n\t\t\tLeia mais \u00bb\t\t<\/a>\n\n\t\t\t\t<\/div>\n\t\t\t\t<\/article>\n\t\t\t\t<article class=\"elementor-post elementor-grid-item post-1300 post type-post status-publish format-standard has-post-thumbnail hentry category-destaques category-eventos category-novidades category-proximos-cursos tag-administracao tag-administracao-publica tag-cultura tag-publico\" role=\"listitem\">\n\t\t\t\t<a class=\"elementor-post__thumbnail__link\" href=\"https:\/\/claec.org\/elacult\/2021\/03\/26\/inscricoes-abertas-para-o-curso-administracao-publica-da-cultura\/\" tabindex=\"-1\" >\n\t\t\t<div class=\"elementor-post__thumbnail\"><img loading=\"lazy\" decoding=\"async\" width=\"300\" height=\"292\" src=\"https:\/\/claec.org\/elacult\/wp-content\/uploads\/sites\/4\/2021\/03\/Administracao-publica-da-cultura-300x292.png\" class=\"attachment-medium size-medium wp-image-1301\" alt=\"\" srcset=\"https:\/\/claec.org\/elacult\/wp-content\/uploads\/sites\/4\/2021\/03\/Administracao-publica-da-cultura-300x292.png 300w, https:\/\/claec.org\/elacult\/wp-content\/uploads\/sites\/4\/2021\/03\/Administracao-publica-da-cultura-768x747.png 768w, https:\/\/claec.org\/elacult\/wp-content\/uploads\/sites\/4\/2021\/03\/Administracao-publica-da-cultura.png 950w\" sizes=\"(max-width: 300px) 100vw, 300px\" \/><\/div>\n\t\t<\/a>\n\t\t\t\t<div class=\"elementor-post__text\">\n\t\t\t\t<h3 class=\"elementor-post__title\">\n\t\t\t<a href=\"https:\/\/claec.org\/elacult\/2021\/03\/26\/inscricoes-abertas-para-o-curso-administracao-publica-da-cultura\/\" >\n\t\t\t\tInscri\u00e7\u00f5es abertas para o curso Administra\u00e7\u00e3o P\u00fablica da Cultura\t\t\t<\/a>\n\t\t<\/h3>\n\t\t\t\t<div class=\"elementor-post__meta-data\">\n\t\t\t\t\t<span class=\"elementor-post-date\">\n\t\t\t26\/03\/2021\t\t<\/span>\n\t\t\t\t<\/div>\n\t\t\t\t<div class=\"elementor-post__excerpt\">\n\t\t\t<p>A Escola Latino-Americana de Altos Estudos em Cultura (ELACult) abre inscri\u00e7\u00f5es para o curso Administra\u00e7\u00e3o P\u00fablica da Cultura na modalidade virtual. Cronograma: Curso de 8 (oito) semanas de dura\u00e7\u00e3o. Inscri\u00e7\u00f5es:De<\/p>\n\t\t<\/div>\n\t\t\n\t\t<a class=\"elementor-post__read-more\" href=\"https:\/\/claec.org\/elacult\/2021\/03\/26\/inscricoes-abertas-para-o-curso-administracao-publica-da-cultura\/\" aria-label=\"Leia mais sobre Inscri\u00e7\u00f5es abertas para o curso Administra\u00e7\u00e3o P\u00fablica da Cultura\" tabindex=\"-1\" >\n\t\t\tLeia mais \u00bb\t\t<\/a>\n\n\t\t\t\t<\/div>\n\t\t\t\t<\/article>\n\t\t\t\t<article class=\"elementor-post elementor-grid-item post-1295 post type-post status-publish format-image has-post-thumbnail hentry category-destaques category-novidades category-proximos-cursos tag-america-latina tag-cultura tag-politicas-culturais tag-relacoes-internacionais post_format-post-format-image\" role=\"listitem\">\n\t\t\t\t<a class=\"elementor-post__thumbnail__link\" href=\"https:\/\/claec.org\/elacult\/2021\/03\/26\/inscricoes-abertas-para-o-curso-cultura-e-relacoes-internacionais\/\" tabindex=\"-1\" >\n\t\t\t<div class=\"elementor-post__thumbnail\"><img loading=\"lazy\" decoding=\"async\" width=\"300\" height=\"300\" src=\"https:\/\/claec.org\/elacult\/wp-content\/uploads\/sites\/4\/2021\/03\/Cultura-e-RI-300x300.png\" class=\"attachment-medium size-medium wp-image-1296\" alt=\"\" srcset=\"https:\/\/claec.org\/elacult\/wp-content\/uploads\/sites\/4\/2021\/03\/Cultura-e-RI-300x300.png 300w, https:\/\/claec.org\/elacult\/wp-content\/uploads\/sites\/4\/2021\/03\/Cultura-e-RI-150x150.png 150w, https:\/\/claec.org\/elacult\/wp-content\/uploads\/sites\/4\/2021\/03\/Cultura-e-RI-768x768.png 768w, https:\/\/claec.org\/elacult\/wp-content\/uploads\/sites\/4\/2021\/03\/Cultura-e-RI-250x250.png 250w, https:\/\/claec.org\/elacult\/wp-content\/uploads\/sites\/4\/2021\/03\/Cultura-e-RI-174x174.png 174w, https:\/\/claec.org\/elacult\/wp-content\/uploads\/sites\/4\/2021\/03\/Cultura-e-RI.png 950w\" sizes=\"(max-width: 300px) 100vw, 300px\" \/><\/div>\n\t\t<\/a>\n\t\t\t\t<div class=\"elementor-post__text\">\n\t\t\t\t<h3 class=\"elementor-post__title\">\n\t\t\t<a href=\"https:\/\/claec.org\/elacult\/2021\/03\/26\/inscricoes-abertas-para-o-curso-cultura-e-relacoes-internacionais\/\" >\n\t\t\t\tInscri\u00e7\u00f5es abertas para o curso Cultura e Rela\u00e7\u00f5es Internacionais\t\t\t<\/a>\n\t\t<\/h3>\n\t\t\t\t<div class=\"elementor-post__meta-data\">\n\t\t\t\t\t<span class=\"elementor-post-date\">\n\t\t\t26\/03\/2021\t\t<\/span>\n\t\t\t\t<\/div>\n\t\t\t\t<div class=\"elementor-post__excerpt\">\n\t\t\t<p>A Escola Latino-Americana de Altos Estudos em Cultura (ELACult) abre inscri\u00e7\u00f5es para o curso Cultura e Rela\u00e7\u00f5es Internacionais: Perspectivas Decoloniais Latino-Americanas na modalidade virtual. Cronograma: Curso de 8 (oito) semanas<\/p>\n\t\t<\/div>\n\t\t\n\t\t<a class=\"elementor-post__read-more\" href=\"https:\/\/claec.org\/elacult\/2021\/03\/26\/inscricoes-abertas-para-o-curso-cultura-e-relacoes-internacionais\/\" aria-label=\"Leia mais sobre Inscri\u00e7\u00f5es abertas para o curso Cultura e Rela\u00e7\u00f5es Internacionais\" tabindex=\"-1\" >\n\t\t\tLeia mais \u00bb\t\t<\/a>\n\n\t\t\t\t<\/div>\n\t\t\t\t<\/article>\n\t\t\t\t<\/div>\n\t\t\n\t\t\t\t<div class=\"e-load-more-anchor\" data-page=\"1\" data-max-page=\"3\" data-next-page=\"https:\/\/claec.org\/elacult\/wp-json\/wp\/v2\/pages\/2024\/page\/2\/\"><\/div>\n\t\t\t\t<nav class=\"elementor-pagination\" aria-label=\"Pagina\u00e7\u00e3o\">\n\t\t\t<span class=\"page-numbers prev\">&laquo; Anterior<\/span>\n<span aria-current=\"page\" class=\"page-numbers current\"><span class=\"elementor-screen-only\">P\u00e1gina<\/span>1<\/span>\n<a class=\"page-numbers\" href=\"https:\/\/claec.org\/elacult\/wp-json\/wp\/v2\/pages\/2024\/page\/2\/\"><span class=\"elementor-screen-only\">P\u00e1gina<\/span>2<\/a>\n<a class=\"page-numbers\" href=\"https:\/\/claec.org\/elacult\/wp-json\/wp\/v2\/pages\/2024\/page\/3\/\"><span class=\"elementor-screen-only\">P\u00e1gina<\/span>3<\/a>\n<a class=\"page-numbers next\" href=\"https:\/\/claec.org\/elacult\/wp-json\/wp\/v2\/pages\/2024\/page\/2\/\">Seguinte &raquo;<\/a>\t\t<\/nav>\n\t\t\t\t\t\t<\/div>\n\t\t\t\t<\/div>\n\t\t\t\t\t<\/div>\n\t\t<\/div>\n\t\t\t\t\t<\/div>\n\t\t<\/section>\n\t\t\t\t<\/div>\n\t\t","protected":false},"excerpt":{"rendered":"<p>Not\u00edcias Fique por dentro das principais novidades da Escola Latino-Americana de Altos Estudos em Cultura (ELACult). Aqui voc\u00ea acompanha atualiza\u00e7\u00f5es sobre programas, iniciativas, eventos e a\u00e7\u00f5es que fortalecem a forma\u00e7\u00e3o em pol\u00edticas culturais, gest\u00e3o sociocultural e coopera\u00e7\u00e3o Sul-Sul. Nosso compromisso \u00e9 compartilhar conhecimento, resultados e oportunidades que geram impacto real nas realidades da Am\u00e9rica Latina.<\/p>\n","protected":false},"author":22,"featured_media":0,"parent":0,"menu_order":0,"comment_status":"closed","ping_status":"closed","template":"elementor_header_footer","meta":{"_monsterinsights_skip_tracking":false,"_monsterinsights_sitenote_active":false,"_monsterinsights_sitenote_note":"","_monsterinsights_sitenote_category":0,"footnotes":""},"class_list":["post-2024","page","type-page","status-publish","hentry"],"_links":{"self":[{"href":"https:\/\/claec.org\/elacult\/wp-json\/wp\/v2\/pages\/2024","targetHints":{"allow":["GET"]}}],"collection":[{"href":"https:\/\/claec.org\/elacult\/wp-json\/wp\/v2\/pages"}],"about":[{"href":"https:\/\/claec.org\/elacult\/wp-json\/wp\/v2\/types\/page"}],"author":[{"embeddable":true,"href":"https:\/\/claec.org\/elacult\/wp-json\/wp\/v2\/users\/22"}],"replies":[{"embeddable":true,"href":"https:\/\/claec.org\/elacult\/wp-json\/wp\/v2\/comments?post=2024"}],"version-history":[{"count":16,"href":"https:\/\/claec.org\/elacult\/wp-json\/wp\/v2\/pages\/2024\/revisions"}],"predecessor-version":[{"id":2058,"href":"https:\/\/claec.org\/elacult\/wp-json\/wp\/v2\/pages\/2024\/revisions\/2058"}],"wp:attachment":[{"href":"https:\/\/claec.org\/elacult\/wp-json\/wp\/v2\/media?parent=2024"}],"curies":[{"name":"wp","href":"https:\/\/api.w.org\/{rel}","templated":true}]}}