{"id":1200,"date":"2021-03-17T14:09:50","date_gmt":"2021-03-17T17:09:50","guid":{"rendered":"http:\/\/claec.org\/elacult\/?page_id=1200"},"modified":"2021-09-09T14:27:23","modified_gmt":"2021-09-09T17:27:23","slug":"ementa-direitoshumanosempretugues","status":"publish","type":"page","link":"https:\/\/claec.org\/elacult\/ementa-direitoshumanosempretugues\/","title":{"rendered":"Direitos humanos em pretugu\u00eas: caminhos para a constru\u00e7\u00e3o uma pol\u00edtica de vida para a popula\u00e7\u00e3o negra"},"content":{"rendered":"\n<p><strong>Objetivo:<\/strong><\/p>\n\n\n\n<p>Discutir e compartilhar conhecimentos sobre: direitos humanos, biopol\u00edtica, necropol\u00edtica e genoc\u00eddio da popula\u00e7\u00e3o negra e as possibilidades de supera\u00e7\u00e3o da pol\u00edtica morte do Estado Brasileiro, auxiliando na constru\u00e7\u00e3o de projetos de interven\u00e7\u00e3o social antirracistas.<\/p>\n\n\n\n<p><strong>Destinat\u00e1rios:<\/strong><\/p>\n\n\n\n<p>Profissionais, atores\/ gestores sociais, militantes de movimentos sociais, estudantes de gradua\u00e7\u00e3o e p\u00f3s-gradua\u00e7\u00e3o em diversas \u00e1reas do conhecimento, tais como: Direito, Seguran\u00e7a P\u00fablica, Ci\u00eancias Sociais, Psicologia, Servi\u00e7o Social, Educa\u00e7\u00e3o, Gest\u00e3o Social entre outros, bem como, profissionais que atuam ou pretendem atuar em \u00e1reas na garantia, defesa e promo\u00e7\u00e3o dos direitos humanos dos\/as negros\/as e demais minorias v\u00edtimas da necropol\u00edtica do Estado brasileiro.<\/p>\n\n\n\n<p id=\"yui_3_17_2_1_1568648319178_206\"><strong>Docentes:<\/strong><\/p>\n\n\n\n<p id=\"yui_3_17_2_1_1568648319178_205\"><strong>Profa.&nbsp; <strong>Ma. Danielle Ferreira Medeiro da Silva de Ara\u00fajo<\/strong><\/strong> e <strong>Profa Ma<\/strong>. <strong><strong>Walkyria Chagas da Silva Santos<\/strong><\/strong><\/p>\n\n\n\n<hr class=\"wp-block-separator\" \/>\n\n\n\n<p><strong>Ementa:<\/strong><\/p>\n\n\n\n<p>[Aula 1]<br><strong>Direitos Humanos em pretugu\u00eas:&nbsp; revisitando a trajet\u00f3ria de exclus\u00e3o da popula\u00e7\u00e3o negra no Brasil<\/strong><\/p>\n\n\n\n<p>Objetivo:<br>a) Analisar os direitos humanos a partir de discuss\u00f5es que tragam para a centralidade a quest\u00e3o racial. b)Apresentar a estruturas de projetos de interven\u00e7\u00e3o social.<\/p>\n\n\n\n<p>Bibliografia:<\/p>\n\n\n\n<p>ARA\u00daJO, Danielle Ferreira Medeiro da Silva de. O problema da inclus\u00e3o: um olhar sobre a realidade brasileira. &nbsp;<strong>Revista Cient\u00edfica Do Curso De Direito<\/strong>, n. 1, 147 \u2013 164, 2017.<\/p>\n\n\n\n<p>ARA\u00daJO, Danielle Ferreira Medeiro da Silva de; SANTOS, Walkyria Chagas da Silva; FERNANDES, Alexandre de Oliveira; CAMPOS, Leonardo Lacerda. Hist\u00f3ria, mem\u00f3ria e ressentimento: revisitando a trajet\u00f3ria de exclus\u00e3o da popula\u00e7\u00e3o negra no Brasil. <strong>Revista Latinoamericana de Estudios en Cultura y Sociedad \u2013RELACULT<\/strong>, v. 06, ed. especial, mar., 2020.<\/p>\n\n\n\n<p>PIRES, Thula Rafaela de Oliveira. Racializando o debate sobre direitos humanos. <strong>SUR 28<\/strong>, v. 15, n. 28, p. 65 \u2013 75, 2018.<\/p>\n\n\n\n<p>____. Direitos humanos e Am\u00e9frica Ladina: por uma cr\u00edtica amefricana ao colonialismo jur\u00eddico. <strong>F\u00f3rum Latin American Studies Association<\/strong>, v. 50, n. 3, p. 69-74, 2019.<br>SANTOS, Boaventura de Sousa. <strong>Por uma concep\u00e7\u00e3o multicultural de direitos humanos<\/strong>. Revista Cr\u00edtica de Ci\u00eancias Sociais. n\u00ba48. Junho 1997.<\/p>\n\n\n\n<hr class=\"wp-block-separator\" \/>\n\n\n\n<p>[Aula 2]<br><strong>Compreendendo o processo de constru\u00e7\u00e3o do homem marginal: an\u00e1lise quantitativa e qualitativa do fen\u00f4meno da criminalidade<\/strong><\/p>\n\n\n\n<p>Objetivo:<br>a) Discutir quais foram\/s\u00e3o as teorias e a\u00e7\u00f5es que possibilitaram\/possibilitam a cria\u00e7\u00e3o e continuidade da compreens\u00e3o do homem negro como homem marginal.&nbsp;b) Oficina de escrita: passo a passo de constru\u00e7\u00e3o de projetos de interven\u00e7\u00e3o social.<\/p>\n\n\n\n<p>Bibliografia:<\/p>\n\n\n\n<p>ARA\u00daJO, Danielle Ferreira Medeiro da Silva de. <strong>Juventude negra no Brasil<\/strong>: para uma desconstru\u00e7\u00e3o de um corpo marginal e descart\u00e1vel. Caderno Sisterhood, v. 03, n. 1, p. 46-62, 2019.<\/p>\n\n\n\n<p>ARA\u00daJO, Danielle Ferreira Medeiro da Silva de; SILVA, Fernanda Lima da; QUIRINO, Kelly Tatiane Martins;&nbsp; NASCIMENTO, Marina Mar\u00e7al do; SANTOS, Walkyria Chagas da Silva. Feminismos negros: m\u00e3es de corpos marginais. In: MELLO, Paula Balduino de Melo <em>et al<\/em> (org.)<strong> Descolonizar o feminismo<\/strong> [recurso eletr\u00f4nico]: VII Sernegra. Bras\u00edlia: Instituto Federal de Educa\u00e7\u00e3o, Ci\u00eancia e Tecnologia de Bras\u00edlia, 2019.<\/p>\n\n\n\n<p>MATTOS, Wilson Roberto de. <strong>Negros contra a ordem:<\/strong> ast\u00facias, resist\u00eancias e liberdades poss\u00edveis (Salvador, 1850-1888). Salvador: EDUNEB: EDUFBA, 2008.<\/p>\n\n\n\n<p>Relat\u00f3rios atualizados do GEEMA, IBGE, MAPA DA VIOL\u00caNCIA, ATLAS DA VIOL\u00caNCIA, \u00cdNDICE DE VULNERABILIDADE JUVENIL.<\/p>\n\n\n\n<hr class=\"wp-block-separator\" \/>\n\n\n\n<div class=\"wp-block-group is-layout-flow wp-block-group-is-layout-flow\">\n<p>[Aula 3]<\/p>\n\n\n\n<p><strong>Biopol\u00edtica e Necropol\u00edtica no Brasil: como se estabelece&nbsp; rela\u00e7\u00e3o do Estado Brasileiro com a vida da popula\u00e7\u00e3o negra<\/strong><\/p>\n<\/div>\n\n\n\n<p>Objetivo:<br>a) Analisar os conceitos de biopol\u00edtica e necropol\u00edtica a partir da realidade brasileira e do genoc\u00eddio da juventude negra.&nbsp;b) Oficina de escrita: passo a passo de constru\u00e7\u00e3o de projetos de interven\u00e7\u00e3o social.<\/p>\n\n\n\n<p>Bibliografia:<\/p>\n\n\n\n<p>ARA\u00daJO, Danielle Ferreira Medeiro da Silva de; SANTOS, Walkyria Chagas da Silva. Ra\u00e7a como elemento central da pol\u00edtica de morte no Brasil: visitando os ensinamentos de Roberto Esposito e Achille Mbembe. <strong>Rev. Direito Pr\u00e1x.<\/strong>, v. 10, n. 4, p. 3024-3055, 2019a.<\/p>\n\n\n\n<p>____. Constitui\u00e7\u00e3o de 1988 e juventude negra: para a desconstru\u00e7\u00e3o de um dispositivo tanatol\u00f3gico. In: K. FILPO, M. GERALDA MIRANDA, R. BORBA DA SILVA, T. RODRIGUES PEREIRA. <strong>Direitos humanos e fundamentais em perspectiva.<\/strong> Rio de Janeiro, \u00c1gora21, p. 177-194, 2019b.<\/p>\n\n\n\n<p>ESPOSITO, Roberto. Filosofia do B\u00edos. In: <strong>Bios<\/strong>: biopol\u00edtica e filosofia. Tradu\u00e7\u00e3o Wander Melo Miranda. Belo Horizonte: Editora UFMG, 2017.<\/p>\n\n\n\n<p>FOUCAULT, Michel. <strong>Microf\u00edsica do poder<\/strong>. Rio de Janeiro, Edi\u00e7\u00f5es Graal, 1979.&nbsp;<\/p>\n\n\n\n<p>____. <strong>Estrat\u00e9gias de poder.<\/strong> Obras essenciais. V. II, Barcelona, Ediciones Paid\u00f3s Ib\u00e9rica, S.A,&nbsp;1999.<\/p>\n\n\n\n<p>____. <strong>A verdade e as formas jur\u00eddicas.<\/strong> Rio de Janeiro, NAU, 2003.&nbsp;&nbsp;<\/p>\n\n\n\n<p>____. <strong>Hist\u00f3ria da sexualidade 1:<\/strong> a vontade de saber. 4\u00aa edi\u00e7\u00e3o, Rio de Janeiro, Paz e Terra, 2017.<\/p>\n\n\n\n<p>MBEMBE, Achille. Necropol\u00edtica. Publica\u00e7\u00e3o original: Public Culture, 15 (1), 2003. <strong>Revista Arte e Ensaio<\/strong>, Rio de Janeiro, n. 32, 2016.&nbsp;<br>PIRES, Thula Rafaela de Oliveira. Criminologia cr\u00edtica e pacto narc\u00edsico: por uma cr\u00edtica criminol\u00f3gica apreens\u00edvel em pretugu\u00eas. <strong>Revista Brasileira de Ci\u00eancias Criminais<\/strong>, v. 25, n. 135, p. 541-562, 2017.<\/p>\n\n\n\n<hr class=\"wp-block-separator\" \/>\n\n\n\n<p>[Aula 4]<\/p>\n\n\n\n<p><strong>Construindo caminhos para uma pol\u00edtica de vida para a popula\u00e7\u00e3o negra: estudo de caso do Coletivo Dandaras (UFSB) e Projetos de Media\u00e7\u00e3o Comunit\u00e1ria de Conflitos<\/strong><\/p>\n\n\n\n<p>Objetivo:<br>a) Discutir sobre as possibilidades para a constru\u00e7\u00e3o de pol\u00edtica de vida para a popula\u00e7\u00e3o negra e demais popula\u00e7\u00f5es marginalizadas; <\/p>\n\n\n\n<p>b) Apresentar discuss\u00f5es que subsidiem a elabora\u00e7\u00e3o da proposta de trabalho final.<\/p>\n\n\n\n<p>c) Apresenta\u00e7\u00e3o dos projetos de interven\u00e7\u00e3o social confeccionados pelos participantes.<\/p>\n\n\n\n<p>Bibliografia:<\/p>\n\n\n\n<p>ARA\u00daJO, Danielle Ferreira Medeiro da Silva de; G\u00d3ES, Eva Dayane Almeida; SANTOS, Walkyria Chagas da Silva.&nbsp; <strong>Da casa grande \u00e0 universidade: uma an\u00e1lise s\u00f3cio-jur\u00eddica do trabalho dom\u00e9stico e do acesso ao direito fundamental \u00e0<\/strong> <strong>educa\u00e7\u00e3o no Brasil.<\/strong>.Rio de Janeiro: \u00c1gora21, 2019.<\/p>\n\n\n\n<p>ARA\u00daJO, Danielle Ferreira Medeiro da Silva de; SANTOS, Walkyria Chagas da Silva. Juventude negra, educa\u00e7\u00e3o e direitos humanos: um relato de experi\u00eancia sobre a atua\u00e7\u00e3o do Coletivo Dandaras na UFSB. <strong>Juventude.BR<\/strong>, Rio de Janeiro: Centro de Estudos e Mem\u00f3ria da Juventude-CEMJ, 18\u00aa edi\u00e7\u00e3o, ano 14, 2019.<\/p>\n\n\n\n<p>____. Controle das pr\u00e1ticas perif\u00e9ricas: entre normas legais e pluralidades. <strong>Anais do II Congresso Internacional Online de Estudos sobre Culturas<\/strong>, na modalidade online, 2020.ARA\u00daJO, Danielle F. M. S. In: <strong>Media\u00e7\u00e3o Comunit\u00e1ria<\/strong>: um relato de experi\u00eancia sobre a tens\u00e3o entre normas legais e normas sociais em favelas do Rio de Janeiro. MARCHIORI NETO, Daniel Lena; RABBANI, Roberto Muh\u00e1jir Rahnemay; MEDEIROS, Orione Dantas de (Orgs.). Estudos contempor\u00e2neos sobre Direito, Estado e Sociedade. S\u00e9rie Direito, Estado e Sociedade, v.2. Rio Grande, RS: Ed. da Furg, 2020<\/p>\n\n\n\n<hr class=\"wp-block-separator\" \/>\n\n\n\n<p><strong>Cronograma:<\/strong><\/p>\n\n\n\n<p><strong>Inscri\u00e7\u00f5es:<br><\/strong>De 12\/08\/2021 a<s> 02\/09\/2021<\/s> INSCRI\u00c7\u00d5ES PRORROGADAS AT\u00c9 10.09!<\/p>\n\n\n\n<p><strong>Inicio do Curso: <\/strong>\u00a0<strong>13<\/strong>\/09\/2021.<\/p>\n\n\n\n<p><strong>Dia e hor\u00e1rio das aulas s\u00edncronas:<\/strong>&nbsp;(\u00e0 confirmar).<\/p>\n\n\n\n<p>No curso pode haver encontros s\u00edncronos semanais ou quinzenais, contudo, a aula ficar\u00e1 gravada e poder\u00e1 ser acessada a qualquer momento at\u00e9 o final do curso. A participa\u00e7\u00e3o nos encontros s\u00edncronos n\u00e3o \u00e9 quesito obrigat\u00f3rio, entretanto, o discente deve realizar todas as atividades propostas pelos docentes a fim de garantirem suas frequ\u00eancias no referido curso.<\/p>\n\n\n\n<p><a href=\"http:\/\/m.me\/claecult\" target=\"_blank\" rel=\"noreferrer noopener\">+ info via Facebook Messenger<\/a><\/p>\n\n\n\n<p><a href=\"https:\/\/forms.gle\/8zDy3PvdH1tshHxn7\" target=\"_blank\" rel=\"noreferrer noopener\">Reservar vaga<\/a><\/p>\n","protected":false},"excerpt":{"rendered":"<p>Objetivo: Discutir e compartilhar conhecimentos sobre: direitos humanos, biopol\u00edtica, necropol\u00edtica e genoc\u00eddio da popula\u00e7\u00e3o negra e as possibilidades de supera\u00e7\u00e3o da pol\u00edtica morte do Estado Brasileiro, auxiliando na constru\u00e7\u00e3o de projetos de interven\u00e7\u00e3o social antirracistas. Destinat\u00e1rios: Profissionais, atores\/ gestores sociais, militantes de movimentos sociais, estudantes de gradua\u00e7\u00e3o e p\u00f3s-gradua\u00e7\u00e3o em diversas \u00e1reas do conhecimento, tais [&hellip;]<\/p>\n","protected":false},"author":4,"featured_media":0,"parent":0,"menu_order":0,"comment_status":"closed","ping_status":"closed","template":"","meta":{"_monsterinsights_skip_tracking":false,"_monsterinsights_sitenote_active":false,"_monsterinsights_sitenote_note":"","_monsterinsights_sitenote_category":0,"footnotes":""},"class_list":["post-1200","page","type-page","status-publish","hentry"],"_links":{"self":[{"href":"https:\/\/claec.org\/elacult\/wp-json\/wp\/v2\/pages\/1200","targetHints":{"allow":["GET"]}}],"collection":[{"href":"https:\/\/claec.org\/elacult\/wp-json\/wp\/v2\/pages"}],"about":[{"href":"https:\/\/claec.org\/elacult\/wp-json\/wp\/v2\/types\/page"}],"author":[{"embeddable":true,"href":"https:\/\/claec.org\/elacult\/wp-json\/wp\/v2\/users\/4"}],"replies":[{"embeddable":true,"href":"https:\/\/claec.org\/elacult\/wp-json\/wp\/v2\/comments?post=1200"}],"version-history":[{"count":8,"href":"https:\/\/claec.org\/elacult\/wp-json\/wp\/v2\/pages\/1200\/revisions"}],"predecessor-version":[{"id":1497,"href":"https:\/\/claec.org\/elacult\/wp-json\/wp\/v2\/pages\/1200\/revisions\/1497"}],"wp:attachment":[{"href":"https:\/\/claec.org\/elacult\/wp-json\/wp\/v2\/media?parent=1200"}],"curies":[{"name":"wp","href":"https:\/\/api.w.org\/{rel}","templated":true}]}}

Direitos humanos em pretuguês: caminhos para a construção uma política de vida para a população negra

<p><strong>Objetivo:</strong></p>



<p>Discutir e compartilhar conhecimentos sobre: direitos humanos, biopolítica, necropolítica e genocídio da população negra e as possibilidades de superação da política morte do Estado Brasileiro, auxiliando na construção de projetos de intervenção social antirracistas.</p>



<p><strong>Destinatários:</strong></p>



<p>Profissionais, atores/ gestores sociais, militantes de movimentos sociais, estudantes de graduação e pós-graduação em diversas áreas do conhecimento, tais como: Direito, Segurança Pública, Ciências Sociais, Psicologia, Serviço Social, Educação, Gestão Social entre outros, bem como, profissionais que atuam ou pretendem atuar em áreas na garantia, defesa e promoção dos direitos humanos dos/as negros/as e demais minorias vítimas da necropolítica do Estado brasileiro.</p>



<p id="yui_3_17_2_1_1568648319178_206"><strong>Docentes:</strong></p>



<p id="yui_3_17_2_1_1568648319178_205"><strong>Profa.&nbsp; <strong>Ma. Danielle Ferreira Medeiro da Silva de Araújo</strong></strong> e <strong>Profa Ma</strong>. <strong><strong>Walkyria Chagas da Silva Santos</strong></strong></p>



<hr class="wp-block-separator" />



<p><strong>Ementa:</strong></p>



<p>[Aula 1]<br><strong>Direitos Humanos em pretuguês:&nbsp; revisitando a trajetória de exclusão da população negra no Brasil</strong></p>



<p>Objetivo:<br>a) Analisar os direitos humanos a partir de discussões que tragam para a centralidade a questão racial. b)Apresentar a estruturas de projetos de intervenção social.</p>



<p>Bibliografia:</p>



<p>ARAÚJO, Danielle Ferreira Medeiro da Silva de. O problema da inclusão: um olhar sobre a realidade brasileira. &nbsp;<strong>Revista Científica Do Curso De Direito</strong>, n. 1, 147 – 164, 2017.</p>



<p>ARAÚJO, Danielle Ferreira Medeiro da Silva de; SANTOS, Walkyria Chagas da Silva; FERNANDES, Alexandre de Oliveira; CAMPOS, Leonardo Lacerda. História, memória e ressentimento: revisitando a trajetória de exclusão da população negra no Brasil. <strong>Revista Latinoamericana de Estudios en Cultura y Sociedad –RELACULT</strong>, v. 06, ed. especial, mar., 2020.</p>



<p>PIRES, Thula Rafaela de Oliveira. Racializando o debate sobre direitos humanos. <strong>SUR 28</strong>, v. 15, n. 28, p. 65 – 75, 2018.</p>



<p>____. Direitos humanos e Améfrica Ladina: por uma crítica amefricana ao colonialismo jurídico. <strong>Fórum Latin American Studies Association</strong>, v. 50, n. 3, p. 69-74, 2019.<br>SANTOS, Boaventura de Sousa. <strong>Por uma concepção multicultural de direitos humanos</strong>. Revista Crítica de Ciências Sociais. nº48. Junho 1997.</p>



<hr class="wp-block-separator" />



<p>[Aula 2]<br><strong>Compreendendo o processo de construção do homem marginal: análise quantitativa e qualitativa do fenômeno da criminalidade</strong></p>



<p>Objetivo:<br>a) Discutir quais foram/são as teorias e ações que possibilitaram/possibilitam a criação e continuidade da compreensão do homem negro como homem marginal.&nbsp;b) Oficina de escrita: passo a passo de construção de projetos de intervenção social.</p>



<p>Bibliografia:</p>



<p>ARAÚJO, Danielle Ferreira Medeiro da Silva de. <strong>Juventude negra no Brasil</strong>: para uma desconstrução de um corpo marginal e descartável. Caderno Sisterhood, v. 03, n. 1, p. 46-62, 2019.</p>



<p>ARAÚJO, Danielle Ferreira Medeiro da Silva de; SILVA, Fernanda Lima da; QUIRINO, Kelly Tatiane Martins;&nbsp; NASCIMENTO, Marina Marçal do; SANTOS, Walkyria Chagas da Silva. Feminismos negros: mães de corpos marginais. In: MELLO, Paula Balduino de Melo <em>et al</em> (org.)<strong> Descolonizar o feminismo</strong> [recurso eletrônico]: VII Sernegra. Brasília: Instituto Federal de Educação, Ciência e Tecnologia de Brasília, 2019.</p>



<p>MATTOS, Wilson Roberto de. <strong>Negros contra a ordem:</strong> astúcias, resistências e liberdades possíveis (Salvador, 1850-1888). Salvador: EDUNEB: EDUFBA, 2008.</p>



<p>Relatórios atualizados do GEEMA, IBGE, MAPA DA VIOLÊNCIA, ATLAS DA VIOLÊNCIA, ÍNDICE DE VULNERABILIDADE JUVENIL.</p>



<hr class="wp-block-separator" />



<div class="wp-block-group is-layout-flow wp-block-group-is-layout-flow">
<p>[Aula 3]</p>



<p><strong>Biopolítica e Necropolítica no Brasil: como se estabelece&nbsp; relação do Estado Brasileiro com a vida da população negra</strong></p>
</div>



<p>Objetivo:<br>a) Analisar os conceitos de biopolítica e necropolítica a partir da realidade brasileira e do genocídio da juventude negra.&nbsp;b) Oficina de escrita: passo a passo de construção de projetos de intervenção social.</p>



<p>Bibliografia:</p>



<p>ARAÚJO, Danielle Ferreira Medeiro da Silva de; SANTOS, Walkyria Chagas da Silva. Raça como elemento central da política de morte no Brasil: visitando os ensinamentos de Roberto Esposito e Achille Mbembe. <strong>Rev. Direito Práx.</strong>, v. 10, n. 4, p. 3024-3055, 2019a.</p>



<p>____. Constituição de 1988 e juventude negra: para a desconstrução de um dispositivo tanatológico. In: K. FILPO, M. GERALDA MIRANDA, R. BORBA DA SILVA, T. RODRIGUES PEREIRA. <strong>Direitos humanos e fundamentais em perspectiva.</strong> Rio de Janeiro, Ágora21, p. 177-194, 2019b.</p>



<p>ESPOSITO, Roberto. Filosofia do Bíos. In: <strong>Bios</strong>: biopolítica e filosofia. Tradução Wander Melo Miranda. Belo Horizonte: Editora UFMG, 2017.</p>



<p>FOUCAULT, Michel. <strong>Microfísica do poder</strong>. Rio de Janeiro, Edições Graal, 1979.&nbsp;</p>



<p>____. <strong>Estratégias de poder.</strong> Obras essenciais. V. II, Barcelona, Ediciones Paidós Ibérica, S.A,&nbsp;1999.</p>



<p>____. <strong>A verdade e as formas jurídicas.</strong> Rio de Janeiro, NAU, 2003.&nbsp;&nbsp;</p>



<p>____. <strong>História da sexualidade 1:</strong> a vontade de saber. 4ª edição, Rio de Janeiro, Paz e Terra, 2017.</p>



<p>MBEMBE, Achille. Necropolítica. Publicação original: Public Culture, 15 (1), 2003. <strong>Revista Arte e Ensaio</strong>, Rio de Janeiro, n. 32, 2016.&nbsp;<br>PIRES, Thula Rafaela de Oliveira. Criminologia crítica e pacto narcísico: por uma crítica criminológica apreensível em pretuguês. <strong>Revista Brasileira de Ciências Criminais</strong>, v. 25, n. 135, p. 541-562, 2017.</p>



<hr class="wp-block-separator" />



<p>[Aula 4]</p>



<p><strong>Construindo caminhos para uma política de vida para a população negra: estudo de caso do Coletivo Dandaras (UFSB) e Projetos de Mediação Comunitária de Conflitos</strong></p>



<p>Objetivo:<br>a) Discutir sobre as possibilidades para a construção de política de vida para a população negra e demais populações marginalizadas; </p>



<p>b) Apresentar discussões que subsidiem a elaboração da proposta de trabalho final.</p>



<p>c) Apresentação dos projetos de intervenção social confeccionados pelos participantes.</p>



<p>Bibliografia:</p>



<p>ARAÚJO, Danielle Ferreira Medeiro da Silva de; GÓES, Eva Dayane Almeida; SANTOS, Walkyria Chagas da Silva.&nbsp; <strong>Da casa grande à universidade: uma análise sócio-jurídica do trabalho doméstico e do acesso ao direito fundamental à</strong> <strong>educação no Brasil.</strong>.Rio de Janeiro: Ágora21, 2019.</p>



<p>ARAÚJO, Danielle Ferreira Medeiro da Silva de; SANTOS, Walkyria Chagas da Silva. Juventude negra, educação e direitos humanos: um relato de experiência sobre a atuação do Coletivo Dandaras na UFSB. <strong>Juventude.BR</strong>, Rio de Janeiro: Centro de Estudos e Memória da Juventude-CEMJ, 18ª edição, ano 14, 2019.</p>



<p>____. Controle das práticas periféricas: entre normas legais e pluralidades. <strong>Anais do II Congresso Internacional Online de Estudos sobre Culturas</strong>, na modalidade online, 2020.ARAÚJO, Danielle F. M. S. In: <strong>Mediação Comunitária</strong>: um relato de experiência sobre a tensão entre normas legais e normas sociais em favelas do Rio de Janeiro. MARCHIORI NETO, Daniel Lena; RABBANI, Roberto Muhájir Rahnemay; MEDEIROS, Orione Dantas de (Orgs.). Estudos contemporâneos sobre Direito, Estado e Sociedade. Série Direito, Estado e Sociedade, v.2. Rio Grande, RS: Ed. da Furg, 2020</p>



<hr class="wp-block-separator" />



<p><strong>Cronograma:</strong></p>



<p><strong>Inscrições:<br></strong>De 12/08/2021 a<s> 02/09/2021</s> INSCRIÇÕES PRORROGADAS ATÉ 10.09!</p>



<p><strong>Inicio do Curso: </strong> <strong>13</strong>/09/2021.</p>



<p><strong>Dia e horário das aulas síncronas:</strong>&nbsp;(à confirmar).</p>



<p>No curso pode haver encontros síncronos semanais ou quinzenais, contudo, a aula ficará gravada e poderá ser acessada a qualquer momento até o final do curso. A participação nos encontros síncronos não é quesito obrigatório, entretanto, o discente deve realizar todas as atividades propostas pelos docentes a fim de garantirem suas frequências no referido curso.</p>



<p><a href="http://m.me/claecult" target="_blank" rel="noreferrer noopener">+ info via Facebook Messenger</a></p>



<p><a href="https://forms.gle/8zDy3PvdH1tshHxn7" target="_blank" rel="noreferrer noopener">Reservar vaga</a></p>

<p>Objetivo: Discutir e compartilhar conhecimentos sobre: direitos humanos, biopolítica, necropolítica e genocídio da população negra e as possibilidades de superação da política morte do Estado Brasileiro, auxiliando na construção de projetos de intervenção social antirracistas. Destinatários: Profissionais, atores/ gestores sociais, militantes de movimentos sociais, estudantes de graduação e pós-graduação em diversas áreas do conhecimento, tais [&hellip;]</p>
