{"id":853,"date":"2018-07-27T03:52:05","date_gmt":"2018-07-27T06:52:05","guid":{"rendered":"http:\/\/claec.org\/ehm\/?page_id=853"},"modified":"2018-07-28T02:19:29","modified_gmt":"2018-07-28T05:19:29","slug":"hoteis","status":"publish","type":"page","link":"https:\/\/claec.org\/ehm\/hoteis\/","title":{"rendered":"Conhecendo Jaguar\u00e3o-RS"},"content":{"rendered":"<p style=\"text-align: justify;\"><span style=\"color: #000000;\">Jaguar\u00e3o situa-se no extremo meridional do Brasil, na fronteira com a Rep\u00fablica Oriental do Uruguay. A cidade \u00e9 reconhecida nacionalmente por seus s\u00edtios arquitet\u00f4nicos, que constituem um acervo considerado sem similar em n\u00famero e estado de conserva\u00e7\u00e3o no Rio Grande do Sul. Percebe-se o destaque, neste cen\u00e1rio, para os refinados casar\u00f5es elaborados nos \u00faltimos dec\u00eanios do s\u00e9culo. A denomina\u00e7\u00e3o de Jaguar\u00e3o se deu em fun\u00e7\u00e3o do rio hom\u00f4nimo, que cruza a zona fronteiri\u00e7a, onde foi erguido o munic\u00edpio. O rio Jaguar\u00e3o nasce pr\u00f3ximo \u00e0 cidade ga\u00facha de Bag\u00e9 e des\u00e1gua em territ\u00f3rio uruguaio, na Lagoa Mirim. Diferentes explica\u00e7\u00f5es s\u00e3o atribu\u00eddas \u00e0 origem do termo, que est\u00e1 registrado em documentos de natureza diversa, desde os anos primeiros da ocupa\u00e7\u00e3o luso-espanhola nestas paragens. Uma poss\u00edvel g\u00eanese indica o aumentativo portugu\u00eas de uma palavra derivada da l\u00edngua tupi, que significa on\u00e7a, em alus\u00e3o ao animal fel\u00eddeo que era encontrado, com exce\u00e7\u00e3o da regi\u00e3o andina, em todo o continente americano, desde o sudeste dos Estados Unidos da Am\u00e9rica (Fonte:https:\/\/www.guiadoturismobrasil.com\/cidade\/RS\/705\/jaguarao).<\/span><\/p>\n<p style=\"text-align: justify;\"><img fetchpriority=\"high\" decoding=\"async\" class=\"alignnone size-medium wp-image-1044\" src=\"https:\/\/claec.org\/ehm\/wp-content\/uploads\/sites\/2\/2018\/07\/Jaguar\u00e3o-Ponte-Internacional-Bar\u00e3o-de-Mau\u00e1-632x356.jpg\" alt=\"Jaguar\u00e3o-Ponte-Internacional-Bar\u00e3o-de-Mau\u00e1\" width=\"632\" height=\"356\" srcset=\"https:\/\/claec.org\/ehm\/wp-content\/uploads\/sites\/2\/2018\/07\/Jaguar\u00e3o-Ponte-Internacional-Bar\u00e3o-de-Mau\u00e1-632x356.jpg 632w, https:\/\/claec.org\/ehm\/wp-content\/uploads\/sites\/2\/2018\/07\/Jaguar\u00e3o-Ponte-Internacional-Bar\u00e3o-de-Mau\u00e1-768x432.jpg 768w, https:\/\/claec.org\/ehm\/wp-content\/uploads\/sites\/2\/2018\/07\/Jaguar\u00e3o-Ponte-Internacional-Bar\u00e3o-de-Mau\u00e1.jpg 960w\" sizes=\"(max-width: 632px) 100vw, 632px\" \/><span style=\"color: #000000;\">Fonte:\u00a0Lino Marques Cardoso <\/span><\/p>\n<p style=\"text-align: justify;\"><span style=\"color: #000000;\">Se voc\u00ea n\u00e3o mora em Jaguar\u00e3o e vai aproveitar a estadia para um pouco de turismo, <strong><span style=\"text-decoration: underline;\">clique<a class=\"\" style=\"color: #000000; text-decoration: underline;\" href=\"http:\/\/www.jaguarao.rs.gov.br\/?page_id=514\" target=\"_blank\" rel=\"nofollow\" data-content=\"http:\/\/www.pelotas.com.br\/\" data-type=\"external\">\u00a0<\/a>aqui<\/span>!<\/strong><\/span><\/p>\n<p><span style=\"color: #000000;\">Os servi\u00e7os indicados nessa lista N\u00c3O possuem conv\u00eanio de qualquer esp\u00e9cie com o evento e servem apenas como indica\u00e7\u00f5es.<\/span><\/p>\n<h3><strong><span style=\"color: #000000;\">Hot\u00e9is em jaguar\u00e3o<\/span><\/strong><\/h3>\n<p><span style=\"text-decoration: underline; color: #000000;\"><strong><a style=\"color: #000000; text-decoration: underline;\" href=\"https:\/\/www.tripadvisor.com.br\/Hotel_Review-g1966566-d1142082-Reviews-Hotel_Py-Jaguarao_State_of_Rio_Grande_do_Sul.html\">Hotel Py<\/a><\/strong><\/span><\/p>\n<p><span style=\"text-decoration: underline; color: #000000;\"><strong><a style=\"color: #000000; text-decoration: underline;\" href=\"https:\/\/www.tripadvisor.com.br\/Hotel_Review-g1966566-d6280432-Reviews-Hotel_La_Torre-Jaguarao_State_of_Rio_Grande_do_Sul.html\">HOTEL LA TORRE<\/a><\/strong><\/span><\/p>\n<p><span style=\"color: #000000;\"><a style=\"color: #000000;\" href=\"https:\/\/www.tripadvisor.com.br\/Hotel_Review-g1966566-d6280432-Reviews-Hotel_La_Torre-Jaguarao_State_of_Rio_Grande_do_Sul.html\"><strong>HOTEL ARTISAN<\/strong><\/a><\/span><\/p>\n<p><span style=\"color: #000000;\"><strong><a style=\"color: #000000;\" href=\"http:\/\/res.hotel.com.br\/hotel\/br\/rios-jaguarao.html\"><span style=\"text-decoration: underline;\">HOTEL RIOS<\/span><\/a><\/strong><\/span><\/p>\n<p><span style=\"color: #000000;\"><a style=\"color: #000000;\" href=\"http:\/\/res.hotel.com.br\/hotel\/br\/pousada-azul-jaguarao.html\"><span style=\"text-decoration: underline;\"><strong>POUSADA AZUL<\/strong><\/span><\/a><\/span><\/p>\n<p><span style=\"color: #000000;\"><a style=\"color: #000000;\" href=\"http:\/\/res.hotel.com.br\/hotel\/br\/sinuelo.html\"><strong><span style=\"text-decoration: underline;\">HOTEL SINUELO<\/span><\/strong><\/a><\/span><\/p>\n<h2><\/h2>\n<h2><span style=\"color: #000000;\"><strong>TELEFONES \u00daTEIS\u00a0<\/strong><\/span><\/h2>\n<p class=\"separator\"><span style=\"color: #000000;\">PONTOS DE T\u00c1XI DE JAGUAR\u00c3O<\/span><\/p>\n<div><span style=\"color: #000000;\">T\u00c1XI DA SINALEIRA-FONE:\u00a0(53) 3261-1080<\/span><\/div>\n<div><span style=\"color: #000000;\">\u00a0<\/span><\/div>\n<div><span style=\"color: #000000;\">T\u00c1XI DA RODOVI\u00c1RIA-FONE:\u00a0(53) 3261-1413<\/span><\/div>\n<div><span style=\"color: #000000;\">\u00a0<\/span><\/div>\n<div><span style=\"color: #000000;\">T\u00c1XI FERREIRA MELLO-FONE:\u00a0(53) 3261-1445<\/span><\/div>\n<div><span style=\"color: #000000;\">\u00a0<\/span><\/div>\n<div><span style=\"color: #000000;\">T\u00c1XI CENTER-FONE:\u00a0(53) 3261-4395<\/span><\/div>\n<div><span style=\"color: #000000;\">\u00a0<\/span><\/div>\n<div><span style=\"color: #000000;\">T\u00c1XI\u00a0HOSPITAL-FONE:\u00a0(53) 3261-6869<\/span><\/div>\n<div><span style=\"color: #000000;\">\u00a0<\/span><\/div>\n<div><span style=\"color: #000000;\">T\u00c1XI DA URUGUAY-FONE:\u00a0(53) 84164660<\/span><\/div>\n<div><span style=\"color: #000000;\">\u00a0<\/span><\/div>\n<div><span style=\"color: #000000;\">T\u00c1XI DA PONTE-FONES:\u00a0(53) 3261-9136 OU 3261-3022<\/span><\/div>\n<div><span style=\"color: #000000;\">\u00a0<\/span><\/div>\n<div><span style=\"color: #000000;\">T\u00c1XI DO INSS-FONE:\u00a0(53) 3261-1011<\/span><\/div>\n<div><span style=\"color: #000000;\">\u00a0<\/span><\/div>\n<div><span style=\"color: #000000;\"><strong>MOTO TAXI- FONE:\u00a0<\/strong><strong>3261-10-32<\/strong><\/span><\/div>\n<div><\/div>\n<h2><\/h2>\n<h2><strong><span style=\"color: #000000;\">Restaurantes<\/span><\/strong><\/h2>\n<div>\n<p><span style=\"color: #000000;\">Confeitaria Pane Mio-Avenida 27 de Janeiro, 366.Fone: (53) 3261-3333<\/span><\/p>\n<p><span style=\"color: #000000;\">Galeteria Fornalia \u2013 Restaurante Italiano-Avenida 27 de Janeiro, 835.Fone: (53) 3261-5491<\/span><\/p>\n<p><span style=\"color: #000000;\">Restaurante Buffet da XV-Rua XV de Novembro, 1032.Fone: (53) 3261-2318<\/span><\/p>\n<p><span style=\"color: #000000;\">Restaurante Dona Rosa-Pra\u00e7a Dario de Almeida Neves, 91 A. Fone: (53)3261-6947.<\/span><\/p>\n<p><span style=\"color: #000000;\">Restaurante e Lancheria Posto Santa F\u00e9-Br 116 km 652. Fone: 84183401<\/span><\/p>\n<p><span style=\"color: #000000;\">Restaurante Futuro Br 116, 2540.Fone: (53) 3261-2880.<\/span><\/p>\n<p><span style=\"color: #000000;\">Restaurante-Pub sinuelo- Pra\u00e7a Dr. Alcides Marques, 60.Fone: (53) 3261-5000<\/span><\/p>\n<p><span style=\"color: #000000;\">Restaurante-Pub Villa Porto-Rua J\u00falio de Castilhos, 19. Fone: (53) 84217461<\/span><\/p>\n<p><span style=\"color: #000000;\">Restaurante El Farol-Rua Andrade Neves, 358.<\/span><\/p>\n<p><span style=\"color: #000000;\">Restaurante Imperium Ponte-Rua Jo\u00e3o Pessoa, 173. Fone: (53) 3261-3131 <\/span><\/p>\n<p><span style=\"color: #000000;\">Restaurante e Confeitaria S\u00e3o Jos\u00e9 -Pra\u00e7a Dr. Alcides Marques, 106. Fone: (53) 3261-1331, (53) 3261-1208<\/span><\/p>\n<p>&nbsp;<\/p>\n<\/div>\n","protected":false},"excerpt":{"rendered":"<p>Jaguar\u00e3o situa-se no extremo meridional do Brasil, na fronteira com a Rep\u00fablica Oriental do Uruguay. A cidade \u00e9 reconhecida nacionalmente por seus s\u00edtios arquitet\u00f4nicos, que constituem um acervo considerado sem similar em n\u00famero e estado de conserva\u00e7\u00e3o no Rio Grande do Sul. Percebe-se o destaque, neste cen\u00e1rio, para os refinados casar\u00f5es elaborados nos \u00faltimos dec\u00eanios [&hellip;]<\/p>\n","protected":false},"author":1,"featured_media":0,"parent":0,"menu_order":0,"comment_status":"closed","ping_status":"closed","template":"","meta":{"_monsterinsights_skip_tracking":false,"_monsterinsights_sitenote_active":false,"_monsterinsights_sitenote_note":"","_monsterinsights_sitenote_category":0,"footnotes":""},"class_list":["post-853","page","type-page","status-publish","hentry"],"_links":{"self":[{"href":"https:\/\/claec.org\/ehm\/wp-json\/wp\/v2\/pages\/853","targetHints":{"allow":["GET"]}}],"collection":[{"href":"https:\/\/claec.org\/ehm\/wp-json\/wp\/v2\/pages"}],"about":[{"href":"https:\/\/claec.org\/ehm\/wp-json\/wp\/v2\/types\/page"}],"author":[{"embeddable":true,"href":"https:\/\/claec.org\/ehm\/wp-json\/wp\/v2\/users\/1"}],"replies":[{"embeddable":true,"href":"https:\/\/claec.org\/ehm\/wp-json\/wp\/v2\/comments?post=853"}],"version-history":[{"count":7,"href":"https:\/\/claec.org\/ehm\/wp-json\/wp\/v2\/pages\/853\/revisions"}],"predecessor-version":[{"id":1046,"href":"https:\/\/claec.org\/ehm\/wp-json\/wp\/v2\/pages\/853\/revisions\/1046"}],"wp:attachment":[{"href":"https:\/\/claec.org\/ehm\/wp-json\/wp\/v2\/media?parent=853"}],"curies":[{"name":"wp","href":"https:\/\/api.w.org\/{rel}","templated":true}]}}