{"id":841,"date":"2018-07-27T03:49:45","date_gmt":"2018-07-27T06:49:45","guid":{"rendered":"http:\/\/claec.org\/ehm\/?page_id=841"},"modified":"2018-12-09T20:39:54","modified_gmt":"2018-12-09T22:39:54","slug":"comunicadores","status":"publish","type":"page","link":"https:\/\/claec.org\/ehm\/comunicadores\/","title":{"rendered":"Comunicadores"},"content":{"rendered":"<blockquote>\n<h4 class=\"font_8\"><strong><span style=\"color: #ff0000;\">As inscri\u00e7\u00f5es para comunicadores FORAM PRORROGADAS\u00a0 at\u00e9 o dia 05\u00a0 de NOVEMBRO de 2018, IMPRETERIVELMENTE.<\/span><\/strong><\/h4>\n<\/blockquote>\n<h2><strong>ENVIO DE PROPOSTAS DE TRABALHOS INDIVIDUAIS OU EM CO-AUTORIA PARA OS GRUPOS DE TRABALHOS<\/strong><\/h2>\n<p style=\"text-align: justify;\"><strong>Pesquisadores, interessados e estudantes das grandes \u00e1reas das ci\u00eancias humanas e sociais, est\u00e3o aptos a enviar propostas para apresenta\u00e7\u00e3o nos Grupos de Trabalhos do IV Encontro Human\u00edstico Multidisciplinar e do III Congresso Latino-Americano de Estudos Human\u00edsticos Multidisciplinares. As apresenta\u00e7\u00f5es\u00a0ser\u00e3o de forma oral com dura\u00e7\u00e3o de no m\u00e1ximo\u00a015 minutos e ser\u00e3o realizadas\u00a0por meio\u00a0de discuss\u00e3o entre os\u00a0integrantes dos GTs, priorizando o interc\u00e2mbio de informa\u00e7\u00f5es entre os autores.\u00a0 Cada autor pode participar de at\u00e9 02 (dois ) trabalhos e <em><span style=\"text-decoration: underline; color: #ff0000;\">efetuar o pagamento referente a cada trabalho<\/span><\/em>, cada trabalho pode conter at\u00e9 04 (quatro) autores, e todos devem efetuar o pagamento.<\/strong><\/p>\n<p style=\"text-align: justify;\"><strong><span style=\"color: #ff0000;\">OBSERVA\u00c7\u00c3O:<\/span> O orientador deve pagar apenas uma taxa, mesmo que participe de mais trabalhos.<\/strong><\/p>\n<p style=\"text-align: justify;\"><strong> O evento conta com duas modalidades de trabalhos,\u00a0<\/strong><strong>Resumos\u00a0 Simples e<\/strong><strong>\u00a0<\/strong><strong>Artigos Completos<\/strong><strong>.\u00a0<\/strong><strong>Inicialmente\u00a0<\/strong><strong>todos<\/strong><strong>\u00a0os participantes devem\u00a0submeter as propostas de trabalhos na modalidade de\u00a0<\/strong><strong>Resumo <span style=\"color: #000000;\">SIMPLES<\/span>\u00a0(Os resumos tem limite m\u00e1ximo de 1500 caracteres, e m\u00ednimo de 1000 (contando os espa\u00e7amentos), devendo ser escrito direto no formul\u00e1rio, n\u00e3o exigindo nenhuma formata\u00e7\u00e3o espec\u00edfica) por meio do formul\u00e1rio<\/strong><strong>, posteriormente ap\u00f3s aprova\u00e7\u00e3o dos resumos submetidos, os interessados em apresentar o trabalho na modalidade de\u00a0<\/strong><strong>Artigo Completo<\/strong><strong>\u00a0dever\u00e3o submeter o arquivo.<\/strong><\/p>\n<p style=\"text-align: justify;\"><b>Para a difus\u00e3o dos temas e debates proporcionados pelo evento, os resumos simples aceitos e apresentados durante o evento ser\u00e3o publicados na forma de Anais em E-book\u00a0<\/b><strong>e receber\u00e3o c\u00f3digo ISBN. Os autores que ap\u00f3s o aceite dos resumos SIMPLES enviarem seus trabalhos no formato de artigo completo e apresentarem durante o evento, depois de pr\u00e9via an\u00e1lise do artigo pelo Comit\u00ea Cient\u00edfico do evento, ser\u00e3o publicados em uma edi\u00e7\u00e3o especial da revista RELACult \u2013 Revista Latino-Americana de Estudos em Cultura e Sociedade e-ISSN 2525-7870 (<\/strong><strong><a href=\"http:\/\/relacult.claec.org\/\">relacult.claec.org\/<\/a><\/strong><strong>) antiga revista Conex\u00f5es Culturais e-ISSN 2447-018X e receber\u00e3o c\u00f3digo DOI.<\/strong><\/p>\n<p style=\"text-align: justify;\">Se est\u00e1 de acordo com as regras do evento acesse o link abaixo:<\/p>\n<h2 style=\"text-align: justify;\"><span style=\"text-decoration: underline; color: #993300;\"><a style=\"color: #993300;\" href=\"https:\/\/docs.google.com\/forms\/d\/11SW1vepHgkY1xJw9VfE9jpf-A34rn-BelLzOfGt5A5E\/viewform?ts=5b6a2e4e&amp;edit_requested=true\"><strong>INSCRI\u00c7\u00c3O DE COMUNICADORES-CLIQUE AQUI<\/strong><\/a><\/span><\/h2>\n<h3 style=\"text-align: justify;\"><\/h3>\n<h3 style=\"text-align: justify;\"><\/h3>\n<p style=\"text-align: justify;\"><strong>PAGAMENTO:<\/strong><\/p>\n<blockquote>\n<p style=\"text-align: justify;\"><em><strong>Tanto o autor que submeteu o texto quanto os demais coautores dever\u00e3o realizar o pagamento da taxa de inscri\u00e7\u00e3o.<\/strong><\/em><\/p>\n<p><em><strong>Para receber o certificado e para publicar na revista o comunicador deve apresentar no evento.<\/strong><\/em><\/p>\n<p>&nbsp;<\/p><\/blockquote>\n","protected":false},"excerpt":{"rendered":"<p>As inscri\u00e7\u00f5es para comunicadores FORAM PRORROGADAS\u00a0 at\u00e9 o dia 05\u00a0 de NOVEMBRO de 2018, IMPRETERIVELMENTE. ENVIO DE PROPOSTAS DE TRABALHOS INDIVIDUAIS OU EM CO-AUTORIA PARA OS GRUPOS DE TRABALHOS Pesquisadores, interessados e estudantes das grandes \u00e1reas das ci\u00eancias humanas e sociais, est\u00e3o aptos a enviar propostas para apresenta\u00e7\u00e3o nos Grupos de Trabalhos do IV Encontro [&hellip;]<\/p>\n","protected":false},"author":1,"featured_media":0,"parent":0,"menu_order":0,"comment_status":"closed","ping_status":"closed","template":"","meta":{"_monsterinsights_skip_tracking":false,"_monsterinsights_sitenote_active":false,"_monsterinsights_sitenote_note":"","_monsterinsights_sitenote_category":0,"footnotes":""},"class_list":["post-841","page","type-page","status-publish","hentry"],"_links":{"self":[{"href":"https:\/\/claec.org\/ehm\/wp-json\/wp\/v2\/pages\/841","targetHints":{"allow":["GET"]}}],"collection":[{"href":"https:\/\/claec.org\/ehm\/wp-json\/wp\/v2\/pages"}],"about":[{"href":"https:\/\/claec.org\/ehm\/wp-json\/wp\/v2\/types\/page"}],"author":[{"embeddable":true,"href":"https:\/\/claec.org\/ehm\/wp-json\/wp\/v2\/users\/1"}],"replies":[{"embeddable":true,"href":"https:\/\/claec.org\/ehm\/wp-json\/wp\/v2\/comments?post=841"}],"version-history":[{"count":13,"href":"https:\/\/claec.org\/ehm\/wp-json\/wp\/v2\/pages\/841\/revisions"}],"predecessor-version":[{"id":1224,"href":"https:\/\/claec.org\/ehm\/wp-json\/wp\/v2\/pages\/841\/revisions\/1224"}],"wp:attachment":[{"href":"https:\/\/claec.org\/ehm\/wp-json\/wp\/v2\/media?parent=841"}],"curies":[{"name":"wp","href":"https:\/\/api.w.org\/{rel}","templated":true}]}}

<blockquote>
<h4 class="font_8"><strong><span style="color: #ff0000;">As inscrições para comunicadores FORAM PRORROGADAS  até o dia 05  de NOVEMBRO de 2018, IMPRETERIVELMENTE.</span></strong></h4>
</blockquote>
<h2><strong>ENVIO DE PROPOSTAS DE TRABALHOS INDIVIDUAIS OU EM CO-AUTORIA PARA OS GRUPOS DE TRABALHOS</strong></h2>
<p style="text-align: justify;"><strong>Pesquisadores, interessados e estudantes das grandes áreas das ciências humanas e sociais, estão aptos a enviar propostas para apresentação nos Grupos de Trabalhos do IV Encontro Humanístico Multidisciplinar e do III Congresso Latino-Americano de Estudos Humanísticos Multidisciplinares. As apresentações serão de forma oral com duração de no máximo 15 minutos e serão realizadas por meio de discussão entre os integrantes dos GTs, priorizando o intercâmbio de informações entre os autores.  Cada autor pode participar de até 02 (dois ) trabalhos e <em><span style="text-decoration: underline; color: #ff0000;">efetuar o pagamento referente a cada trabalho</span></em>, cada trabalho pode conter até 04 (quatro) autores, e todos devem efetuar o pagamento.</strong></p>
<p style="text-align: justify;"><strong><span style="color: #ff0000;">OBSERVAÇÃO:</span> O orientador deve pagar apenas uma taxa, mesmo que participe de mais trabalhos.</strong></p>
<p style="text-align: justify;"><strong> O evento conta com duas modalidades de trabalhos, </strong><strong>Resumos  Simples e</strong><strong> </strong><strong>Artigos Completos</strong><strong>. </strong><strong>Inicialmente </strong><strong>todos</strong><strong> os participantes devem submeter as propostas de trabalhos na modalidade de </strong><strong>Resumo <span style="color: #000000;">SIMPLES</span> (Os resumos tem limite máximo de 1500 caracteres, e mínimo de 1000 (contando os espaçamentos), devendo ser escrito direto no formulário, não exigindo nenhuma formatação específica) por meio do formulário</strong><strong>, posteriormente após aprovação dos resumos submetidos, os interessados em apresentar o trabalho na modalidade de </strong><strong>Artigo Completo</strong><strong> deverão submeter o arquivo.</strong></p>
<p style="text-align: justify;"><b>Para a difusão dos temas e debates proporcionados pelo evento, os resumos simples aceitos e apresentados durante o evento serão publicados na forma de Anais em E-book </b><strong>e receberão código ISBN. Os autores que após o aceite dos resumos SIMPLES enviarem seus trabalhos no formato de artigo completo e apresentarem durante o evento, depois de prévia análise do artigo pelo Comitê Científico do evento, serão publicados em uma edição especial da revista RELACult – Revista Latino-Americana de Estudos em Cultura e Sociedade e-ISSN 2525-7870 (</strong><strong><a href="http://relacult.claec.org/">relacult.claec.org/</a></strong><strong>) antiga revista Conexões Culturais e-ISSN 2447-018X e receberão código DOI.</strong></p>
<p style="text-align: justify;">Se está de acordo com as regras do evento acesse o link abaixo:</p>
<h2 style="text-align: justify;"><span style="text-decoration: underline; color: #993300;"><a style="color: #993300;" href="https://docs.google.com/forms/d/11SW1vepHgkY1xJw9VfE9jpf-A34rn-BelLzOfGt5A5E/viewform?ts=5b6a2e4e&amp;edit_requested=true"><strong>INSCRIÇÃO DE COMUNICADORES-CLIQUE AQUI</strong></a></span></h2>
<h3 style="text-align: justify;"></h3>
<h3 style="text-align: justify;"></h3>
<p style="text-align: justify;"><strong>PAGAMENTO:</strong></p>
<blockquote>
<p style="text-align: justify;"><em><strong>Tanto o autor que submeteu o texto quanto os demais coautores deverão realizar o pagamento da taxa de inscrição.</strong></em></p>
<p><em><strong>Para receber o certificado e para publicar na revista o comunicador deve apresentar no evento.</strong></em></p>
<p>&nbsp;</p></blockquote>

<p>As inscrições para comunicadores FORAM PRORROGADAS  até o dia 05  de NOVEMBRO de 2018, IMPRETERIVELMENTE. ENVIO DE PROPOSTAS DE TRABALHOS INDIVIDUAIS OU EM CO-AUTORIA PARA OS GRUPOS DE TRABALHOS Pesquisadores, interessados e estudantes das grandes áreas das ciências humanas e sociais, estão aptos a enviar propostas para apresentação nos Grupos de Trabalhos do IV Encontro [&hellip;]</p>
