{"id":3286,"date":"2024-06-27T21:34:34","date_gmt":"2024-06-28T00:34:34","guid":{"rendered":"https:\/\/claec.org\/ehm\/?page_id=3286"},"modified":"2024-07-22T21:05:05","modified_gmt":"2024-07-23T00:05:05","slug":"chamada-de-gt","status":"publish","type":"page","link":"https:\/\/claec.org\/ehm\/chamada-de-gt\/","title":{"rendered":"Chamada de GT"},"content":{"rendered":"\t\t<div data-elementor-type=\"wp-page\" data-elementor-id=\"3286\" class=\"elementor elementor-3286\" data-elementor-post-type=\"page\">\n\t\t\t\t\t\t<section class=\"elementor-section elementor-top-section elementor-element elementor-element-33494f61 elementor-section-boxed elementor-section-height-default elementor-section-height-default\" data-id=\"33494f61\" data-element_type=\"section\" data-e-type=\"section\">\n\t\t\t\t\t\t<div class=\"elementor-container elementor-column-gap-default\">\n\t\t\t\t\t<div class=\"elementor-column elementor-col-100 elementor-top-column elementor-element elementor-element-13057fb5\" data-id=\"13057fb5\" data-element_type=\"column\" data-e-type=\"column\">\n\t\t\t<div class=\"elementor-widget-wrap elementor-element-populated\">\n\t\t\t\t\t\t<div class=\"elementor-element elementor-element-1e488f46 elementor-widget elementor-widget-text-editor\" data-id=\"1e488f46\" data-element_type=\"widget\" data-e-type=\"widget\" data-widget_type=\"text-editor.default\">\n\t\t\t\t<div class=\"elementor-widget-container\">\n\t\t\t\t\t\t\t\t\t<p><\/p>\n<p><\/p>\n<p><\/p>\n<h1 class=\"wp-block-heading\">Resultado da convocat\u00f3ria: <a href=\"https:\/\/claec.org\/ehm\/grupos-de-trabalhos\/\">https:\/\/claec.org\/ehm\/grupos-de-trabalhos\/<\/a><\/h1>\n<p>\u00a0<\/p>\n<h1 class=\"wp-block-heading\">Primeira Convocat\u00f3ria (Constru\u00e7\u00e3o de Grupos de Trabalhos)<\/h1>\n<p><\/p>\n<p><\/p>\n<p><\/p>\n<p><\/p>\n<p>O Centro Latino-Americano de Estudos em Cultura (CLAEC) e o Instituto Conex\u00e3o Sociocultural (CONEX), em parceria com a Universidade Federal do Pampa (UNIPAMPA), convocam pesquisadores e professores e demais interessados pelos estudos das humanidades e da multidisciplinaridade a participarem do X Encontro Human\u00edstico Multidisciplinar (EHM) e do IX Congresso Latino-Americano de Estudos Human\u00edsticos Multidisciplinares, sob a tem\u00e1tica \u201cConverg\u00eancias Multidisciplinares nas Ci\u00eancias Humanas: Novos Paradigmas para um Mundo em Transforma\u00e7\u00e3o\u201d que ser\u00e1 realizado em plataforma virtual nos dias de 03 a 05 de dezembro de 2024. As propostas poder\u00e3o ser enviadas de 27 de junho at\u00e9 o dia 15 de julho de 2024, EXCLUSIVAMENTE, pelo formul\u00e1rio online, dispon\u00edvel no link: <a href=\"https:\/\/docs.google.com\/forms\/d\/e\/1FAIpQLSf7O9xW46n1OrC3b1nPBH7LcaE2zTgg75Czgj-YdccIbRCmOw\/viewform\">https:\/\/docs.google.com\/forms\/d\/e\/1FAIpQLSf7O9xW46n1OrC3b1nPBH7LcaE2zTgg75Czgj-YdccIbRCmOw\/viewform<\/a><\/p>\n<p><\/p>\n<p><\/p>\n<h1 class=\"wp-block-heading\">DAS CONDI\u00c7\u00d5ES PARA ENVIO<\/h1>\n<p><\/p>\n<p><\/p>\n<p>Os grupos de trabalhos s\u00e3o formados por pesquisadores cujo prop\u00f3sito \u00e9 trocar informa\u00e7\u00f5es, sensibilizar, mobilizar e debater temas espec\u00edficos de interesse do pr\u00f3prio grupo, aprofundando quest\u00f5es de pesquisa, extens\u00e3o e ensino. Os interessados poder\u00e3o apresentar propostas de grupos de trabalhos que atuar\u00e3o, durante o evento, de acordo com a din\u00e2mica estabelecida por eles pr\u00f3prios. Para tanto, observado o cronograma do evento, as propostas dever\u00e3o ser submetidas por pelo menos dois proponentes e, no m\u00e1ximo, quatro, com forma\u00e7\u00e3o acad\u00eamica m\u00ednima de doutorando (a). Os mesmos ir\u00e3o compor o Comit\u00ea Cient\u00edfico dessa edi\u00e7\u00e3o, sendo respons\u00e1veis pela coordena\u00e7\u00e3o das comunica\u00e7\u00f5es durante o grupo de trabalho. As propostas ser\u00e3o avaliadas pela comiss\u00e3o organizadora considerando seu teor, relev\u00e2ncia, contribui\u00e7\u00e3o e a disponibilidade de espa\u00e7o.<\/p>\n<p><strong>Orienta\u00e7\u00f5es para a proposi\u00e7\u00e3o de Grupos de Trabalhos no Formul\u00e1rio<\/strong>.<\/p>\n<p><\/p>\n<p><\/p>\n<p><\/p>\n<p><\/p>\n<p><\/p>\n<p><\/p>\n<h2 class=\"wp-block-heading\">Deve conter:<\/h2>\n<p><\/p>\n<p><\/p>\n<ul class=\"wp-block-list\">\n<li style=\"list-style-type: none;\">\n<ul><\/ul>\n<\/li>\n<\/ul>\n<ul>\n<li style=\"list-style-type: none;\">\n<ul>\n<li>T\u00edtulo<\/li>\n<\/ul>\n<\/li>\n<\/ul>\n<p><\/p>\n<p><\/p>\n<p><\/p>\n<ul class=\"wp-block-list\">\n<li style=\"list-style-type: none;\">\n<ul><\/ul>\n<\/li>\n<\/ul>\n<ul>\n<li style=\"list-style-type: none;\">\n<ul>\n<li>Resumo, com m\u00ednimo 2500 at\u00e9 3000 caracteres (incluindo o espa\u00e7amento), com o objetivo e o escopo do grupo de trabalho (em portugu\u00eas e em l\u00edngua estrangeira);<\/li>\n<\/ul>\n<\/li>\n<\/ul>\n<p><\/p>\n<p><\/p>\n<p><\/p>\n<ul class=\"wp-block-list\">\n<li style=\"list-style-type: none;\">\n<ul><\/ul>\n<\/li>\n<\/ul>\n<ul>\n<li style=\"list-style-type: none;\">\n<ul>\n<li>Palavras-chave (em portugu\u00eas e em l\u00edngua estrangeira);<\/li>\n<\/ul>\n<\/li>\n<\/ul>\n<p><\/p>\n<p><\/p>\n<p><\/p>\n<ul class=\"wp-block-list\">\n<li style=\"list-style-type: none;\">\n<ul><\/ul>\n<\/li>\n<\/ul>\n<ul>\n<li style=\"list-style-type: none;\">\n<ul>\n<li>Dados dos coordenadores (nome completo, titula\u00e7\u00e3o, institui\u00e7\u00e3o, e-mail, telefone);<\/li>\n<\/ul>\n<\/li>\n<\/ul>\n<p><\/p>\n<p><\/p>\n<p><\/p>\n<ul class=\"wp-block-list\">\n<li style=\"list-style-type: none;\">\n<ul><\/ul>\n<\/li>\n<\/ul>\n<ul>\n<li style=\"list-style-type: none;\">\n<ul>\n<li>Cada pesquisador poder\u00e1 submeter apenas uma proposta de grupo de trabalho;<\/li>\n<\/ul>\n<\/li>\n<\/ul>\n<p><\/p>\n<p><\/p>\n<p><\/p>\n<ul class=\"wp-block-list\">\n<li style=\"list-style-type: none;\">\n<ul><\/ul>\n<\/li>\n<\/ul>\n<ul>\n<li style=\"list-style-type: none;\">\n<ul>\n<li>Uma vez aprovado o grupo de trabalho, caber\u00e1 aos coordenadores divulg\u00e1-lo aos seus pares, coordenar o processo de avalia\u00e7\u00e3o, obedecendo ao prazo definido no cronograma e, durante o evento, organizar as atividades definidas. Obedecidas as diretrizes desta convocat\u00f3ria, os grupos de trabalhos s\u00e3o soberanos para organizarem todas as suas atividades.<\/li>\n<\/ul>\n<\/li>\n<\/ul>\n<p><\/p>\n<p><\/p>\n<p><\/p>\n<p><\/p>\n<p><\/p>\n<h2 class=\"wp-block-heading\">Informa\u00e7\u00f5es gerais:<\/h2>\n<p><\/p>\n<p><\/p>\n<ul class=\"wp-block-list\">\n<li style=\"list-style-type: none;\">\n<ul><\/ul>\n<\/li>\n<\/ul>\n<ul>\n<li style=\"list-style-type: none;\">\n<ul>\n<li>O n\u00famero m\u00ednimo de trabalhos inscritos e aprovados para que o GT ocorra s\u00e3o cinco \u00a0(05);<\/li>\n<\/ul>\n<\/li>\n<\/ul>\n<p><\/p>\n<p><\/p>\n<p><\/p>\n<ul class=\"wp-block-list\">\n<li style=\"list-style-type: none;\">\n<ul><\/ul>\n<\/li>\n<\/ul>\n<ul>\n<li style=\"list-style-type: none;\">\n<ul>\n<li>O n\u00famero m\u00e1ximo de trabalhos a serem apresentados por sess\u00e3o\/turno \u00e9 doze (12), podendo haver sess\u00f5es simult\u00e2neas;<\/li>\n<\/ul>\n<\/li>\n<\/ul>\n<p><\/p>\n<p><\/p>\n<p><\/p>\n<ul class=\"wp-block-list\">\n<li style=\"list-style-type: none;\">\n<ul><\/ul>\n<\/li>\n<\/ul>\n<ul>\n<li style=\"list-style-type: none;\">\n<ul>\n<li>GTs acolhem propostas de comunica\u00e7\u00f5es orais;<\/li>\n<\/ul>\n<\/li>\n<\/ul>\n<p><\/p>\n<p><\/p>\n<p><\/p>\n<ul class=\"wp-block-list\">\n<li style=\"list-style-type: none;\">\n<ul><\/ul>\n<\/li>\n<\/ul>\n<ul>\n<li style=\"list-style-type: none;\">\n<ul>\n<li>Somente ser\u00e1 aceita uma \u00fanica apresenta\u00e7\u00e3o por pessoa, em um \u00fanico GT, em qualquer categoria (comunica\u00e7\u00e3o oral, autor\/a\/e ou coautor\/a\/e);<\/li>\n<\/ul>\n<\/li>\n<\/ul>\n<p><\/p>\n<p><\/p>\n<p><\/p>\n<p><\/p>\n<ul class=\"wp-block-list\">\n<li style=\"list-style-type: none;\">\n<ul><\/ul>\n<\/li>\n<\/ul>\n<ul>\n<li style=\"list-style-type: none;\">\n<ul>\n<li>A programa\u00e7\u00e3o ser\u00e1 enviada aos coordenadores dentro do prazo estabelecido no cronograma;<\/li>\n<\/ul>\n<\/li>\n<\/ul>\n<p><\/p>\n<p><\/p>\n<p><\/p>\n<ul class=\"wp-block-list\">\n<li style=\"list-style-type: none;\">\n<ul><\/ul>\n<\/li>\n<\/ul>\n<ul>\n<li style=\"list-style-type: none;\">\n<ul>\n<li>No caso de o GT apresentar muitos trabalhos inscritos e aprovados ser\u00e1 poss\u00edvel ou a cria\u00e7\u00e3o de uma sess\u00e3o extra ou a duplica\u00e7\u00e3o do GT. A comiss\u00e3o organizadora ir\u00e1 analisar individualmente cada caso e entrar\u00e1 em contato com as coordena\u00e7\u00f5es em que tal situa\u00e7\u00e3o ocorrer;<\/li>\n<\/ul>\n<\/li>\n<\/ul>\n<p><\/p>\n<p><\/p>\n<p><\/p>\n<ul class=\"wp-block-list\">\n<li style=\"list-style-type: none;\">\n<ul><\/ul>\n<\/li>\n<\/ul>\n<ul>\n<li style=\"list-style-type: none;\">\n<ul>\n<li>No caso da n\u00e3o consolida\u00e7\u00e3o do GT, se houverem propostas de comunica\u00e7\u00f5es orais e p\u00f4steres aprovados, a comiss\u00e3o organizadora sugerir\u00e1 que as mesmas sejam enviadas a outros GTs;<\/li>\n<\/ul>\n<\/li>\n<\/ul>\n<p><\/p>\n<p><\/p>\n<ul>\n<li style=\"list-style-type: none;\">\n<ul>\n<li>Para propor atividades \u00e9 necess\u00e1rio que haja um m\u00ednimo de DOIS e um m\u00e1ximo de QUATRO autores por proposta;<\/li>\n<\/ul>\n<\/li>\n<\/ul>\n<p><\/p>\n<p><\/p>\n<p><\/p>\n<ul class=\"wp-block-list\">\n<li style=\"list-style-type: none;\">\n<ul><\/ul>\n<\/li>\n<\/ul>\n<ul>\n<li style=\"list-style-type: none;\">\n<ul>\n<li>A titula\u00e7\u00e3o m\u00ednima para envio de proposta de GT \u00e9 de doutorando(a) e a \u00e1rea de atua\u00e7\u00e3o dever\u00e1 ser em Ci\u00eancias Humanas e Sociais, incluindo as aplicadas;<\/li>\n<\/ul>\n<\/li>\n<\/ul>\n<p><\/p>\n<p><\/p>\n<p><\/p>\n<ul class=\"wp-block-list\">\n<li style=\"list-style-type: none;\">\n<ul><\/ul>\n<\/li>\n<\/ul>\n<ul>\n<li style=\"list-style-type: none;\">\n<ul>\n<li>O evento n\u00e3o garante nenhum tipo de financiamento \u00e0s pessoas que encaminharem propostas ou \u00e0s pessoas convidadas pelas mesmas. Ao encaminharem propostas, tais pessoas se comprometem a garantir seus pr\u00f3prios recursos para participarem do evento.<\/li>\n<\/ul>\n<\/li>\n<\/ul>\n<p><\/p>\n<p><\/p>\n<p><\/p>\n<ul class=\"wp-block-list\">\n<li style=\"list-style-type: none;\">\n<ul><\/ul>\n<\/li>\n<\/ul>\n<ul>\n<li style=\"list-style-type: none;\">\n<ul>\n<li>Fica sob a responsabilidade dos coordenadores do GT garantir o m\u00ednimo de 05 propostas de trabalho para que o GT ocorra.<\/li>\n<\/ul>\n<\/li>\n<\/ul>\n<p><\/p>\n<p><\/p>\n<p><\/p>\n<p><strong><em>Atribui\u00e7\u00f5es da coordena\u00e7\u00e3o e dos comentadores de GT:<\/em><\/strong><\/p>\n<p><\/p>\n<p><\/p>\n<ul class=\"wp-block-list\">\n<li style=\"list-style-type: none;\">\n<ul><\/ul>\n<\/li>\n<\/ul>\n<ul>\n<li style=\"list-style-type: none;\">\n<ul>\n<li>\u00c9 de inteira responsabilidade da coordena\u00e7\u00e3o a condu\u00e7\u00e3o do GT nos dias em que ele ocorrer;<\/li>\n<\/ul>\n<\/li>\n<\/ul>\n<p><\/p>\n<p><\/p>\n<p><\/p>\n<ul class=\"wp-block-list\">\n<li style=\"list-style-type: none;\">\n<ul><\/ul>\n<\/li>\n<\/ul>\n<ul>\n<li style=\"list-style-type: none;\">\n<ul>\n<li>Controlar o tempo dispon\u00edvel para cada apresenta\u00e7\u00e3o (que conta com 10 a 15 minutos para exposi\u00e7\u00e3o);<\/li>\n<\/ul>\n<\/li>\n<\/ul>\n<p><\/p>\n<p><\/p>\n<p><\/p>\n<ul class=\"wp-block-list\">\n<li style=\"list-style-type: none;\">\n<ul><\/ul>\n<\/li>\n<\/ul>\n<ul>\n<li style=\"list-style-type: none;\">\n<ul>\n<li>Coordenar e fomentar o debate entre as pessoas participantes do GT;<\/li>\n<\/ul>\n<\/li>\n<\/ul>\n<p><\/p>\n<p><\/p>\n<p><\/p>\n<ul class=\"wp-block-list\">\n<li style=\"list-style-type: none;\">\n<ul><\/ul>\n<\/li>\n<\/ul>\n<ul>\n<li style=\"list-style-type: none;\">\n<ul>\n<li>Selecionar e indicar o trabalho DESTAQUE da sess\u00e3o coordenada, que receber\u00e1 certifica\u00e7\u00e3o e direito a publica\u00e7\u00e3o em uma revista parceira;<\/li>\n<\/ul>\n<\/li>\n<\/ul>\n<p><\/p>\n<p><\/p>\n<p><\/p>\n<p><\/p>\n<ul class=\"wp-block-list\">\n<li style=\"list-style-type: none;\">\n<ul><\/ul>\n<\/li>\n<\/ul>\n<ul>\n<li style=\"list-style-type: none;\">\n<ul>\n<li>Comentar criticamente os trabalhos apresentados;<\/li>\n<\/ul>\n<\/li>\n<\/ul>\n<p><\/p>\n<p><\/p>\n<ul>\n<li style=\"list-style-type: none;\">\n<ul>\n<li>Todos os trabalhos inscritos no evento ter\u00e3o direito \u00e0 apresenta\u00e7\u00e3o.<\/li>\n<\/ul>\n<\/li>\n<\/ul>\n<p><\/p>\n<p><\/p>\n<ul>\n<li style=\"list-style-type: none;\">\n<ul>\n<li>Esse ano em vista do anivers\u00e1rio de dez anos do evento, todos os artigos aprovados ser\u00e3o p\u00fablicados na Revista Relacult, classificada com qualis B1 pela CAPES.<\/li>\n<\/ul>\n<\/li>\n<\/ul>\n<p><\/p>\n<p><\/p>\n<p><\/p>\n<p>Todas as propostas dever\u00e3o ser enviadas \u00fanica e exclusivamente via formul\u00e1rio atrav\u00e9s do link: <a href=\"https:\/\/docs.google.com\/forms\/d\/e\/1FAIpQLSf7O9xW46n1OrC3b1nPBH7LcaE2zTgg75Czgj-YdccIbRCmOw\/viewform\">https:\/\/docs.google.com\/forms\/d\/e\/1FAIpQLSf7O9xW46n1OrC3b1nPBH7LcaE2zTgg75Czgj-YdccIbRCmOw\/viewform<\/a><\/p>\n<p><\/p>\n<p><\/p>\n<p><a href=\"https:\/\/drive.google.com\/file\/d\/1UIGucl8O4SKPRsjTuNb6_EBr0-sohRG0\/view?usp=sharing\">Chamada em pdf<\/a><\/p>\n<p>D\u00favidas e sugest\u00f5es podem ser enviadas para contato.ehm@claec.org Esperamos poder contar com a participa\u00e7\u00e3o de todos.<\/p>\n<p><\/p>\n<p><\/p>\n<p>Atenciosamente, Equipe EHM.<\/p>\n<p><\/p>\t\t\t\t\t\t\t\t<\/div>\n\t\t\t\t<\/div>\n\t\t\t\t\t<\/div>\n\t\t<\/div>\n\t\t\t\t\t<\/div>\n\t\t<\/section>\n\t\t\t\t<\/div>\n\t\t","protected":false},"excerpt":{"rendered":"<p>Resultado da convocat\u00f3ria: https:\/\/claec.org\/ehm\/grupos-de-trabalhos\/ \u00a0 Primeira Convocat\u00f3ria (Constru\u00e7\u00e3o de Grupos de Trabalhos) O Centro Latino-Americano de Estudos em Cultura (CLAEC) e o Instituto Conex\u00e3o Sociocultural (CONEX), em parceria com a Universidade Federal do Pampa (UNIPAMPA), convocam pesquisadores e professores e demais interessados pelos estudos das humanidades e da multidisciplinaridade a participarem do X Encontro Human\u00edstico [&hellip;]<\/p>\n","protected":false},"author":1,"featured_media":0,"parent":0,"menu_order":0,"comment_status":"closed","ping_status":"closed","template":"","meta":{"_monsterinsights_skip_tracking":false,"_monsterinsights_sitenote_active":false,"_monsterinsights_sitenote_note":"","_monsterinsights_sitenote_category":0,"footnotes":""},"class_list":["post-3286","page","type-page","status-publish","hentry"],"_links":{"self":[{"href":"https:\/\/claec.org\/ehm\/wp-json\/wp\/v2\/pages\/3286","targetHints":{"allow":["GET"]}}],"collection":[{"href":"https:\/\/claec.org\/ehm\/wp-json\/wp\/v2\/pages"}],"about":[{"href":"https:\/\/claec.org\/ehm\/wp-json\/wp\/v2\/types\/page"}],"author":[{"embeddable":true,"href":"https:\/\/claec.org\/ehm\/wp-json\/wp\/v2\/users\/1"}],"replies":[{"embeddable":true,"href":"https:\/\/claec.org\/ehm\/wp-json\/wp\/v2\/comments?post=3286"}],"version-history":[{"count":10,"href":"https:\/\/claec.org\/ehm\/wp-json\/wp\/v2\/pages\/3286\/revisions"}],"predecessor-version":[{"id":3456,"href":"https:\/\/claec.org\/ehm\/wp-json\/wp\/v2\/pages\/3286\/revisions\/3456"}],"wp:attachment":[{"href":"https:\/\/claec.org\/ehm\/wp-json\/wp\/v2\/media?parent=3286"}],"curies":[{"name":"wp","href":"https:\/\/api.w.org\/{rel}","templated":true}]}}