{"id":2815,"date":"2024-06-11T21:02:15","date_gmt":"2024-06-12T00:02:15","guid":{"rendered":"https:\/\/claec.org\/ehm\/?page_id=2815"},"modified":"2025-12-04T22:36:37","modified_gmt":"2025-12-05T01:36:37","slug":"inscricoes","status":"publish","type":"page","link":"https:\/\/claec.org\/ehm\/inscricoes\/","title":{"rendered":"Inscri\u00e7\u00f5es"},"content":{"rendered":"\t\t<div data-elementor-type=\"wp-page\" data-elementor-id=\"2815\" class=\"elementor elementor-2815\" data-elementor-post-type=\"page\">\n\t\t\t\t\t\t<section class=\"elementor-section elementor-top-section elementor-element elementor-element-b293785 elementor-section-boxed elementor-section-height-default elementor-section-height-default\" data-id=\"b293785\" data-element_type=\"section\" data-e-type=\"section\" data-settings=\"{&quot;background_background&quot;:&quot;classic&quot;}\">\n\t\t\t\t\t\t\t<div class=\"elementor-background-overlay\"><\/div>\n\t\t\t\t\t\t\t<div class=\"elementor-container elementor-column-gap-default\">\n\t\t\t\t\t<div class=\"elementor-column elementor-col-100 elementor-top-column elementor-element elementor-element-d07ea90\" data-id=\"d07ea90\" data-element_type=\"column\" data-e-type=\"column\" data-settings=\"{&quot;background_background&quot;:&quot;classic&quot;}\">\n\t\t\t<div class=\"elementor-widget-wrap elementor-element-populated\">\n\t\t\t\t\t\t<div class=\"elementor-element elementor-element-4189364 elementor-widget elementor-widget-spacer\" data-id=\"4189364\" data-element_type=\"widget\" data-e-type=\"widget\" data-widget_type=\"spacer.default\">\n\t\t\t\t<div class=\"elementor-widget-container\">\n\t\t\t\t\t\t\t<div class=\"elementor-spacer\">\n\t\t\t<div class=\"elementor-spacer-inner\"><\/div>\n\t\t<\/div>\n\t\t\t\t\t\t<\/div>\n\t\t\t\t<\/div>\n\t\t\t\t<div class=\"elementor-element elementor-element-b3d7f04 elementor-widget elementor-widget-heading\" data-id=\"b3d7f04\" data-element_type=\"widget\" data-e-type=\"widget\" data-widget_type=\"heading.default\">\n\t\t\t\t<div class=\"elementor-widget-container\">\n\t\t\t\t\t<h2 class=\"elementor-heading-title elementor-size-default\">Inscri\u00e7\u00f5es<\/h2>\t\t\t\t<\/div>\n\t\t\t\t<\/div>\n\t\t\t\t<div class=\"elementor-element elementor-element-8e1f30f elementor-widget elementor-widget-spacer\" data-id=\"8e1f30f\" data-element_type=\"widget\" data-e-type=\"widget\" data-widget_type=\"spacer.default\">\n\t\t\t\t<div class=\"elementor-widget-container\">\n\t\t\t\t\t\t\t<div class=\"elementor-spacer\">\n\t\t\t<div class=\"elementor-spacer-inner\"><\/div>\n\t\t<\/div>\n\t\t\t\t\t\t<\/div>\n\t\t\t\t<\/div>\n\t\t\t\t\t<\/div>\n\t\t<\/div>\n\t\t\t\t\t<\/div>\n\t\t<\/section>\n\t\t\t\t<section class=\"elementor-section elementor-top-section elementor-element elementor-element-9a3d5c8 elementor-section-boxed elementor-section-height-default elementor-section-height-default\" data-id=\"9a3d5c8\" data-element_type=\"section\" data-e-type=\"section\">\n\t\t\t\t\t\t<div class=\"elementor-container elementor-column-gap-default\">\n\t\t\t\t\t<div class=\"elementor-column elementor-col-100 elementor-top-column elementor-element elementor-element-f2ec1ae\" data-id=\"f2ec1ae\" data-element_type=\"column\" data-e-type=\"column\">\n\t\t\t<div class=\"elementor-widget-wrap elementor-element-populated\">\n\t\t\t\t\t\t<div class=\"elementor-element elementor-element-a53f439 elementor-widget elementor-widget-spacer\" data-id=\"a53f439\" data-element_type=\"widget\" data-e-type=\"widget\" data-widget_type=\"spacer.default\">\n\t\t\t\t<div class=\"elementor-widget-container\">\n\t\t\t\t\t\t\t<div class=\"elementor-spacer\">\n\t\t\t<div class=\"elementor-spacer-inner\"><\/div>\n\t\t<\/div>\n\t\t\t\t\t\t<\/div>\n\t\t\t\t<\/div>\n\t\t\t\t<div class=\"elementor-element elementor-element-ceb6df3 elementor-widget elementor-widget-text-editor\" data-id=\"ceb6df3\" data-element_type=\"widget\" data-e-type=\"widget\" data-widget_type=\"text-editor.default\">\n\t\t\t\t<div class=\"elementor-widget-container\">\n\t\t\t\t\t\t\t\t\t<h4 style=\"text-align: center;\"><strong>INSCRI\u00c7\u00d5ES OUVINTES DE 01\/09\/2025 AT\u00c9 10\/12\/2025!<\/strong><\/h4><h4 style=\"text-align: center;\"><strong>SUBMISS\u00d5ES DE COMUNICA\u00c7\u00d5ES DE 02\/09\/2025 AT\u00c9 <del>31\/10\/2025<\/del> 15\/11\/2025!<\/strong><\/h4><h5 style=\"text-align: center;\"><strong>Todas as atividades ocorrer\u00e3o no formato virtual.<\/strong><\/h5>\t\t\t\t\t\t\t\t<\/div>\n\t\t\t\t<\/div>\n\t\t\t\t<div class=\"elementor-element elementor-element-56dfeb5 elementor-widget elementor-widget-accordion\" data-id=\"56dfeb5\" data-element_type=\"widget\" data-e-type=\"widget\" data-widget_type=\"accordion.default\">\n\t\t\t\t<div class=\"elementor-widget-container\">\n\t\t\t\t\t\t\t<div class=\"elementor-accordion\">\n\t\t\t\t\t\t\t<div class=\"elementor-accordion-item\">\n\t\t\t\t\t<div id=\"elementor-tab-title-9101\" class=\"elementor-tab-title\" data-tab=\"1\" role=\"button\" aria-controls=\"elementor-tab-content-9101\" aria-expanded=\"false\">\n\t\t\t\t\t\t\t\t\t\t\t\t\t<span class=\"elementor-accordion-icon elementor-accordion-icon-left\" aria-hidden=\"true\">\n\t\t\t\t\t\t\t\t\t\t\t\t\t\t\t<span class=\"elementor-accordion-icon-closed\"><i class=\"fas fa-plus\"><\/i><\/span>\n\t\t\t\t\t\t\t\t<span class=\"elementor-accordion-icon-opened\"><i class=\"fas fa-minus\"><\/i><\/span>\n\t\t\t\t\t\t\t\t\t\t\t\t\t\t<\/span>\n\t\t\t\t\t\t\t\t\t\t\t\t<a class=\"elementor-accordion-title\" tabindex=\"0\">Modalidades e Taxas de inscri\u00e7\u00f5es<\/a>\n\t\t\t\t\t<\/div>\n\t\t\t\t\t<div id=\"elementor-tab-content-9101\" class=\"elementor-tab-content elementor-clearfix\" data-tab=\"1\" role=\"region\" aria-labelledby=\"elementor-tab-title-9101\"><table><tbody><tr><td>MODALIDADE<\/td><td>VALOR<\/td><td>Prazo<\/td><\/tr><tr><td>Ouvinte (Estudante de Gradua\u00e7\u00e3o e Comunidade n\u00e3o Acad\u00eamica)<\/td><td>R$ 30,00<\/td><td>10\/12\/2025<\/td><\/tr><tr><td>Ouvinte (Estudante de P\u00f3s-Gradua\u00e7\u00e3o)<\/td><td>R$ 40,00<\/td><td>10\/12\/2025<\/td><\/tr><tr><td>Ouvinte (P\u00f3s-Graduado(a) e demais)<\/td><td>R$ 50,00<\/td><td>10\/12\/2025<\/td><\/tr><tr><td>Comunicador(a) (Estudante de Gradua\u00e7\u00e3o e Comunidade n\u00e3o Acad\u00eamica)<\/td><td>R$ 60,00<\/td><td>15\/11\/2025<\/td><\/tr><tr><td>Comunicador(a) (Estudante de P\u00f3s-Gradua\u00e7\u00e3o)<\/td><td>R$ 120,00<\/td><td>15\/11\/2025<\/td><\/tr><tr><td>Comunicador(a) (P\u00f3s-Graduado(a) e Demais)<\/td><td>R$: 170,00<\/td><td>15\/11\/2025<\/td><\/tr><tr><td>Associados(as) CLAEC, Instituto CONEX e Membros(as) da UNIPAMPA<\/td><td>50% DE DESCONTO NA MODALIDADE ESCOLHIDA<\/td><td>\u2013<\/td><\/tr><\/tbody><\/table><\/div>\n\t\t\t\t<\/div>\n\t\t\t\t\t\t\t<div class=\"elementor-accordion-item\">\n\t\t\t\t\t<div id=\"elementor-tab-title-9102\" class=\"elementor-tab-title\" data-tab=\"2\" role=\"button\" aria-controls=\"elementor-tab-content-9102\" aria-expanded=\"false\">\n\t\t\t\t\t\t\t\t\t\t\t\t\t<span class=\"elementor-accordion-icon elementor-accordion-icon-left\" aria-hidden=\"true\">\n\t\t\t\t\t\t\t\t\t\t\t\t\t\t\t<span class=\"elementor-accordion-icon-closed\"><i class=\"fas fa-plus\"><\/i><\/span>\n\t\t\t\t\t\t\t\t<span class=\"elementor-accordion-icon-opened\"><i class=\"fas fa-minus\"><\/i><\/span>\n\t\t\t\t\t\t\t\t\t\t\t\t\t\t<\/span>\n\t\t\t\t\t\t\t\t\t\t\t\t<a class=\"elementor-accordion-title\" tabindex=\"0\">Ouvintes<\/a>\n\t\t\t\t\t<\/div>\n\t\t\t\t\t<div id=\"elementor-tab-content-9102\" class=\"elementor-tab-content elementor-clearfix\" data-tab=\"2\" role=\"region\" aria-labelledby=\"elementor-tab-title-9102\"><p><strong>INSCREVA-SE AQUI: <a href=\"https:\/\/doity.com.br\/ehm2025#registration\" target=\"_blank\" rel=\"noopener\">https:\/\/doity.com.br\/ehm2025#registration<\/a><\/strong><\/p><p>Participantes ouvintes, ter\u00e3o acesso irrestrito as atividades: confer\u00eancias, mesas redondas e apresenta\u00e7\u00e3o das comunica\u00e7\u00f5es nos grupos de trabalhos.<\/p><p>Todos os coautores devem estar inscritos como ouvintes (caso n\u00e3o seja autor principal em outra comunica\u00e7\u00e3o), para valida\u00e7\u00e3o da submiss\u00e3o da comunica\u00e7\u00e3o.<\/p><p>A certifica\u00e7\u00e3o ser\u00e1 disponibilizada para os participantes que cumprirem a porcentagem de participa\u00e7\u00e3o m\u00ednima (60%). O certificado ser\u00e1 emitido pelo CLAEC\/INSTITUTO CONEX\/UNIPAMPA e ter\u00e1 carga hor\u00e1ria de 40 (quarenta) horas.<\/p><p>A COMISS\u00c3O ORGANIZADORA CONCEDER\u00c1 DESCONTO DE 50% NAS INSCRI\u00c7\u00d5ES DE ASSOCIADOS DO CLAEC, INSTITUTO CONEX E MEMBROS DA UNIPAMPA.<\/p><p>PARA VALIDA\u00c7\u00c3O DO DESCONTO O INTERESSADO DEVER\u00c1 REALIZAR A SUA INSCRI\u00c7\u00c3O NA MODALIDADE ADEQUADA, INSERINDO O SEGUINTE C\u00d3DIGO DE DESCONTO:\u00a0<strong>EHM2025<\/strong><\/p><p>SER\u00c1 NECESS\u00c1RIO ENVIAR O COMPROVANTE DE VINCULA\u00c7\u00c3O COM AS INSTITUI\u00c7\u00d5ES, CASO N\u00c3O ENVIE, O INSCRITO DEVER\u00c1 EFETUAR O PAGAMENTO TOTAL DO VALOR.<\/p><\/div>\n\t\t\t\t<\/div>\n\t\t\t\t\t\t\t<div class=\"elementor-accordion-item\">\n\t\t\t\t\t<div id=\"elementor-tab-title-9103\" class=\"elementor-tab-title\" data-tab=\"3\" role=\"button\" aria-controls=\"elementor-tab-content-9103\" aria-expanded=\"false\">\n\t\t\t\t\t\t\t\t\t\t\t\t\t<span class=\"elementor-accordion-icon elementor-accordion-icon-left\" aria-hidden=\"true\">\n\t\t\t\t\t\t\t\t\t\t\t\t\t\t\t<span class=\"elementor-accordion-icon-closed\"><i class=\"fas fa-plus\"><\/i><\/span>\n\t\t\t\t\t\t\t\t<span class=\"elementor-accordion-icon-opened\"><i class=\"fas fa-minus\"><\/i><\/span>\n\t\t\t\t\t\t\t\t\t\t\t\t\t\t<\/span>\n\t\t\t\t\t\t\t\t\t\t\t\t<a class=\"elementor-accordion-title\" tabindex=\"0\">Comunicadores<\/a>\n\t\t\t\t\t<\/div>\n\t\t\t\t\t<div id=\"elementor-tab-content-9103\" class=\"elementor-tab-content elementor-clearfix\" data-tab=\"3\" role=\"region\" aria-labelledby=\"elementor-tab-title-9103\"><p>O per\u00edodo para inscri\u00e7\u00e3o e envio de comunica\u00e7\u00f5es vai de 02\/09\/2025 \u00e0 <del>31\/10\/2025<\/del> 15\/11\/2025.<\/p><p>Acesse aqui as informa\u00e7\u00f5es sobre a inscri\u00e7\u00e3o de comunicadores e o envio de comunica\u00e7\u00f5es: <strong><a href=\"https:\/\/claec.org\/ehm\/submissoes\/\">https:\/\/claec.org\/ehm\/submissoes\/<\/a><\/strong><\/p><\/div>\n\t\t\t\t<\/div>\n\t\t\t\t\t\t\t\t<\/div>\n\t\t\t\t\t\t<\/div>\n\t\t\t\t<\/div>\n\t\t\t\t<div class=\"elementor-element elementor-element-ebbc790 elementor-widget-divider--view-line elementor-widget elementor-widget-divider\" data-id=\"ebbc790\" data-element_type=\"widget\" data-e-type=\"widget\" data-widget_type=\"divider.default\">\n\t\t\t\t<div class=\"elementor-widget-container\">\n\t\t\t\t\t\t\t<div class=\"elementor-divider\">\n\t\t\t<span class=\"elementor-divider-separator\">\n\t\t\t\t\t\t<\/span>\n\t\t<\/div>\n\t\t\t\t\t\t<\/div>\n\t\t\t\t<\/div>\n\t\t\t\t<div class=\"elementor-element elementor-element-bde9a53 elementor-widget elementor-widget-heading\" data-id=\"bde9a53\" data-element_type=\"widget\" data-e-type=\"widget\" data-widget_type=\"heading.default\">\n\t\t\t\t<div class=\"elementor-widget-container\">\n\t\t\t\t\t<h2 class=\"elementor-heading-title elementor-size-default\">Compartilhe:<\/h2>\t\t\t\t<\/div>\n\t\t\t\t<\/div>\n\t\t\t\t<div class=\"elementor-element elementor-element-ebba8f7 elementor-share-buttons--view-icon elementor-share-buttons--shape-circle elementor-share-buttons--skin-gradient elementor-grid-0 elementor-share-buttons--color-official elementor-widget elementor-widget-share-buttons\" data-id=\"ebba8f7\" data-element_type=\"widget\" data-e-type=\"widget\" data-widget_type=\"share-buttons.default\">\n\t\t\t\t<div class=\"elementor-widget-container\">\n\t\t\t\t\t\t\t<div class=\"elementor-grid\" role=\"list\">\n\t\t\t\t\t\t\t\t<div class=\"elementor-grid-item\" role=\"listitem\">\n\t\t\t\t\t\t<div class=\"elementor-share-btn elementor-share-btn_facebook\" role=\"button\" tabindex=\"0\" aria-label=\"Compartilhar no facebook\">\n\t\t\t\t\t\t\t\t\t\t\t\t\t\t\t<span class=\"elementor-share-btn__icon\">\n\t\t\t\t\t\t\t\t<i class=\"fab fa-facebook\" aria-hidden=\"true\"><\/i>\t\t\t\t\t\t\t<\/span>\n\t\t\t\t\t\t\t\t\t\t\t\t\t\t\t\t\t\t\t\t<\/div>\n\t\t\t\t\t<\/div>\n\t\t\t\t\t\t\t\t\t<div class=\"elementor-grid-item\" role=\"listitem\">\n\t\t\t\t\t\t<div class=\"elementor-share-btn elementor-share-btn_whatsapp\" role=\"button\" tabindex=\"0\" aria-label=\"Compartilhar no whatsapp\">\n\t\t\t\t\t\t\t\t\t\t\t\t\t\t\t<span class=\"elementor-share-btn__icon\">\n\t\t\t\t\t\t\t\t<i class=\"fab fa-whatsapp\" aria-hidden=\"true\"><\/i>\t\t\t\t\t\t\t<\/span>\n\t\t\t\t\t\t\t\t\t\t\t\t\t\t\t\t\t\t\t\t<\/div>\n\t\t\t\t\t<\/div>\n\t\t\t\t\t\t\t\t\t<div class=\"elementor-grid-item\" role=\"listitem\">\n\t\t\t\t\t\t<div class=\"elementor-share-btn elementor-share-btn_twitter\" role=\"button\" tabindex=\"0\" aria-label=\"Compartilhar no twitter\">\n\t\t\t\t\t\t\t\t\t\t\t\t\t\t\t<span class=\"elementor-share-btn__icon\">\n\t\t\t\t\t\t\t\t<i class=\"fab fa-twitter\" aria-hidden=\"true\"><\/i>\t\t\t\t\t\t\t<\/span>\n\t\t\t\t\t\t\t\t\t\t\t\t\t\t\t\t\t\t\t\t<\/div>\n\t\t\t\t\t<\/div>\n\t\t\t\t\t\t\t\t\t<div class=\"elementor-grid-item\" role=\"listitem\">\n\t\t\t\t\t\t<div class=\"elementor-share-btn elementor-share-btn_linkedin\" role=\"button\" tabindex=\"0\" aria-label=\"Compartilhar no linkedin\">\n\t\t\t\t\t\t\t\t\t\t\t\t\t\t\t<span class=\"elementor-share-btn__icon\">\n\t\t\t\t\t\t\t\t<i class=\"fab fa-linkedin\" aria-hidden=\"true\"><\/i>\t\t\t\t\t\t\t<\/span>\n\t\t\t\t\t\t\t\t\t\t\t\t\t\t\t\t\t\t\t\t<\/div>\n\t\t\t\t\t<\/div>\n\t\t\t\t\t\t<\/div>\n\t\t\t\t\t\t<\/div>\n\t\t\t\t<\/div>\n\t\t\t\t<div class=\"elementor-element elementor-element-da1eaf1 elementor-widget elementor-widget-spacer\" data-id=\"da1eaf1\" data-element_type=\"widget\" data-e-type=\"widget\" data-widget_type=\"spacer.default\">\n\t\t\t\t<div class=\"elementor-widget-container\">\n\t\t\t\t\t\t\t<div class=\"elementor-spacer\">\n\t\t\t<div class=\"elementor-spacer-inner\"><\/div>\n\t\t<\/div>\n\t\t\t\t\t\t<\/div>\n\t\t\t\t<\/div>\n\t\t\t\t\t<\/div>\n\t\t<\/div>\n\t\t\t\t\t<\/div>\n\t\t<\/section>\n\t\t\t\t<\/div>\n\t\t","protected":false},"excerpt":{"rendered":"<p>INSCRI\u00c7\u00d5ES OUVINTES DE 01\/09\/2025 AT\u00c9 10\/12\/2025! SUBMISS\u00d5ES DE COMUNICA\u00c7\u00d5ES DE 02\/09\/2025 AT\u00c9 31\/10\/2025 15\/11\/2025! Todas as atividades ocorrer\u00e3o no formato virtual. Modalidades e Taxas de inscri\u00e7\u00f5es MODALIDADE VALOR Prazo Ouvinte (Estudante de Gradua\u00e7\u00e3o e Comunidade n\u00e3o Acad\u00eamica) R$ 30,00 10\/12\/2025 Ouvinte (Estudante de P\u00f3s-Gradua\u00e7\u00e3o) R$ 40,00 10\/12\/2025 Ouvinte (P\u00f3s-Graduado(a) e demais) R$ 50,00 10\/12\/2025 Comunicador(a) [&hellip;]<\/p>\n","protected":false},"author":1,"featured_media":0,"parent":0,"menu_order":0,"comment_status":"closed","ping_status":"closed","template":"elementor_header_footer","meta":{"_monsterinsights_skip_tracking":false,"_monsterinsights_sitenote_active":false,"_monsterinsights_sitenote_note":"","_monsterinsights_sitenote_category":0,"footnotes":""},"class_list":["post-2815","page","type-page","status-publish","hentry"],"_links":{"self":[{"href":"https:\/\/claec.org\/ehm\/wp-json\/wp\/v2\/pages\/2815","targetHints":{"allow":["GET"]}}],"collection":[{"href":"https:\/\/claec.org\/ehm\/wp-json\/wp\/v2\/pages"}],"about":[{"href":"https:\/\/claec.org\/ehm\/wp-json\/wp\/v2\/types\/page"}],"author":[{"embeddable":true,"href":"https:\/\/claec.org\/ehm\/wp-json\/wp\/v2\/users\/1"}],"replies":[{"embeddable":true,"href":"https:\/\/claec.org\/ehm\/wp-json\/wp\/v2\/comments?post=2815"}],"version-history":[{"count":64,"href":"https:\/\/claec.org\/ehm\/wp-json\/wp\/v2\/pages\/2815\/revisions"}],"predecessor-version":[{"id":3793,"href":"https:\/\/claec.org\/ehm\/wp-json\/wp\/v2\/pages\/2815\/revisions\/3793"}],"wp:attachment":[{"href":"https:\/\/claec.org\/ehm\/wp-json\/wp\/v2\/media?parent=2815"}],"curies":[{"name":"wp","href":"https:\/\/api.w.org\/{rel}","templated":true}]}}