{"id":2811,"date":"2024-06-11T20:56:16","date_gmt":"2024-06-11T23:56:16","guid":{"rendered":"https:\/\/claec.org\/ehm\/?page_id=2811"},"modified":"2026-02-24T14:16:43","modified_gmt":"2026-02-24T17:16:43","slug":"cronograma","status":"publish","type":"page","link":"https:\/\/claec.org\/ehm\/cronograma\/","title":{"rendered":"Cronograma"},"content":{"rendered":"\t\t<div data-elementor-type=\"wp-page\" data-elementor-id=\"2811\" class=\"elementor elementor-2811\" data-elementor-post-type=\"page\">\n\t\t\t\t\t\t<section class=\"elementor-section elementor-top-section elementor-element elementor-element-aa9f9bf elementor-section-boxed elementor-section-height-default elementor-section-height-default\" data-id=\"aa9f9bf\" data-element_type=\"section\" data-e-type=\"section\" data-settings=\"{&quot;background_background&quot;:&quot;classic&quot;}\">\n\t\t\t\t\t\t\t<div class=\"elementor-background-overlay\"><\/div>\n\t\t\t\t\t\t\t<div class=\"elementor-container elementor-column-gap-default\">\n\t\t\t\t\t<div class=\"elementor-column elementor-col-100 elementor-top-column elementor-element elementor-element-4c671ba\" data-id=\"4c671ba\" data-element_type=\"column\" data-e-type=\"column\" data-settings=\"{&quot;background_background&quot;:&quot;classic&quot;}\">\n\t\t\t<div class=\"elementor-widget-wrap elementor-element-populated\">\n\t\t\t\t\t\t<div class=\"elementor-element elementor-element-624d210 elementor-widget elementor-widget-spacer\" data-id=\"624d210\" data-element_type=\"widget\" data-e-type=\"widget\" data-widget_type=\"spacer.default\">\n\t\t\t\t<div class=\"elementor-widget-container\">\n\t\t\t\t\t\t\t<div class=\"elementor-spacer\">\n\t\t\t<div class=\"elementor-spacer-inner\"><\/div>\n\t\t<\/div>\n\t\t\t\t\t\t<\/div>\n\t\t\t\t<\/div>\n\t\t\t\t<div class=\"elementor-element elementor-element-7092e8b elementor-widget elementor-widget-heading\" data-id=\"7092e8b\" data-element_type=\"widget\" data-e-type=\"widget\" data-widget_type=\"heading.default\">\n\t\t\t\t<div class=\"elementor-widget-container\">\n\t\t\t\t\t<h2 class=\"elementor-heading-title elementor-size-default\">Cronograma<\/h2>\t\t\t\t<\/div>\n\t\t\t\t<\/div>\n\t\t\t\t<div class=\"elementor-element elementor-element-97953b0 elementor-widget elementor-widget-spacer\" data-id=\"97953b0\" data-element_type=\"widget\" data-e-type=\"widget\" data-widget_type=\"spacer.default\">\n\t\t\t\t<div class=\"elementor-widget-container\">\n\t\t\t\t\t\t\t<div class=\"elementor-spacer\">\n\t\t\t<div class=\"elementor-spacer-inner\"><\/div>\n\t\t<\/div>\n\t\t\t\t\t\t<\/div>\n\t\t\t\t<\/div>\n\t\t\t\t\t<\/div>\n\t\t<\/div>\n\t\t\t\t\t<\/div>\n\t\t<\/section>\n\t\t\t\t<section class=\"elementor-section elementor-top-section elementor-element elementor-element-eccaad5 elementor-section-boxed elementor-section-height-default elementor-section-height-default\" data-id=\"eccaad5\" data-element_type=\"section\" data-e-type=\"section\">\n\t\t\t\t\t\t<div class=\"elementor-container elementor-column-gap-default\">\n\t\t\t\t\t<div class=\"elementor-column elementor-col-100 elementor-top-column elementor-element elementor-element-83803d1\" data-id=\"83803d1\" data-element_type=\"column\" data-e-type=\"column\">\n\t\t\t<div class=\"elementor-widget-wrap elementor-element-populated\">\n\t\t\t\t\t\t<div class=\"elementor-element elementor-element-ebf5c70 elementor-widget elementor-widget-spacer\" data-id=\"ebf5c70\" data-element_type=\"widget\" data-e-type=\"widget\" data-widget_type=\"spacer.default\">\n\t\t\t\t<div class=\"elementor-widget-container\">\n\t\t\t\t\t\t\t<div class=\"elementor-spacer\">\n\t\t\t<div class=\"elementor-spacer-inner\"><\/div>\n\t\t<\/div>\n\t\t\t\t\t\t<\/div>\n\t\t\t\t<\/div>\n\t\t\t\t<div class=\"elementor-element elementor-element-b08aabb elementor-widget elementor-widget-text-editor\" data-id=\"b08aabb\" data-element_type=\"widget\" data-e-type=\"widget\" data-widget_type=\"text-editor.default\">\n\t\t\t\t<div class=\"elementor-widget-container\">\n\t\t\t\t\t\t\t\t\t<table width=\"819\">\n<tbody>\n<tr>\n<td>\n<p><strong>Atividade<\/strong><\/p>\n<\/td>\n<td>\n<p><strong>Data<\/strong><\/p>\n<\/td>\n<\/tr>\n<tr>\n<td>\n<p>Publica\u00e7\u00e3o da convocat\u00f3ria de Grupos de Trabalhos &#8211; GTs<\/p>\n<\/td>\n<td>\n<p>06\/08\/2025<\/p>\n<\/td>\n<\/tr>\n<tr>\n<td>\n<p>Prazo para envio de propostas de Grupos de Trabalhos &#8211; GTs<\/p>\n<\/td>\n<td>\n<p>26\/08\/2025<\/p>\n<\/td>\n<\/tr>\n<tr>\n<td>\n<p>Resultado das propostas de Grupos de Trabalhos &#8211; GTs<\/p>\n<\/td>\n<td>\n<p>01\/09\/2025<\/p>\n<\/td>\n<\/tr>\n<tr>\n<td>\n<p>Abertura das inscri\u00e7\u00f5es de comunicadores e envio de comunica\u00e7\u00f5es<\/p>\n<\/td>\n<td>\n<p>02\/09\/2025<\/p>\n<\/td>\n<\/tr>\n<tr>\n<td>\n<p>Prazo para inscri\u00e7\u00f5es de comunicadores e coautores e envio de comunica\u00e7\u00f5es<\/p>\n<\/td>\n<td>\n<p><del>31\/10\/2025<\/del><\/p>\n<p>15\/11\/2025<\/p>\n<\/td>\n<\/tr>\n<tr>\n<td>\n<p>Envio da carta de aceite de apresenta\u00e7\u00e3o<\/p>\n<\/td>\n<td>\n<p><del>15\/11\/2025<\/del><\/p>\n<p>30\/11\/2025<\/p>\n<\/td>\n<\/tr>\n<tr>\n<td>\n<p>Resultado da an\u00e1lise dos resumos expandidos, relatos de experi\u00eancias e artigos completos (aceitos ou n\u00e3o para publica\u00e7\u00e3o)<\/p>\n<\/td>\n<td>\n<p><del>16\/11\/2025<\/del><\/p>\n<p>01\/12\/2025<\/p>\n<\/td>\n<\/tr>\n<tr>\n<td>\n<p>Envio da carta de aceite de publica\u00e7\u00e3o<\/p>\n<\/td>\n<td>\n<p>01\/12\/2025<\/p>\n<\/td>\n<\/tr>\n<tr>\n<td>\n<p>Prazo para inscri\u00e7\u00f5es de ouvintes<\/p>\n<\/td>\n<td>\n<p>09\/12\/2025<\/p>\n<\/td>\n<\/tr>\n<tr>\n<td>\n<p><strong>Abertura do EHM<\/strong><\/p>\n<\/td>\n<td>\n<p><strong>09\/12\/2025<\/strong><\/p>\n<\/td>\n<\/tr>\n<tr>\n<td>\n<p><strong>Encerramento do EHM<\/strong><\/p>\n<\/td>\n<td>\n<p><strong>11\/12\/2025<\/strong><\/p>\n<\/td>\n<\/tr>\n<tr>\n<td>\n<p>Prazo final para envio dos artigos completos corrigidos para publica\u00e7\u00e3o na RELACult e os destaques na revista parceira<\/p>\n<\/td>\n<td>\n<p>20\/01\/2026<\/p>\n<\/td>\n<\/tr>\n<tr>\n<td>\n<p>Libera\u00e7\u00e3o dos certificados de todas as atividades do evento<\/p>\n<\/td>\n<td>\n<p>12\/2025<\/p>\n<\/td>\n<\/tr>\n<tr>\n<td>\n<p>Publica\u00e7\u00e3o dos resumos expandidos, relatos de experi\u00eancias e artigos completos em anais e RELACult.<\/p>\n<\/td>\n<td>\n<p>06\/2026<\/p>\n<\/td>\n<\/tr>\n<tr>\n<td>\n<p>Publica\u00e7\u00e3o dos artigos destaques em e-book.<\/p>\n<\/td>\n<td>\n<p>06\/2026<\/p>\n<\/td>\n<\/tr>\n<\/tbody>\n<\/table>\t\t\t\t\t\t\t\t<\/div>\n\t\t\t\t<\/div>\n\t\t\t\t<div class=\"elementor-element elementor-element-a299dbf elementor-widget-divider--view-line elementor-widget elementor-widget-divider\" data-id=\"a299dbf\" data-element_type=\"widget\" data-e-type=\"widget\" data-widget_type=\"divider.default\">\n\t\t\t\t<div class=\"elementor-widget-container\">\n\t\t\t\t\t\t\t<div class=\"elementor-divider\">\n\t\t\t<span class=\"elementor-divider-separator\">\n\t\t\t\t\t\t<\/span>\n\t\t<\/div>\n\t\t\t\t\t\t<\/div>\n\t\t\t\t<\/div>\n\t\t\t\t<div class=\"elementor-element elementor-element-c5e4a5a elementor-widget elementor-widget-heading\" data-id=\"c5e4a5a\" data-element_type=\"widget\" data-e-type=\"widget\" data-widget_type=\"heading.default\">\n\t\t\t\t<div class=\"elementor-widget-container\">\n\t\t\t\t\t<h2 class=\"elementor-heading-title elementor-size-default\">Compartilhe:<\/h2>\t\t\t\t<\/div>\n\t\t\t\t<\/div>\n\t\t\t\t<div class=\"elementor-element elementor-element-a1d06b8 elementor-share-buttons--view-icon elementor-share-buttons--shape-circle elementor-share-buttons--skin-gradient elementor-grid-0 elementor-share-buttons--color-official elementor-widget elementor-widget-share-buttons\" data-id=\"a1d06b8\" data-element_type=\"widget\" data-e-type=\"widget\" data-widget_type=\"share-buttons.default\">\n\t\t\t\t<div class=\"elementor-widget-container\">\n\t\t\t\t\t\t\t<div class=\"elementor-grid\" role=\"list\">\n\t\t\t\t\t\t\t\t<div class=\"elementor-grid-item\" role=\"listitem\">\n\t\t\t\t\t\t<div class=\"elementor-share-btn elementor-share-btn_facebook\" role=\"button\" tabindex=\"0\" aria-label=\"Compartilhar no facebook\">\n\t\t\t\t\t\t\t\t\t\t\t\t\t\t\t<span class=\"elementor-share-btn__icon\">\n\t\t\t\t\t\t\t\t<i class=\"fab fa-facebook\" aria-hidden=\"true\"><\/i>\t\t\t\t\t\t\t<\/span>\n\t\t\t\t\t\t\t\t\t\t\t\t\t\t\t\t\t\t\t\t<\/div>\n\t\t\t\t\t<\/div>\n\t\t\t\t\t\t\t\t\t<div class=\"elementor-grid-item\" role=\"listitem\">\n\t\t\t\t\t\t<div class=\"elementor-share-btn elementor-share-btn_whatsapp\" role=\"button\" tabindex=\"0\" aria-label=\"Compartilhar no whatsapp\">\n\t\t\t\t\t\t\t\t\t\t\t\t\t\t\t<span class=\"elementor-share-btn__icon\">\n\t\t\t\t\t\t\t\t<i class=\"fab fa-whatsapp\" aria-hidden=\"true\"><\/i>\t\t\t\t\t\t\t<\/span>\n\t\t\t\t\t\t\t\t\t\t\t\t\t\t\t\t\t\t\t\t<\/div>\n\t\t\t\t\t<\/div>\n\t\t\t\t\t\t\t\t\t<div class=\"elementor-grid-item\" role=\"listitem\">\n\t\t\t\t\t\t<div class=\"elementor-share-btn elementor-share-btn_twitter\" role=\"button\" tabindex=\"0\" aria-label=\"Compartilhar no twitter\">\n\t\t\t\t\t\t\t\t\t\t\t\t\t\t\t<span class=\"elementor-share-btn__icon\">\n\t\t\t\t\t\t\t\t<i class=\"fab fa-twitter\" aria-hidden=\"true\"><\/i>\t\t\t\t\t\t\t<\/span>\n\t\t\t\t\t\t\t\t\t\t\t\t\t\t\t\t\t\t\t\t<\/div>\n\t\t\t\t\t<\/div>\n\t\t\t\t\t\t\t\t\t<div class=\"elementor-grid-item\" role=\"listitem\">\n\t\t\t\t\t\t<div class=\"elementor-share-btn elementor-share-btn_linkedin\" role=\"button\" tabindex=\"0\" aria-label=\"Compartilhar no linkedin\">\n\t\t\t\t\t\t\t\t\t\t\t\t\t\t\t<span class=\"elementor-share-btn__icon\">\n\t\t\t\t\t\t\t\t<i class=\"fab fa-linkedin\" aria-hidden=\"true\"><\/i>\t\t\t\t\t\t\t<\/span>\n\t\t\t\t\t\t\t\t\t\t\t\t\t\t\t\t\t\t\t\t<\/div>\n\t\t\t\t\t<\/div>\n\t\t\t\t\t\t<\/div>\n\t\t\t\t\t\t<\/div>\n\t\t\t\t<\/div>\n\t\t\t\t<div class=\"elementor-element elementor-element-8a728fd elementor-widget elementor-widget-spacer\" data-id=\"8a728fd\" data-element_type=\"widget\" data-e-type=\"widget\" data-widget_type=\"spacer.default\">\n\t\t\t\t<div class=\"elementor-widget-container\">\n\t\t\t\t\t\t\t<div class=\"elementor-spacer\">\n\t\t\t<div class=\"elementor-spacer-inner\"><\/div>\n\t\t<\/div>\n\t\t\t\t\t\t<\/div>\n\t\t\t\t<\/div>\n\t\t\t\t\t<\/div>\n\t\t<\/div>\n\t\t\t\t\t<\/div>\n\t\t<\/section>\n\t\t\t\t<\/div>\n\t\t","protected":false},"excerpt":{"rendered":"<p>Atividade Data Publica\u00e7\u00e3o da convocat\u00f3ria de Grupos de Trabalhos &#8211; GTs 06\/08\/2025 Prazo para envio de propostas de Grupos de Trabalhos &#8211; GTs 26\/08\/2025 Resultado das propostas de Grupos de Trabalhos &#8211; GTs 01\/09\/2025 Abertura das inscri\u00e7\u00f5es de comunicadores e envio de comunica\u00e7\u00f5es 02\/09\/2025 Prazo para inscri\u00e7\u00f5es de comunicadores e coautores e envio de comunica\u00e7\u00f5es [&hellip;]<\/p>\n","protected":false},"author":1,"featured_media":0,"parent":0,"menu_order":0,"comment_status":"closed","ping_status":"closed","template":"elementor_header_footer","meta":{"_monsterinsights_skip_tracking":false,"_monsterinsights_sitenote_active":false,"_monsterinsights_sitenote_note":"","_monsterinsights_sitenote_category":0,"footnotes":""},"class_list":["post-2811","page","type-page","status-publish","hentry"],"_links":{"self":[{"href":"https:\/\/claec.org\/ehm\/wp-json\/wp\/v2\/pages\/2811","targetHints":{"allow":["GET"]}}],"collection":[{"href":"https:\/\/claec.org\/ehm\/wp-json\/wp\/v2\/pages"}],"about":[{"href":"https:\/\/claec.org\/ehm\/wp-json\/wp\/v2\/types\/page"}],"author":[{"embeddable":true,"href":"https:\/\/claec.org\/ehm\/wp-json\/wp\/v2\/users\/1"}],"replies":[{"embeddable":true,"href":"https:\/\/claec.org\/ehm\/wp-json\/wp\/v2\/comments?post=2811"}],"version-history":[{"count":25,"href":"https:\/\/claec.org\/ehm\/wp-json\/wp\/v2\/pages\/2811\/revisions"}],"predecessor-version":[{"id":3835,"href":"https:\/\/claec.org\/ehm\/wp-json\/wp\/v2\/pages\/2811\/revisions\/3835"}],"wp:attachment":[{"href":"https:\/\/claec.org\/ehm\/wp-json\/wp\/v2\/media?parent=2811"}],"curies":[{"name":"wp","href":"https:\/\/api.w.org\/{rel}","templated":true}]}}