{"id":2699,"date":"2024-06-11T20:02:33","date_gmt":"2024-06-11T23:02:33","guid":{"rendered":"https:\/\/claec.org\/ehm\/cgc-comite-gestor-central\/"},"modified":"2025-09-01T10:06:20","modified_gmt":"2025-09-01T13:06:20","slug":"apresentacao","status":"publish","type":"page","link":"https:\/\/claec.org\/ehm\/apresentacao\/","title":{"rendered":"Apresenta\u00e7\u00e3o"},"content":{"rendered":"\t\t<div data-elementor-type=\"wp-page\" data-elementor-id=\"2699\" class=\"elementor elementor-2699\" data-elementor-post-type=\"page\">\n\t\t\t\t\t\t<section class=\"elementor-section elementor-top-section elementor-element elementor-element-bf6034c elementor-section-boxed elementor-section-height-default elementor-section-height-default\" data-id=\"bf6034c\" data-element_type=\"section\" data-e-type=\"section\" data-settings=\"{&quot;background_background&quot;:&quot;classic&quot;}\">\n\t\t\t\t\t\t\t<div class=\"elementor-background-overlay\"><\/div>\n\t\t\t\t\t\t\t<div class=\"elementor-container elementor-column-gap-default\">\n\t\t\t\t\t<div class=\"elementor-column elementor-col-100 elementor-top-column elementor-element elementor-element-13ebe16\" data-id=\"13ebe16\" data-element_type=\"column\" data-e-type=\"column\" data-settings=\"{&quot;background_background&quot;:&quot;classic&quot;}\">\n\t\t\t<div class=\"elementor-widget-wrap elementor-element-populated\">\n\t\t\t\t\t\t<div class=\"elementor-element elementor-element-2b66d30 elementor-widget elementor-widget-spacer\" data-id=\"2b66d30\" data-element_type=\"widget\" data-e-type=\"widget\" data-widget_type=\"spacer.default\">\n\t\t\t\t<div class=\"elementor-widget-container\">\n\t\t\t\t\t\t\t<div class=\"elementor-spacer\">\n\t\t\t<div class=\"elementor-spacer-inner\"><\/div>\n\t\t<\/div>\n\t\t\t\t\t\t<\/div>\n\t\t\t\t<\/div>\n\t\t\t\t<div class=\"elementor-element elementor-element-7bacc88 elementor-widget elementor-widget-heading\" data-id=\"7bacc88\" data-element_type=\"widget\" data-e-type=\"widget\" data-widget_type=\"heading.default\">\n\t\t\t\t<div class=\"elementor-widget-container\">\n\t\t\t\t\t<h2 class=\"elementor-heading-title elementor-size-default\">Apresenta\u00e7\u00e3o<\/h2>\t\t\t\t<\/div>\n\t\t\t\t<\/div>\n\t\t\t\t<div class=\"elementor-element elementor-element-48e7a03 elementor-widget elementor-widget-spacer\" data-id=\"48e7a03\" data-element_type=\"widget\" data-e-type=\"widget\" data-widget_type=\"spacer.default\">\n\t\t\t\t<div class=\"elementor-widget-container\">\n\t\t\t\t\t\t\t<div class=\"elementor-spacer\">\n\t\t\t<div class=\"elementor-spacer-inner\"><\/div>\n\t\t<\/div>\n\t\t\t\t\t\t<\/div>\n\t\t\t\t<\/div>\n\t\t\t\t\t<\/div>\n\t\t<\/div>\n\t\t\t\t\t<\/div>\n\t\t<\/section>\n\t\t\t\t<section class=\"elementor-section elementor-top-section elementor-element elementor-element-1113738 elementor-section-boxed elementor-section-height-default elementor-section-height-default\" data-id=\"1113738\" data-element_type=\"section\" data-e-type=\"section\">\n\t\t\t\t\t\t<div class=\"elementor-container elementor-column-gap-default\">\n\t\t\t\t\t<div class=\"elementor-column elementor-col-100 elementor-top-column elementor-element elementor-element-6b7079f\" data-id=\"6b7079f\" data-element_type=\"column\" data-e-type=\"column\">\n\t\t\t<div class=\"elementor-widget-wrap elementor-element-populated\">\n\t\t\t\t\t\t<div class=\"elementor-element elementor-element-6695ca3 elementor-widget elementor-widget-spacer\" data-id=\"6695ca3\" data-element_type=\"widget\" data-e-type=\"widget\" data-widget_type=\"spacer.default\">\n\t\t\t\t<div class=\"elementor-widget-container\">\n\t\t\t\t\t\t\t<div class=\"elementor-spacer\">\n\t\t\t<div class=\"elementor-spacer-inner\"><\/div>\n\t\t<\/div>\n\t\t\t\t\t\t<\/div>\n\t\t\t\t<\/div>\n\t\t\t\t<div class=\"elementor-element elementor-element-79a6186e elementor-widget elementor-widget-heading\" data-id=\"79a6186e\" data-element_type=\"widget\" data-e-type=\"widget\" data-widget_type=\"heading.default\">\n\t\t\t\t<div class=\"elementor-widget-container\">\n\t\t\t\t\t<h1 class=\"elementor-heading-title elementor-size-default\">O EHM\/CLAEHM<\/h1>\t\t\t\t<\/div>\n\t\t\t\t<\/div>\n\t\t\t\t<div class=\"elementor-element elementor-element-265e90ee elementor-widget elementor-widget-text-editor\" data-id=\"265e90ee\" data-element_type=\"widget\" data-e-type=\"widget\" data-widget_type=\"text-editor.default\">\n\t\t\t\t<div class=\"elementor-widget-container\">\n\t\t\t\t\t\t\t\t\t<p data-start=\"239\" data-end=\"605\">O EHM\/CLAEHM visa reunir e promover a intera\u00e7\u00e3o entre diversas contribui\u00e7\u00f5es cient\u00edficas e acad\u00eamicas nas ci\u00eancias humanas, especialmente no campo multidisciplinar. Busca-se ampliar a an\u00e1lise dos elementos individuais e explorar suas especificidades, visto que cada disciplina envolvida traz uma perspectiva \u00fanica e valiosa para o entendimento do objeto de estudo.<\/p><p data-start=\"607\" data-end=\"966\">A multidisciplinaridade, ou pluridisciplinaridade, permite que diversas disciplinas analisem um objeto sob diferentes lentes, sem que haja necessariamente uma liga\u00e7\u00e3o entre essas abordagens. Dessa forma, a compreens\u00e3o de um tema \u00e9 aprimorada pela contribui\u00e7\u00e3o e compara\u00e7\u00e3o de v\u00e1rias perspectivas, favorecendo um conhecimento mais abrangente e diversificado.<\/p><p data-start=\"968\" data-end=\"1870\">Nesse sentido, o tema proposto para a d\u00e9cima edi\u00e7\u00e3o comemorativa do Encontro Human\u00edstico Multidisciplinar e o nono Congresso Latino-Americano de Estudos Human\u00edsticos Multidisciplinares \u00e9 <strong data-start=\"1155\" data-end=\"1275\">\u201cPol\u00edticas Culturais e \u00c9tica da Tecnologia: Direitos Digitais e Governan\u00e7a Cultural em Perspectiva Multidisciplinar\u201d<\/strong>. A proposta se apresenta como um campo de debate indispens\u00e1vel frente aos desafios contempor\u00e2neos, em que a integra\u00e7\u00e3o entre pr\u00e1ticas culturais e tecnologias digitais exige novas reflex\u00f5es sobre propriedade intelectual, direitos digitais, intelig\u00eancia artificial, uso de dados, preserva\u00e7\u00e3o da mem\u00f3ria e circula\u00e7\u00e3o de bens culturais. Trata-se de reconsiderar e ampliar paradigmas estabelecidos, articulando humanidades, ci\u00eancias sociais, artes, tecnologia e direito para compreender e propor mecanismos \u00e9ticos e pol\u00edticos que orientem a governan\u00e7a cultural no cen\u00e1rio nacional e internacional.<\/p><p data-start=\"1872\" data-end=\"2315\">A finalidade do evento sempre foi e continuar\u00e1 sendo a de expandir a compreens\u00e3o das complexidades do mundo contempor\u00e2neo, por meio da integra\u00e7\u00e3o de distintas disciplinas acad\u00eamicas, com o intuito de promover perspectivas que descolonizem e valorizem narrativas socioculturais em suas mais diversas vertentes. Busca-se sempre estabelecer o di\u00e1logo acad\u00eamico e transformar a pr\u00e1tica cient\u00edfica em uma ferramenta para promover inclus\u00e3o social.<\/p><p data-start=\"2317\" data-end=\"3066\">O evento tem se destacado desde que foi realizado pela primeira vez em 2014, por promover uma intera\u00e7\u00e3o intensa e produtiva entre diversas \u00e1reas do conhecimento. Assim, estabeleceu-se como um f\u00f3rum privilegiado para a discuss\u00e3o de ideias inovadoras e colabora\u00e7\u00e3o interdisciplinar. Nesta edi\u00e7\u00e3o, o enfoque principal \u00e9 a uni\u00e3o de abordagens participativas e colaborativas, que refor\u00e7am o compromisso em disseminar conhecimento de forma democr\u00e1tica e valorizar todas as vozes. O evento est\u00e1 organizado em uma estrutura que conta com grupos de trabalho e mesas-redondas interdisciplinares, proporcionando aos participantes um espa\u00e7o para compartilhar saberes e construir coletivamente respostas para os desafios culturais e tecnol\u00f3gicos da atualidade.<\/p>\t\t\t\t\t\t\t\t<\/div>\n\t\t\t\t<\/div>\n\t\t\t\t<div class=\"elementor-element elementor-element-3c584b8 elementor-widget-divider--view-line elementor-widget elementor-widget-divider\" data-id=\"3c584b8\" data-element_type=\"widget\" data-e-type=\"widget\" data-widget_type=\"divider.default\">\n\t\t\t\t<div class=\"elementor-widget-container\">\n\t\t\t\t\t\t\t<div class=\"elementor-divider\">\n\t\t\t<span class=\"elementor-divider-separator\">\n\t\t\t\t\t\t<\/span>\n\t\t<\/div>\n\t\t\t\t\t\t<\/div>\n\t\t\t\t<\/div>\n\t\t\t\t<div class=\"elementor-element elementor-element-67afc58 elementor-widget elementor-widget-heading\" data-id=\"67afc58\" data-element_type=\"widget\" data-e-type=\"widget\" data-widget_type=\"heading.default\">\n\t\t\t\t<div class=\"elementor-widget-container\">\n\t\t\t\t\t<h2 class=\"elementor-heading-title elementor-size-default\">Compartilhe:<\/h2>\t\t\t\t<\/div>\n\t\t\t\t<\/div>\n\t\t\t\t<div class=\"elementor-element elementor-element-870101b elementor-share-buttons--view-icon elementor-share-buttons--shape-circle elementor-share-buttons--skin-gradient elementor-grid-0 elementor-share-buttons--color-official elementor-widget elementor-widget-share-buttons\" data-id=\"870101b\" data-element_type=\"widget\" data-e-type=\"widget\" data-widget_type=\"share-buttons.default\">\n\t\t\t\t<div class=\"elementor-widget-container\">\n\t\t\t\t\t\t\t<div class=\"elementor-grid\" role=\"list\">\n\t\t\t\t\t\t\t\t<div class=\"elementor-grid-item\" role=\"listitem\">\n\t\t\t\t\t\t<div class=\"elementor-share-btn elementor-share-btn_facebook\" role=\"button\" tabindex=\"0\" aria-label=\"Compartilhar no facebook\">\n\t\t\t\t\t\t\t\t\t\t\t\t\t\t\t<span class=\"elementor-share-btn__icon\">\n\t\t\t\t\t\t\t\t<i class=\"fab fa-facebook\" aria-hidden=\"true\"><\/i>\t\t\t\t\t\t\t<\/span>\n\t\t\t\t\t\t\t\t\t\t\t\t\t\t\t\t\t\t\t\t<\/div>\n\t\t\t\t\t<\/div>\n\t\t\t\t\t\t\t\t\t<div class=\"elementor-grid-item\" role=\"listitem\">\n\t\t\t\t\t\t<div class=\"elementor-share-btn elementor-share-btn_whatsapp\" role=\"button\" tabindex=\"0\" aria-label=\"Compartilhar no whatsapp\">\n\t\t\t\t\t\t\t\t\t\t\t\t\t\t\t<span class=\"elementor-share-btn__icon\">\n\t\t\t\t\t\t\t\t<i class=\"fab fa-whatsapp\" aria-hidden=\"true\"><\/i>\t\t\t\t\t\t\t<\/span>\n\t\t\t\t\t\t\t\t\t\t\t\t\t\t\t\t\t\t\t\t<\/div>\n\t\t\t\t\t<\/div>\n\t\t\t\t\t\t\t\t\t<div class=\"elementor-grid-item\" role=\"listitem\">\n\t\t\t\t\t\t<div class=\"elementor-share-btn elementor-share-btn_twitter\" role=\"button\" tabindex=\"0\" aria-label=\"Compartilhar no twitter\">\n\t\t\t\t\t\t\t\t\t\t\t\t\t\t\t<span class=\"elementor-share-btn__icon\">\n\t\t\t\t\t\t\t\t<i class=\"fab fa-twitter\" aria-hidden=\"true\"><\/i>\t\t\t\t\t\t\t<\/span>\n\t\t\t\t\t\t\t\t\t\t\t\t\t\t\t\t\t\t\t\t<\/div>\n\t\t\t\t\t<\/div>\n\t\t\t\t\t\t\t\t\t<div class=\"elementor-grid-item\" role=\"listitem\">\n\t\t\t\t\t\t<div class=\"elementor-share-btn elementor-share-btn_linkedin\" role=\"button\" tabindex=\"0\" aria-label=\"Compartilhar no linkedin\">\n\t\t\t\t\t\t\t\t\t\t\t\t\t\t\t<span class=\"elementor-share-btn__icon\">\n\t\t\t\t\t\t\t\t<i class=\"fab fa-linkedin\" aria-hidden=\"true\"><\/i>\t\t\t\t\t\t\t<\/span>\n\t\t\t\t\t\t\t\t\t\t\t\t\t\t\t\t\t\t\t\t<\/div>\n\t\t\t\t\t<\/div>\n\t\t\t\t\t\t<\/div>\n\t\t\t\t\t\t<\/div>\n\t\t\t\t<\/div>\n\t\t\t\t<div class=\"elementor-element elementor-element-65ecf50 elementor-widget elementor-widget-spacer\" data-id=\"65ecf50\" data-element_type=\"widget\" data-e-type=\"widget\" data-widget_type=\"spacer.default\">\n\t\t\t\t<div class=\"elementor-widget-container\">\n\t\t\t\t\t\t\t<div class=\"elementor-spacer\">\n\t\t\t<div class=\"elementor-spacer-inner\"><\/div>\n\t\t<\/div>\n\t\t\t\t\t\t<\/div>\n\t\t\t\t<\/div>\n\t\t\t\t\t<\/div>\n\t\t<\/div>\n\t\t\t\t\t<\/div>\n\t\t<\/section>\n\t\t\t\t<\/div>\n\t\t","protected":false},"excerpt":{"rendered":"<p>O EHM\/CLAEHM O EHM\/CLAEHM visa reunir e promover a intera\u00e7\u00e3o entre diversas contribui\u00e7\u00f5es cient\u00edficas e acad\u00eamicas nas ci\u00eancias humanas, especialmente no campo multidisciplinar. Busca-se ampliar a an\u00e1lise dos elementos individuais e explorar suas especificidades, visto que cada disciplina envolvida traz uma perspectiva \u00fanica e valiosa para o entendimento do objeto de estudo. A multidisciplinaridade, ou [&hellip;]<\/p>\n","protected":false},"author":1,"featured_media":0,"parent":0,"menu_order":0,"comment_status":"closed","ping_status":"closed","template":"elementor_header_footer","meta":{"_monsterinsights_skip_tracking":false,"_monsterinsights_sitenote_active":false,"_monsterinsights_sitenote_note":"","_monsterinsights_sitenote_category":0,"footnotes":""},"class_list":["post-2699","page","type-page","status-publish","hentry"],"_links":{"self":[{"href":"https:\/\/claec.org\/ehm\/wp-json\/wp\/v2\/pages\/2699","targetHints":{"allow":["GET"]}}],"collection":[{"href":"https:\/\/claec.org\/ehm\/wp-json\/wp\/v2\/pages"}],"about":[{"href":"https:\/\/claec.org\/ehm\/wp-json\/wp\/v2\/types\/page"}],"author":[{"embeddable":true,"href":"https:\/\/claec.org\/ehm\/wp-json\/wp\/v2\/users\/1"}],"replies":[{"embeddable":true,"href":"https:\/\/claec.org\/ehm\/wp-json\/wp\/v2\/comments?post=2699"}],"version-history":[{"count":23,"href":"https:\/\/claec.org\/ehm\/wp-json\/wp\/v2\/pages\/2699\/revisions"}],"predecessor-version":[{"id":3591,"href":"https:\/\/claec.org\/ehm\/wp-json\/wp\/v2\/pages\/2699\/revisions\/3591"}],"wp:attachment":[{"href":"https:\/\/claec.org\/ehm\/wp-json\/wp\/v2\/media?parent=2699"}],"curies":[{"name":"wp","href":"https:\/\/api.w.org\/{rel}","templated":true}]}}