{"id":1958,"date":"2020-08-29T01:59:50","date_gmt":"2020-08-29T04:59:50","guid":{"rendered":"http:\/\/claec.org\/ehm\/?page_id=1958"},"modified":"2021-11-22T17:40:36","modified_gmt":"2021-11-22T20:40:36","slug":"ouvintes-3","status":"publish","type":"page","link":"https:\/\/claec.org\/ehm\/ouvintes-3\/","title":{"rendered":"Ouvintes"},"content":{"rendered":"\t\t<div data-elementor-type=\"wp-post\" data-elementor-id=\"1958\" class=\"elementor elementor-1958\" data-elementor-post-type=\"page\">\n\t\t\t\t\t\t<section class=\"elementor-section elementor-top-section elementor-element elementor-element-fa56b63 elementor-section-boxed elementor-section-height-default elementor-section-height-default\" data-id=\"fa56b63\" data-element_type=\"section\" data-e-type=\"section\">\n\t\t\t\t\t\t<div class=\"elementor-container elementor-column-gap-default\">\n\t\t\t\t\t<div class=\"elementor-column elementor-col-100 elementor-top-column elementor-element elementor-element-8a8de2a\" data-id=\"8a8de2a\" data-element_type=\"column\" data-e-type=\"column\">\n\t\t\t<div class=\"elementor-widget-wrap elementor-element-populated\">\n\t\t\t\t\t\t<div class=\"elementor-element elementor-element-010a72e elementor-widget elementor-widget-text-editor\" data-id=\"010a72e\" data-element_type=\"widget\" data-e-type=\"widget\" data-widget_type=\"text-editor.default\">\n\t\t\t\t<div class=\"elementor-widget-container\">\n\t\t\t\t\t\t\t\t\t<p><b><span data-contrast=\"auto\">1) Cadastro:<\/span><\/b><\/p><p><span data-contrast=\"auto\">Primeiramente os ouvintes devem se inscrever no evento acessando<\/span><span data-contrast=\"auto\">: <a href=\"https:\/\/tupa.claec.org\/index.php\/ehm\/7ehm\/schedConf\/registration\">https:\/\/tupa.claec.org\/index.php\/ehm\/7ehm\/schedConf\/registration<\/a><\/span><\/p><p><span data-contrast=\"auto\">\u00a0<\/span><span data-contrast=\"auto\">Ap\u00f3s clicar voc\u00ea ser\u00e1 direcionado \u00e0 p\u00e1gina com o formul\u00e1rio de inscri\u00e7\u00e3o no evento, efetue o preenchimento do formul\u00e1rio e realize o pagamento da taxa de inscri\u00e7\u00e3o.<\/span><span data-ccp-props=\"{\">\u00a0<\/span><\/p><p><span data-contrast=\"auto\">Escolher o tipo de inscri\u00e7\u00e3o: \u201cOuvinte\u201d; ap\u00f3s a escolha clicar em \u201cinscrever\u201d.<\/span><span data-ccp-props=\"{\">\u00a0<\/span><\/p><p><span data-contrast=\"auto\">Cadastre um login para acesso no sistema, bem como senha e preenchimento de demais dados. Clicar em \u201cinscrever\u201d.<\/span><span data-ccp-props=\"{\">\u00a0<\/span><\/p><p><span data-contrast=\"auto\">Na pr\u00f3xima p\u00e1gina ser\u00e1 feito o pagamento. \u00c9 poss\u00edvel fazer pelo sistema\u00a0<\/span><span data-contrast=\"auto\">Papa<\/span><span data-contrast=\"auto\">, com cart\u00e3o de cr\u00e9dito ou via transfer\u00eancia\/dep\u00f3sito banc\u00e1rio e enviar o comprovante\u00a0<\/span><span data-contrast=\"auto\">pelo formul\u00e1rio<\/span><span data-contrast=\"auto\">.<\/span><span data-ccp-props=\"{\">\u00a0<\/span><\/p><p><span data-ccp-props=\"{\">\u00a0<\/span><\/p><p><b><span data-contrast=\"none\">Dados banc\u00e1rios para dep\u00f3sitos\/transfer\u00eancia:<\/span><\/b><span data-ccp-props=\"{\">\u00a0<\/span><\/p><p><span data-contrast=\"auto\">Banco Sicredi (748)<\/span><span data-ccp-props=\"{\">\u00a0<\/span><\/p><p><span data-contrast=\"auto\">Ag\u00eancia: 0651<\/span><span data-ccp-props=\"{\">\u00a0<\/span><\/p><p><span data-contrast=\"auto\">Conta Corrente: 15878-0<\/span><span data-ccp-props=\"{\">\u00a0<\/span><\/p><p><span data-contrast=\"auto\">Favorecido: Centro Latino-Americano de Estudos em Cultura<\/span><span data-ccp-props=\"{\">\u00a0<\/span><\/p><p><span data-contrast=\"auto\">CNPJ: 13.448.301\/0001-24<\/span><span data-ccp-props=\"{\">\u00a0<\/span><\/p><p><span data-ccp-props=\"{\">\u00a0<\/span><\/p><p><span data-contrast=\"auto\">Ap\u00f3s o pagamento, clicar na op\u00e7\u00e3o \u201cENVIAR NOTIFICA\u00c7\u00c3O DE PAGAMENTO\u201d.<\/span><span data-ccp-props=\"{\">\u00a0<\/span><\/p><p><span data-contrast=\"auto\">Enviar\u00a0<\/span><span data-contrast=\"auto\">c\u00f3pia<\/span><span data-contrast=\"auto\">\u00a0do comprovante de transfer\u00eancia\/<\/span><span data-contrast=\"auto\">dep\u00f3sito<\/span><span data-contrast=\"auto\">\u00a0para o<\/span><span data-contrast=\"auto\">\u00a0formul\u00e1rio<\/span><span data-contrast=\"auto\">:\u00a0<\/span><\/p><p><a href=\"https:\/\/docs.google.com\/forms\/d\/1eRCoIyBqAy3cnwoVo5sljdKY-jtZtOKySuf6LxYK5-U\/edit?usp=sharing\"><span style=\"text-decoration: underline;\"><strong>ENVIE SEU COMPROVANTE AQUI!<\/strong><\/span><\/a><\/p><p><span data-contrast=\"auto\">N\u00e3o ser\u00e1 considerado como comprovante de pagamento o simples agendamento de transfer\u00eancia, mas sim o comprovante de efetiva\u00e7\u00e3o.<\/span><span data-ccp-props=\"{\">\u00a0<\/span><\/p><p><span data-contrast=\"auto\">Obs.: A efetiva\u00e7\u00e3o da inscri\u00e7\u00e3o e o pagamento da taxa de comunicador<\/span><span data-contrast=\"auto\">\u00a0<\/span><span data-contrast=\"auto\">garante<\/span><span data-contrast=\"auto\">m<\/span><span data-contrast=\"auto\">\u00a0o direito de envio de trabalho e apresenta\u00e7\u00e3o do mesmo no evento. As inscri\u00e7\u00f5es realizadas e efetivadas n\u00e3o s\u00e3o reembols\u00e1veis.<\/span><span data-ccp-props=\"{\">\u00a0<\/span><\/p><p>As inscri\u00e7\u00f5es est\u00e3o abertas at\u00e9 o dia 13\/12.<\/p><p><span class=\"TextRun SCXW255331852 BCX0\" lang=\"PT-BR\" xml:lang=\"PT-BR\" data-contrast=\"auto\"><span class=\"NormalTextRun SCXW255331852 BCX0\">Site do evento<\/span><\/span><span class=\"TextRun SCXW255331852 BCX0\" lang=\"PT-BR\" xml:lang=\"PT-BR\" data-contrast=\"auto\"><span class=\"NormalTextRun SCXW255331852 BCX0\">:\u00a0<\/span><\/span><a class=\"Hyperlink SCXW255331852 BCX0\" href=\"http:\/\/claec.org\/ehm\" target=\"_blank\" rel=\"noreferrer noopener\"><span class=\"TextRun Underlined SCXW255331852 BCX0\" lang=\"PT-BR\" xml:lang=\"PT-BR\" data-contrast=\"none\"><span class=\"NormalTextRun SCXW255331852 BCX0\" data-ccp-charstyle=\"Hyperlink\">http:\/\/claec.org\/ehm<\/span><\/span><\/a><span class=\"EOP SCXW255331852 BCX0\" data-ccp-props=\"{\">\u00a0<\/span><\/p>\t\t\t\t\t\t\t\t<\/div>\n\t\t\t\t<\/div>\n\t\t\t\t\t<\/div>\n\t\t<\/div>\n\t\t\t\t\t<\/div>\n\t\t<\/section>\n\t\t\t\t<\/div>\n\t\t","protected":false},"excerpt":{"rendered":"<p>1) Cadastro: Primeiramente os ouvintes devem se inscrever no evento acessando: https:\/\/tupa.claec.org\/index.php\/ehm\/7ehm\/schedConf\/registration \u00a0Ap\u00f3s clicar voc\u00ea ser\u00e1 direcionado \u00e0 p\u00e1gina com o formul\u00e1rio de inscri\u00e7\u00e3o no evento, efetue o preenchimento do formul\u00e1rio e realize o pagamento da taxa de inscri\u00e7\u00e3o.\u00a0 Escolher o tipo de inscri\u00e7\u00e3o: \u201cOuvinte\u201d; ap\u00f3s a escolha clicar em \u201cinscrever\u201d.\u00a0 Cadastre um login para [&hellip;]<\/p>\n","protected":false},"author":1,"featured_media":0,"parent":0,"menu_order":0,"comment_status":"closed","ping_status":"closed","template":"","meta":{"_monsterinsights_skip_tracking":false,"_monsterinsights_sitenote_active":false,"_monsterinsights_sitenote_note":"","_monsterinsights_sitenote_category":0,"footnotes":""},"class_list":["post-1958","page","type-page","status-publish","hentry"],"_links":{"self":[{"href":"https:\/\/claec.org\/ehm\/wp-json\/wp\/v2\/pages\/1958","targetHints":{"allow":["GET"]}}],"collection":[{"href":"https:\/\/claec.org\/ehm\/wp-json\/wp\/v2\/pages"}],"about":[{"href":"https:\/\/claec.org\/ehm\/wp-json\/wp\/v2\/types\/page"}],"author":[{"embeddable":true,"href":"https:\/\/claec.org\/ehm\/wp-json\/wp\/v2\/users\/1"}],"replies":[{"embeddable":true,"href":"https:\/\/claec.org\/ehm\/wp-json\/wp\/v2\/comments?post=1958"}],"version-history":[{"count":16,"href":"https:\/\/claec.org\/ehm\/wp-json\/wp\/v2\/pages\/1958\/revisions"}],"predecessor-version":[{"id":2302,"href":"https:\/\/claec.org\/ehm\/wp-json\/wp\/v2\/pages\/1958\/revisions\/2302"}],"wp:attachment":[{"href":"https:\/\/claec.org\/ehm\/wp-json\/wp\/v2\/media?parent=1958"}],"curies":[{"name":"wp","href":"https:\/\/api.w.org\/{rel}","templated":true}]}}