{"id":1035,"date":"2018-07-28T01:10:49","date_gmt":"2018-07-28T04:10:49","guid":{"rendered":"http:\/\/claec.org\/ehm\/?page_id=1035"},"modified":"2018-11-15T19:05:19","modified_gmt":"2018-11-15T21:05:19","slug":"taxas-de-inscricao","status":"publish","type":"page","link":"https:\/\/claec.org\/ehm\/taxas-de-inscricao\/","title":{"rendered":"Taxas de Inscri\u00e7\u00e3o"},"content":{"rendered":"<p><span style=\"color: #000000;\">O pagamento deve ser realizado por meio de deposito banc\u00e1rio e\/ou transfer\u00eancia:<\/span><\/p>\n<p><strong><span style=\"color: #000000;\">CNPJ:\u00a019.072.851\/0001-78<\/span><\/strong><\/p>\n<p><span style=\"text-decoration: underline;\"><strong><span style=\"color: #000000; text-decoration: underline;\">Titular:Instituto Conex\u00e3o Sociocultural<\/span><\/strong><\/span><\/p>\n<p>&nbsp;<\/p>\n<p><strong><span style=\"color: #ff0000;\">IMPORTANTE<\/span>:<\/strong> <span style=\"color: #000000;\">GUARDE O COMPROVANTE DE PAGAMENTO. ENVIE SEU COMPROVANTE PARA O E-MAIL DO EVENTO contato.ehm@claec.org\u00a0 (<strong>AT\u00c9 O DIA 05 DE\u00a0 NOVEMBRO<\/strong>) PARA<strong><em> EFETIVA\u00c7\u00c3O<\/em><\/strong> DE SUA INSCRI\u00c7\u00c3O.<\/span><\/p>\n<p><span style=\"color: #000000;\">Valores das Taxas:<\/span><\/p>\n<table width=\"721\">\n<tbody>\n<tr>\n<td width=\"360\"><span style=\"color: #000000;\">Comunicadores- Professores, Pesquisadores e Profissionais<\/span><\/td>\n<td width=\"360\"><span style=\"color: #000000;\">R$ 80,00<\/span><\/td>\n<\/tr>\n<tr>\n<td width=\"360\"><span style=\"color: #000000;\">Professores de rede p\u00fablica<\/span><\/td>\n<td width=\"360\"><span style=\"color: #000000;\">R$ 50,00<\/span><\/td>\n<\/tr>\n<tr>\n<td width=\"360\"><span style=\"color: #000000;\">Alunos de P\u00f3s-gradua\u00e7\u00e3o<\/span><\/td>\n<td width=\"360\"><span style=\"color: #000000;\">R$ 50,00<\/span><\/td>\n<\/tr>\n<tr>\n<td width=\"360\"><span style=\"color: #000000;\">Alunos de gradua\u00e7\u00e3o<\/span><\/td>\n<td width=\"360\"><span style=\"color: #000000;\">R$ 30,00<\/span><\/td>\n<\/tr>\n<tr>\n<td width=\"360\"><span style=\"color: #000000;\">Ouvintes<\/span><\/td>\n<td width=\"360\"><span style=\"color: #000000;\">R$ 10,00<\/span><\/td>\n<\/tr>\n<\/tbody>\n<\/table>\n","protected":false},"excerpt":{"rendered":"<p>O pagamento deve ser realizado por meio de deposito banc\u00e1rio e\/ou transfer\u00eancia: CNPJ:\u00a019.072.851\/0001-78 Titular:Instituto Conex\u00e3o Sociocultural &nbsp; IMPORTANTE: GUARDE O COMPROVANTE DE PAGAMENTO. ENVIE SEU COMPROVANTE PARA O E-MAIL DO EVENTO contato.ehm@claec.org\u00a0 (AT\u00c9 O DIA 05 DE\u00a0 NOVEMBRO) PARA EFETIVA\u00c7\u00c3O DE SUA INSCRI\u00c7\u00c3O. Valores das Taxas: Comunicadores- Professores, Pesquisadores e Profissionais R$ 80,00 Professores de [&hellip;]<\/p>\n","protected":false},"author":1,"featured_media":0,"parent":0,"menu_order":0,"comment_status":"closed","ping_status":"closed","template":"","meta":{"_monsterinsights_skip_tracking":false,"_monsterinsights_sitenote_active":false,"_monsterinsights_sitenote_note":"","_monsterinsights_sitenote_category":0,"footnotes":""},"class_list":["post-1035","page","type-page","status-publish","hentry"],"_links":{"self":[{"href":"https:\/\/claec.org\/ehm\/wp-json\/wp\/v2\/pages\/1035","targetHints":{"allow":["GET"]}}],"collection":[{"href":"https:\/\/claec.org\/ehm\/wp-json\/wp\/v2\/pages"}],"about":[{"href":"https:\/\/claec.org\/ehm\/wp-json\/wp\/v2\/types\/page"}],"author":[{"embeddable":true,"href":"https:\/\/claec.org\/ehm\/wp-json\/wp\/v2\/users\/1"}],"replies":[{"embeddable":true,"href":"https:\/\/claec.org\/ehm\/wp-json\/wp\/v2\/comments?post=1035"}],"version-history":[{"count":12,"href":"https:\/\/claec.org\/ehm\/wp-json\/wp\/v2\/pages\/1035\/revisions"}],"predecessor-version":[{"id":1496,"href":"https:\/\/claec.org\/ehm\/wp-json\/wp\/v2\/pages\/1035\/revisions\/1496"}],"wp:attachment":[{"href":"https:\/\/claec.org\/ehm\/wp-json\/wp\/v2\/media?parent=1035"}],"curies":[{"name":"wp","href":"https:\/\/api.w.org\/{rel}","templated":true}]}}

Taxas de Inscrição

<p><span style="color: #000000;">O pagamento deve ser realizado por meio de deposito bancário e/ou transferência:</span></p>
<p><strong><span style="color: #000000;">CNPJ: 19.072.851/0001-78</span></strong></p>
<p><span style="text-decoration: underline;"><strong><span style="color: #000000; text-decoration: underline;">Titular:Instituto Conexão Sociocultural</span></strong></span></p>
<p>&nbsp;</p>
<p><strong><span style="color: #ff0000;">IMPORTANTE</span>:</strong> <span style="color: #000000;">GUARDE O COMPROVANTE DE PAGAMENTO. ENVIE SEU COMPROVANTE PARA O E-MAIL DO EVENTO contato.ehm@claec.org  (<strong>ATÉ O DIA 05 DE  NOVEMBRO</strong>) PARA<strong><em> EFETIVAÇÃO</em></strong> DE SUA INSCRIÇÃO.</span></p>
<p><span style="color: #000000;">Valores das Taxas:</span></p>
<table width="721">
<tbody>
<tr>
<td width="360"><span style="color: #000000;">Comunicadores- Professores, Pesquisadores e Profissionais</span></td>
<td width="360"><span style="color: #000000;">R$ 80,00</span></td>
</tr>
<tr>
<td width="360"><span style="color: #000000;">Professores de rede pública</span></td>
<td width="360"><span style="color: #000000;">R$ 50,00</span></td>
</tr>
<tr>
<td width="360"><span style="color: #000000;">Alunos de Pós-graduação</span></td>
<td width="360"><span style="color: #000000;">R$ 50,00</span></td>
</tr>
<tr>
<td width="360"><span style="color: #000000;">Alunos de graduação</span></td>
<td width="360"><span style="color: #000000;">R$ 30,00</span></td>
</tr>
<tr>
<td width="360"><span style="color: #000000;">Ouvintes</span></td>
<td width="360"><span style="color: #000000;">R$ 10,00</span></td>
</tr>
</tbody>
</table>

<p>O pagamento deve ser realizado por meio de deposito bancário e/ou transferência: CNPJ: 19.072.851/0001-78 Titular:Instituto Conexão Sociocultural &nbsp; IMPORTANTE: GUARDE O COMPROVANTE DE PAGAMENTO. ENVIE SEU COMPROVANTE PARA O E-MAIL DO EVENTO contato.ehm@claec.org  (ATÉ O DIA 05 DE  NOVEMBRO) PARA EFETIVAÇÃO DE SUA INSCRIÇÃO. Valores das Taxas: Comunicadores- Professores, Pesquisadores e Profissionais R$ 80,00 Professores de [&hellip;]</p>
