{"id":821,"date":"2021-01-09T11:30:24","date_gmt":"2021-01-09T14:30:24","guid":{"rendered":"http:\/\/claec.org\/editora\/?page_id=821"},"modified":"2021-01-14T21:46:00","modified_gmt":"2021-01-15T00:46:00","slug":"ensino-aprendizagem-de-linguas-literaturas-e-culturas-inglesas-espanholas-e-portuguesas-na-america-latina-desafios-e-perspectivas-para-o-seculo-xxi","status":"publish","type":"page","link":"https:\/\/claec.org\/editora\/selo-claec-e-books\/ensino-aprendizagem-de-linguas-literaturas-e-culturas-inglesas-espanholas-e-portuguesas-na-america-latina-desafios-e-perspectivas-para-o-seculo-xxi\/","title":{"rendered":"Ensino-aprendizagem de L\u00ednguas, Literaturas e Culturas Inglesas, Espanholas e Portuguesas na Am\u00e9rica Latina: desafios e perspectivas para o s\u00e9culo XXI"},"content":{"rendered":"\n<div class=\"wp-block-image\"><figure class=\"aligncenter is-resized\"><img fetchpriority=\"high\" decoding=\"async\" src=\"https:\/\/claec.org\/editora\/wp-content\/uploads\/sites\/3\/2021\/01\/Ensino-aprendizagem-724x1024.png\" alt=\"Capa do livro\" class=\"wp-image-825\" width=\"212\" height=\"300\" \/><\/figure><\/div>\n\n\n\n<p>Organizadores:  Suzana Ferreira Paulino Domingos, Eduardo Barbuio e Julia Larr\u00e9<\/p>\n\n\n\n<p>ISBN: 978-65-89284-03-1<\/p>\n\n\n\n<p>Ano de Publica\u00e7\u00e3o: 2021<\/p>\n\n\n\n<p>Formato: PDF<\/p>\n\n\n\n<p>N\u00famero de P\u00e1ginas: 100<\/p>\n\n\n\n<p><strong><a href=\"https:\/\/claec.org\/editora\/wp-content\/uploads\/sites\/3\/2021\/01\/Ensino-aprendizagem-de-L\u00ednguas-Literaturas-e-Culturas-Inglesas-Espanholas-e-Portuguesas-final.pdf\">Acesse aqui a publica\u00e7\u00e3o.<\/a><\/strong><\/p>\n","protected":false},"excerpt":{"rendered":"<p>Organizadores: Suzana Ferreira Paulino Domingos, Eduardo Barbuio e Julia Larr\u00e9 ISBN: 978-65-89284-03-1 Ano de Publica\u00e7\u00e3o: 2021 Formato: PDF N\u00famero de P\u00e1ginas: 100 Acesse aqui a publica\u00e7\u00e3o.<\/p>\n","protected":false},"author":12,"featured_media":825,"parent":704,"menu_order":0,"comment_status":"closed","ping_status":"closed","template":"","meta":{"_monsterinsights_skip_tracking":false,"_monsterinsights_sitenote_active":false,"_monsterinsights_sitenote_note":"","_monsterinsights_sitenote_category":0,"footnotes":""},"class_list":["post-821","page","type-page","status-publish","has-post-thumbnail","hentry"],"_links":{"self":[{"href":"https:\/\/claec.org\/editora\/wp-json\/wp\/v2\/pages\/821","targetHints":{"allow":["GET"]}}],"collection":[{"href":"https:\/\/claec.org\/editora\/wp-json\/wp\/v2\/pages"}],"about":[{"href":"https:\/\/claec.org\/editora\/wp-json\/wp\/v2\/types\/page"}],"author":[{"embeddable":true,"href":"https:\/\/claec.org\/editora\/wp-json\/wp\/v2\/users\/12"}],"replies":[{"embeddable":true,"href":"https:\/\/claec.org\/editora\/wp-json\/wp\/v2\/comments?post=821"}],"version-history":[{"count":6,"href":"https:\/\/claec.org\/editora\/wp-json\/wp\/v2\/pages\/821\/revisions"}],"predecessor-version":[{"id":878,"href":"https:\/\/claec.org\/editora\/wp-json\/wp\/v2\/pages\/821\/revisions\/878"}],"up":[{"embeddable":true,"href":"https:\/\/claec.org\/editora\/wp-json\/wp\/v2\/pages\/704"}],"wp:featuredmedia":[{"embeddable":true,"href":"https:\/\/claec.org\/editora\/wp-json\/wp\/v2\/media\/825"}],"wp:attachment":[{"href":"https:\/\/claec.org\/editora\/wp-json\/wp\/v2\/media?parent=821"}],"curies":[{"name":"wp","href":"https:\/\/api.w.org\/{rel}","templated":true}]}}