{"id":375,"date":"2019-12-13T18:24:15","date_gmt":"2019-12-13T20:24:15","guid":{"rendered":"http:\/\/claec.org\/editora\/?page_id=375"},"modified":"2019-12-13T18:32:57","modified_gmt":"2019-12-13T20:32:57","slug":"poeticas-do-lalli-literatura-cultura-e-historia-em-dialogo","status":"publish","type":"page","link":"https:\/\/claec.org\/editora\/catalogo\/poeticas-do-lalli-literatura-cultura-e-historia-em-dialogo\/","title":{"rendered":"Po\u00e9ticas do LALLI: Literatura, Cultura e Hist\u00f3ria em di\u00e1logo"},"content":{"rendered":"<p style=\"text-align: center;\"><img fetchpriority=\"high\" decoding=\"async\" class=\"size-medium wp-image-377 aligncenter\" src=\"https:\/\/claec.org\/editora\/wp-content\/uploads\/sites\/3\/2019\/12\/0001-232x300.jpg\" alt=\"\" width=\"232\" height=\"300\" srcset=\"https:\/\/claec.org\/editora\/wp-content\/uploads\/sites\/3\/2019\/12\/0001-232x300.jpg 232w, https:\/\/claec.org\/editora\/wp-content\/uploads\/sites\/3\/2019\/12\/0001-768x994.jpg 768w, https:\/\/claec.org\/editora\/wp-content\/uploads\/sites\/3\/2019\/12\/0001-791x1024.jpg 791w\" sizes=\"(max-width: 232px) 100vw, 232px\" \/><\/p>\n<p>Organizadora:\u00a0Ana L\u00facia Montano Boessio<\/p>\n<p>ISBN:\u00a0978-85-93548-23-9<\/p>\n<p>Ano de Publica\u00e7\u00e3o: 2019<\/p>\n<p>Formato: PDF<\/p>\n<p>N\u00famero de P\u00e1ginas: 140<\/p>\n<p>Sinopse:<\/p>\n<p><strong><a href=\"https:\/\/claec.org\/editora\/wp-content\/uploads\/sites\/3\/2019\/12\/LIVRO-LALLI-1-Po\u00e9ticas-liter\u00e1rias-finalizado.pdf\">Acesse aqui a publica\u00e7\u00e3o.<\/a><\/strong><\/p>\n<div id=\"njcdgcofcbnlbpkpdhmlmiblaglnkpnj\"><\/div>\n","protected":false},"excerpt":{"rendered":"<p>Organizadora:\u00a0Ana L\u00facia Montano Boessio ISBN:\u00a0978-85-93548-23-9 Ano de Publica\u00e7\u00e3o: 2019 Formato: PDF N\u00famero de P\u00e1ginas: 140 Sinopse: Acesse aqui a publica\u00e7\u00e3o.<\/p>\n","protected":false},"author":1,"featured_media":0,"parent":270,"menu_order":0,"comment_status":"closed","ping_status":"closed","template":"","meta":{"_monsterinsights_skip_tracking":false,"_monsterinsights_sitenote_active":false,"_monsterinsights_sitenote_note":"","_monsterinsights_sitenote_category":0,"footnotes":""},"class_list":["post-375","page","type-page","status-publish","hentry"],"_links":{"self":[{"href":"https:\/\/claec.org\/editora\/wp-json\/wp\/v2\/pages\/375","targetHints":{"allow":["GET"]}}],"collection":[{"href":"https:\/\/claec.org\/editora\/wp-json\/wp\/v2\/pages"}],"about":[{"href":"https:\/\/claec.org\/editora\/wp-json\/wp\/v2\/types\/page"}],"author":[{"embeddable":true,"href":"https:\/\/claec.org\/editora\/wp-json\/wp\/v2\/users\/1"}],"replies":[{"embeddable":true,"href":"https:\/\/claec.org\/editora\/wp-json\/wp\/v2\/comments?post=375"}],"version-history":[{"count":4,"href":"https:\/\/claec.org\/editora\/wp-json\/wp\/v2\/pages\/375\/revisions"}],"predecessor-version":[{"id":384,"href":"https:\/\/claec.org\/editora\/wp-json\/wp\/v2\/pages\/375\/revisions\/384"}],"up":[{"embeddable":true,"href":"https:\/\/claec.org\/editora\/wp-json\/wp\/v2\/pages\/270"}],"wp:attachment":[{"href":"https:\/\/claec.org\/editora\/wp-json\/wp\/v2\/media?parent=375"}],"curies":[{"name":"wp","href":"https:\/\/api.w.org\/{rel}","templated":true}]}}