{"id":348,"date":"2019-09-21T20:07:33","date_gmt":"2019-09-21T23:07:33","guid":{"rendered":"http:\/\/claec.org\/editora\/?page_id=348"},"modified":"2019-09-21T20:07:49","modified_gmt":"2019-09-21T23:07:49","slug":"ead-unipampa-memorias-e-desafios","status":"publish","type":"page","link":"https:\/\/claec.org\/editora\/catalogo\/ead-unipampa-memorias-e-desafios\/","title":{"rendered":"EaD Unipampa: Mem\u00f3rias e desafios"},"content":{"rendered":"<p><img fetchpriority=\"high\" decoding=\"async\" class=\"aligncenter wp-image-349 size-medium\" src=\"https:\/\/claec.org\/editora\/wp-content\/uploads\/sites\/3\/2019\/09\/Capa-212x300.png\" alt=\"\" width=\"212\" height=\"300\" srcset=\"https:\/\/claec.org\/editora\/wp-content\/uploads\/sites\/3\/2019\/09\/Capa-212x300.png 212w, https:\/\/claec.org\/editora\/wp-content\/uploads\/sites\/3\/2019\/09\/Capa-768x1086.png 768w, https:\/\/claec.org\/editora\/wp-content\/uploads\/sites\/3\/2019\/09\/Capa-724x1024.png 724w\" sizes=\"(max-width: 212px) 100vw, 212px\" \/><\/p>\n<p>&nbsp;<\/p>\n<p>Organizadoras: Maria do Socorro de Almeida Farias-Marques; Heide Feldmann; Ros\u00e2ngela Beatriz Buhse<\/p>\n<p>ISBN: 978-85-93548-21-5<\/p>\n<p>Ano de Publica\u00e7\u00e3o: 2019<\/p>\n<p>Formato: PDF<\/p>\n<p>N\u00famero de P\u00e1ginas: 135<\/p>\n<p>Sinopse:\u00a0Este e-book resgata a trajet\u00f3ria da Educa\u00e7\u00e3o a Dist\u00e2ncia (EaD) na Universidade Federal do Pampa (UNIPAMPA) e a import\u00e2ncia da Universidade Aberta do Brasil (UAB) como realidade solidificada em nossa institui\u00e7\u00e3o.<\/p>\n<p>&nbsp;<\/p>\n<p><strong><a href=\"https:\/\/claec.org\/editora\/wp-content\/uploads\/sites\/3\/2019\/09\/DEaD-Mem\u00f3rias-e-Desafios-Pronto.pdf\">Acesse aqui a publica\u00e7\u00e3o.<\/a><\/strong><\/p>\n","protected":false},"excerpt":{"rendered":"<p>&nbsp; Organizadoras: Maria do Socorro de Almeida Farias-Marques; Heide Feldmann; Ros\u00e2ngela Beatriz Buhse ISBN: 978-85-93548-21-5 Ano de Publica\u00e7\u00e3o: 2019 Formato: PDF N\u00famero de P\u00e1ginas: 135 Sinopse:\u00a0Este e-book resgata a trajet\u00f3ria da Educa\u00e7\u00e3o a Dist\u00e2ncia (EaD) na Universidade Federal do Pampa (UNIPAMPA) e a import\u00e2ncia da Universidade Aberta do Brasil (UAB) como realidade solidificada em nossa [&hellip;]<\/p>\n","protected":false},"author":1,"featured_media":349,"parent":270,"menu_order":0,"comment_status":"closed","ping_status":"closed","template":"","meta":{"_monsterinsights_skip_tracking":false,"_monsterinsights_sitenote_active":false,"_monsterinsights_sitenote_note":"","_monsterinsights_sitenote_category":0,"footnotes":""},"class_list":["post-348","page","type-page","status-publish","has-post-thumbnail","hentry"],"_links":{"self":[{"href":"https:\/\/claec.org\/editora\/wp-json\/wp\/v2\/pages\/348","targetHints":{"allow":["GET"]}}],"collection":[{"href":"https:\/\/claec.org\/editora\/wp-json\/wp\/v2\/pages"}],"about":[{"href":"https:\/\/claec.org\/editora\/wp-json\/wp\/v2\/types\/page"}],"author":[{"embeddable":true,"href":"https:\/\/claec.org\/editora\/wp-json\/wp\/v2\/users\/1"}],"replies":[{"embeddable":true,"href":"https:\/\/claec.org\/editora\/wp-json\/wp\/v2\/comments?post=348"}],"version-history":[{"count":2,"href":"https:\/\/claec.org\/editora\/wp-json\/wp\/v2\/pages\/348\/revisions"}],"predecessor-version":[{"id":379,"href":"https:\/\/claec.org\/editora\/wp-json\/wp\/v2\/pages\/348\/revisions\/379"}],"up":[{"embeddable":true,"href":"https:\/\/claec.org\/editora\/wp-json\/wp\/v2\/pages\/270"}],"wp:featuredmedia":[{"embeddable":true,"href":"https:\/\/claec.org\/editora\/wp-json\/wp\/v2\/media\/349"}],"wp:attachment":[{"href":"https:\/\/claec.org\/editora\/wp-json\/wp\/v2\/media?parent=348"}],"curies":[{"name":"wp","href":"https:\/\/api.w.org\/{rel}","templated":true}]}}