{"id":2128,"date":"2025-10-02T11:59:51","date_gmt":"2025-10-02T14:59:51","guid":{"rendered":"https:\/\/claec.org\/editora\/?page_id=2128"},"modified":"2026-01-11T16:47:55","modified_gmt":"2026-01-11T19:47:55","slug":"comite-editorial","status":"publish","type":"page","link":"https:\/\/claec.org\/editora\/comite-editorial\/","title":{"rendered":"Comit\u00ea Editorial"},"content":{"rendered":"\t\t<div data-elementor-type=\"wp-page\" data-elementor-id=\"2128\" class=\"elementor elementor-2128\" data-elementor-post-type=\"page\">\n\t\t\t\t\t\t<section class=\"elementor-section elementor-top-section elementor-element elementor-element-7fbf4e1 elementor-section-height-min-height elementor-section-boxed elementor-section-height-default elementor-section-items-middle\" data-id=\"7fbf4e1\" data-element_type=\"section\" data-e-type=\"section\" data-settings=\"{&quot;background_background&quot;:&quot;slideshow&quot;,&quot;background_slideshow_gallery&quot;:[{&quot;id&quot;:&quot;1657&quot;,&quot;url&quot;:&quot;https:\\\/\\\/claec.org\\\/editora\\\/wp-content\\\/uploads\\\/sites\\\/3\\\/2025\\\/09\\\/claec222-scaled.jpg&quot;},{&quot;id&quot;:&quot;1619&quot;,&quot;url&quot;:&quot;https:\\\/\\\/claec.org\\\/editora\\\/wp-content\\\/uploads\\\/sites\\\/3\\\/2025\\\/09\\\/pexels-pixabay-256541-scaled.jpg&quot;},{&quot;id&quot;:&quot;1541&quot;,&quot;url&quot;:&quot;https:\\\/\\\/claec.org\\\/editora\\\/wp-content\\\/uploads\\\/sites\\\/3\\\/2025\\\/09\\\/books-2596809_1280.jpg&quot;},{&quot;id&quot;:&quot;1539&quot;,&quot;url&quot;:&quot;https:\\\/\\\/claec.org\\\/editora\\\/wp-content\\\/uploads\\\/sites\\\/3\\\/2025\\\/09\\\/pexels-efrem-efre-2786187-16263864-scaled.jpg&quot;}],&quot;background_slideshow_loop&quot;:&quot;yes&quot;,&quot;background_slideshow_slide_duration&quot;:5000,&quot;background_slideshow_slide_transition&quot;:&quot;fade&quot;,&quot;background_slideshow_transition_duration&quot;:500}\">\n\t\t\t\t\t\t\t<div class=\"elementor-background-overlay\"><\/div>\n\t\t\t\t\t\t\t<div class=\"elementor-container elementor-column-gap-default\">\n\t\t\t\t\t<div class=\"elementor-column elementor-col-100 elementor-top-column elementor-element elementor-element-6cf5d39\" data-id=\"6cf5d39\" data-element_type=\"column\" data-e-type=\"column\">\n\t\t\t<div class=\"elementor-widget-wrap elementor-element-populated\">\n\t\t\t\t\t\t\t<\/div>\n\t\t<\/div>\n\t\t\t\t\t<\/div>\n\t\t<\/section>\n\t\t\t\t<section class=\"elementor-section elementor-top-section elementor-element elementor-element-c6bf4c1 elementor-section-boxed elementor-section-height-default elementor-section-height-default\" data-id=\"c6bf4c1\" data-element_type=\"section\" data-e-type=\"section\" data-settings=\"{&quot;background_background&quot;:&quot;classic&quot;}\">\n\t\t\t\t\t\t<div class=\"elementor-container elementor-column-gap-default\">\n\t\t\t\t\t<div class=\"elementor-column elementor-col-100 elementor-top-column elementor-element elementor-element-71d3b52\" data-id=\"71d3b52\" data-element_type=\"column\" data-e-type=\"column\">\n\t\t\t<div class=\"elementor-widget-wrap elementor-element-populated\">\n\t\t\t\t\t\t<div class=\"elementor-element elementor-element-ae2c8c1 elementor-widget elementor-widget-heading\" data-id=\"ae2c8c1\" data-element_type=\"widget\" data-e-type=\"widget\" data-widget_type=\"heading.default\">\n\t\t\t\t<div class=\"elementor-widget-container\">\n\t\t\t\t\t<h2 class=\"elementor-heading-title elementor-size-default\">Nossa equipe editorial\n<\/h2>\t\t\t\t<\/div>\n\t\t\t\t<\/div>\n\t\t\t\t<div class=\"elementor-element elementor-element-5951e7a elementor-widget elementor-widget-text-editor\" data-id=\"5951e7a\" data-element_type=\"widget\" data-e-type=\"widget\" data-widget_type=\"text-editor.default\">\n\t\t\t\t<div class=\"elementor-widget-container\">\n\t\t\t\t\t\t\t\t\t<p><span style=\"font-weight: 400\">A Editora CLAEC conta com uma equipe qualificada e internacionalizada, formada por pesquisadores e pesquisadoras de refer\u00eancia em ci\u00eancias humanas e sociais. O comit\u00ea \u00e9 respons\u00e1vel por orientar as pol\u00edticas editoriais, garantir a qualidade acad\u00eamica e acompanhar os processos de avalia\u00e7\u00e3o por pares.<\/span><\/p>\t\t\t\t\t\t\t\t<\/div>\n\t\t\t\t<\/div>\n\t\t\t\t\t<\/div>\n\t\t<\/div>\n\t\t\t\t\t<\/div>\n\t\t<\/section>\n\t\t\t\t<section class=\"elementor-section elementor-top-section elementor-element elementor-element-f6c6504 elementor-section-boxed elementor-section-height-default elementor-section-height-default\" data-id=\"f6c6504\" data-element_type=\"section\" data-e-type=\"section\" data-settings=\"{&quot;background_background&quot;:&quot;classic&quot;}\">\n\t\t\t\t\t\t<div class=\"elementor-container elementor-column-gap-default\">\n\t\t\t\t\t<div class=\"elementor-column elementor-col-100 elementor-top-column elementor-element elementor-element-a44e98c\" data-id=\"a44e98c\" data-element_type=\"column\" data-e-type=\"column\">\n\t\t\t<div class=\"elementor-widget-wrap elementor-element-populated\">\n\t\t\t\t\t\t<div class=\"elementor-element elementor-element-34c13b6 elementor-widget elementor-widget-text-editor\" data-id=\"34c13b6\" data-element_type=\"widget\" data-e-type=\"widget\" data-widget_type=\"text-editor.default\">\n\t\t\t\t<div class=\"elementor-widget-container\">\n\t\t\t\t\t\t\t\t\t<p><b>Editor-Chefe<\/b><\/p><ul><li style=\"font-weight: 400;\"><p><a href=\"http:\/\/lattes.cnpq.br\/8991559889784246\"><b>Me. Bruno C\u00e9sar Alves Marcelino<\/b><\/a><span style=\"font-weight: 400;\"> \u2013 Centro Latino-Americano de Estudos em Cultura (Brasil)<\/span><\/p><\/li><\/ul><p><b>Editor-Chefe Adjunto<\/b><\/p><ul><li style=\"font-weight: 400;\"><p><a href=\"http:\/\/lattes.cnpq.br\/0799827739345441\"><b>Dr. Lucas da Silva Martinez<\/b><\/a><span style=\"font-weight: 400;\"> \u2013 Centro Latino-Americano de Estudos em Cultura (Brasil)<\/span><\/p><\/li><\/ul><p><b>Editora-Executiva<\/b><\/p><ul><li style=\"font-weight: 400;\"><p><a href=\"http:\/\/lattes.cnpq.br\/6765959437255984\" target=\"_blank\" rel=\"noopener\"><b>Lic. J\u00e9ssica Biltches Costa<\/b><\/a><span style=\"font-weight: 400;\"> \u2013 Centro Latino-Americano de Estudos em Cultura (Brasil)<\/span><\/p><\/li><\/ul><p><b>Editores-Assistentes<\/b><\/p><ul><li style=\"font-weight: 400;\"><p><b>Bela. Val\u00e9ria Lago Luzardo<\/b> \u2013 Universidade Federal de Santa Maria (Brasil)<\/p><\/li><\/ul>\t\t\t\t\t\t\t\t<\/div>\n\t\t\t\t<\/div>\n\t\t\t\t\t<\/div>\n\t\t<\/div>\n\t\t\t\t\t<\/div>\n\t\t<\/section>\n\t\t\t\t<section class=\"elementor-section elementor-top-section elementor-element elementor-element-039ac28 elementor-section-boxed elementor-section-height-default elementor-section-height-default\" data-id=\"039ac28\" data-element_type=\"section\" data-e-type=\"section\" data-settings=\"{&quot;background_background&quot;:&quot;classic&quot;}\">\n\t\t\t\t\t\t<div class=\"elementor-container elementor-column-gap-default\">\n\t\t\t\t\t<div class=\"elementor-column elementor-col-100 elementor-top-column elementor-element elementor-element-05aec8d\" data-id=\"05aec8d\" data-element_type=\"column\" data-e-type=\"column\">\n\t\t\t<div class=\"elementor-widget-wrap elementor-element-populated\">\n\t\t\t\t\t\t<div class=\"elementor-element elementor-element-8cbfbf1 elementor-widget elementor-widget-heading\" data-id=\"8cbfbf1\" data-element_type=\"widget\" data-e-type=\"widget\" data-widget_type=\"heading.default\">\n\t\t\t\t<div class=\"elementor-widget-container\">\n\t\t\t\t\t<h2 class=\"elementor-heading-title elementor-size-default\">Conselho Editorial<\/h2>\t\t\t\t<\/div>\n\t\t\t\t<\/div>\n\t\t\t\t<div class=\"elementor-element elementor-element-9d07082 elementor-widget elementor-widget-text-editor\" data-id=\"9d07082\" data-element_type=\"widget\" data-e-type=\"widget\" data-widget_type=\"text-editor.default\">\n\t\t\t\t<div class=\"elementor-widget-container\">\n\t\t\t\t\t\t\t\t\t<p>O Comit\u00ea Editorial da Editora CLAEC re\u00fane pesquisadoras e pesquisadores de Brasil, M\u00e9xico, Argentina, Uruguai, Equador, Fran\u00e7a e Estados Unidos, assegurando diversidade de perspectivas e excel\u00eancia acad\u00eamica em todas as publica\u00e7\u00f5es.<\/p>\t\t\t\t\t\t\t\t<\/div>\n\t\t\t\t<\/div>\n\t\t\t\t\t<\/div>\n\t\t<\/div>\n\t\t\t\t\t<\/div>\n\t\t<\/section>\n\t\t\t\t<section class=\"elementor-section elementor-top-section elementor-element elementor-element-df22c97 elementor-section-boxed elementor-section-height-default elementor-section-height-default\" data-id=\"df22c97\" data-element_type=\"section\" data-e-type=\"section\" data-settings=\"{&quot;background_background&quot;:&quot;classic&quot;}\">\n\t\t\t\t\t\t<div class=\"elementor-container elementor-column-gap-default\">\n\t\t\t\t\t<div class=\"elementor-column elementor-col-100 elementor-top-column elementor-element elementor-element-9a8f0fc\" data-id=\"9a8f0fc\" data-element_type=\"column\" data-e-type=\"column\">\n\t\t\t<div class=\"elementor-widget-wrap elementor-element-populated\">\n\t\t\t\t\t\t<div class=\"elementor-element elementor-element-1fe87d7 elementor-widget elementor-widget-text-editor\" data-id=\"1fe87d7\" data-element_type=\"widget\" data-e-type=\"widget\" data-widget_type=\"text-editor.default\">\n\t\t\t\t<div class=\"elementor-widget-container\">\n\t\t\t\t\t\t\t\t\t<ul><li style=\"list-style-type: none;\"><ul><li style=\"font-weight: 400;\"><b><b>Dra. Ahtziri Erendira Molina Rold\u00e1n<span style=\"font-weight: 400;\"> \u2013 Universidad Veracruzana (M\u00e9xico)<\/span><\/b><\/b><\/li><li style=\"font-weight: 400;\"><b>Dra. Denise Rosana da Silva Moraes<\/b><span style=\"font-weight: 400;\"> \u2013 Universidade Estadual do Oeste do Paran\u00e1 (Brasil)<\/span><\/li><li style=\"font-weight: 400;\"><b>Dr. Djalma Th\u00fcrler<\/b><span style=\"font-weight: 400;\"> \u2013 Universidade Federal da Bahia (Brasil)<\/span><\/li><li style=\"font-weight: 400;\"><b>Dr. Daniel Levine<\/b><span style=\"font-weight: 400;\"><span style=\"font-weight: 400;\"> \u2013 University of Michigan (Estados Unidos)<\/span><\/span><\/li><li style=\"font-weight: 400;\"><b>Dra. Danielle Ferreira Medeiro da Silva de Ara\u00fajo<\/b><span style=\"font-weight: 400;\"><span style=\"font-weight: 400;\"> \u2013 Escola Nacional de Administra\u00e7\u00e3o P\u00fablica (Brasil)<\/span><\/span><\/li><li style=\"font-weight: 400;\"><b>Dr. F\u00e1bio do Vale<\/b><span style=\"font-weight: 400;\"><span style=\"font-weight: 400;\"> \u2013 Faculdade Insted (Brasil)<\/span><\/span><\/li><li style=\"font-weight: 400;\"><b>Dr. Fabricio Pereira da Silva<\/b><span style=\"font-weight: 400;\"> \u2013 Universidade Federal Fluminense (Brasil)<\/span><\/li><li style=\"font-weight: 400;\"><b>Dr. Francisco Xavier Freire Rodrigues<\/b><span style=\"font-weight: 400;\"> \u2013 Universidade Federal de Mato Grosso (Brasil)<\/span><\/li><li style=\"font-weight: 400;\"><b>Dra. Isabel Cristina Chaves Lopes<\/b><span style=\"font-weight: 400;\"> \u2013 Universidade Federal Fluminense (Brasil)<\/span><\/li><li style=\"font-weight: 400;\"><b>Dr. Jos\u00e9 Serafim Bertoloto<\/b><span style=\"font-weight: 400;\"> \u2013 Universidade de Cuiab\u00e1 (Brasil)<\/span><\/li><li style=\"font-weight: 400;\"><b>Dra. Marie Laure Geoffray<\/b><span style=\"font-weight: 400;\"> \u2013 Universit\u00e9 Sorbonne Nouvelle \u2013 Paris III (Fran\u00e7a)<\/span><\/li><li style=\"font-weight: 400;\"><b>Dra. Ludmila de Lima Brand\u00e3o<\/b><span style=\"font-weight: 400;\"> \u2013 Universidade Federal do Mato Grosso (Brasil)<\/span><\/li><li style=\"font-weight: 400;\"><b>Dr. Marco Antonio Ch\u00e1vez Aguayo<\/b><span style=\"font-weight: 400;\"> \u2013 Universidad de Guadalajara (M\u00e9xico)<\/span><\/li><li style=\"font-weight: 400;\"><b>Dr. Marcus Fernando da Silva Praxedes<\/b><span style=\"font-weight: 400;\"> \u2013 Universidade Federal do Rec\u00f4ncavo da Bahia (Brasil)<\/span><\/li><li><strong>Dr. Ronaldo Silva<\/strong> <span style=\"font-weight: 400;\">\u2013<\/span> Universidade Estadual do Oeste do Paran\u00e1 (Brasil)<\/li><li style=\"font-weight: 400;\"><b>Dra. Sandra Catalina Valdettaro<\/b><span style=\"font-weight: 400;\"> \u2013 Universidad Nacional de Ros\u00e1rio (Argentina)<\/span><\/li><li style=\"font-weight: 400;\"><b>Dra. Susana Dominza\u00edn<\/b><span style=\"font-weight: 400;\"> \u2013 Universidad de la Rep\u00fablica (Uruguai)<\/span><\/li><li style=\"font-weight: 400;\"><b>Dra. Suzana Ferreira Paulino<\/b><span style=\"font-weight: 400;\"><span style=\"font-weight: 400;\"> \u2013 Universidade Federal Rural de Pernambuco (Brasil)<\/span><\/span><\/li><li style=\"font-weight: 400;\"><span style=\"font-weight: 400;\"><b>Dr. Wilson Enrique Araque Jaramillo<\/b> \u2013 Universidad Andina Sim\u00f3n Bolivar (Equador)<\/span><\/li><\/ul><\/li><\/ul>\t\t\t\t\t\t\t\t<\/div>\n\t\t\t\t<\/div>\n\t\t\t\t\t<\/div>\n\t\t<\/div>\n\t\t\t\t\t<\/div>\n\t\t<\/section>\n\t\t\t\t<\/div>\n\t\t","protected":false},"excerpt":{"rendered":"<p>Nossa equipe editorial A Editora CLAEC conta com uma equipe qualificada e internacionalizada, formada por pesquisadores e pesquisadoras de refer\u00eancia em ci\u00eancias humanas e sociais. O comit\u00ea \u00e9 respons\u00e1vel por orientar as pol\u00edticas editoriais, garantir a qualidade acad\u00eamica e acompanhar os processos de avalia\u00e7\u00e3o por pares. Editor-Chefe Me. Bruno C\u00e9sar Alves Marcelino \u2013 Centro Latino-Americano [&hellip;]<\/p>\n","protected":false},"author":22,"featured_media":0,"parent":0,"menu_order":0,"comment_status":"closed","ping_status":"closed","template":"elementor_header_footer","meta":{"_monsterinsights_skip_tracking":false,"_monsterinsights_sitenote_active":false,"_monsterinsights_sitenote_note":"","_monsterinsights_sitenote_category":0,"footnotes":""},"class_list":["post-2128","page","type-page","status-publish","hentry"],"_links":{"self":[{"href":"https:\/\/claec.org\/editora\/wp-json\/wp\/v2\/pages\/2128","targetHints":{"allow":["GET"]}}],"collection":[{"href":"https:\/\/claec.org\/editora\/wp-json\/wp\/v2\/pages"}],"about":[{"href":"https:\/\/claec.org\/editora\/wp-json\/wp\/v2\/types\/page"}],"author":[{"embeddable":true,"href":"https:\/\/claec.org\/editora\/wp-json\/wp\/v2\/users\/22"}],"replies":[{"embeddable":true,"href":"https:\/\/claec.org\/editora\/wp-json\/wp\/v2\/comments?post=2128"}],"version-history":[{"count":46,"href":"https:\/\/claec.org\/editora\/wp-json\/wp\/v2\/pages\/2128\/revisions"}],"predecessor-version":[{"id":2246,"href":"https:\/\/claec.org\/editora\/wp-json\/wp\/v2\/pages\/2128\/revisions\/2246"}],"wp:attachment":[{"href":"https:\/\/claec.org\/editora\/wp-json\/wp\/v2\/media?parent=2128"}],"curies":[{"name":"wp","href":"https:\/\/api.w.org\/{rel}","templated":true}]}}