{"id":1854,"date":"2025-09-22T19:47:52","date_gmt":"2025-09-22T22:47:52","guid":{"rendered":"https:\/\/claec.org\/editora\/?page_id=1854"},"modified":"2025-09-22T20:20:02","modified_gmt":"2025-09-22T23:20:02","slug":"como-publicar","status":"publish","type":"page","link":"https:\/\/claec.org\/editora\/como-publicar\/","title":{"rendered":"Como Publicar"},"content":{"rendered":"\t\t<div data-elementor-type=\"wp-page\" data-elementor-id=\"1854\" class=\"elementor elementor-1854\" data-elementor-post-type=\"page\">\n\t\t\t\t\t\t<section class=\"elementor-section elementor-top-section elementor-element elementor-element-7fbf4e1 elementor-section-height-min-height elementor-section-boxed elementor-section-height-default elementor-section-items-middle\" data-id=\"7fbf4e1\" data-element_type=\"section\" data-e-type=\"section\" data-settings=\"{&quot;background_background&quot;:&quot;slideshow&quot;,&quot;background_slideshow_gallery&quot;:[{&quot;id&quot;:&quot;1657&quot;,&quot;url&quot;:&quot;https:\\\/\\\/claec.org\\\/editora\\\/wp-content\\\/uploads\\\/sites\\\/3\\\/2025\\\/09\\\/claec222-scaled.jpg&quot;},{&quot;id&quot;:&quot;1619&quot;,&quot;url&quot;:&quot;https:\\\/\\\/claec.org\\\/editora\\\/wp-content\\\/uploads\\\/sites\\\/3\\\/2025\\\/09\\\/pexels-pixabay-256541-scaled.jpg&quot;},{&quot;id&quot;:&quot;1541&quot;,&quot;url&quot;:&quot;https:\\\/\\\/claec.org\\\/editora\\\/wp-content\\\/uploads\\\/sites\\\/3\\\/2025\\\/09\\\/books-2596809_1280.jpg&quot;},{&quot;id&quot;:&quot;1539&quot;,&quot;url&quot;:&quot;https:\\\/\\\/claec.org\\\/editora\\\/wp-content\\\/uploads\\\/sites\\\/3\\\/2025\\\/09\\\/pexels-efrem-efre-2786187-16263864-scaled.jpg&quot;}],&quot;background_slideshow_loop&quot;:&quot;yes&quot;,&quot;background_slideshow_slide_duration&quot;:5000,&quot;background_slideshow_slide_transition&quot;:&quot;fade&quot;,&quot;background_slideshow_transition_duration&quot;:500}\">\n\t\t\t\t\t\t\t<div class=\"elementor-background-overlay\"><\/div>\n\t\t\t\t\t\t\t<div class=\"elementor-container elementor-column-gap-default\">\n\t\t\t\t\t<div class=\"elementor-column elementor-col-100 elementor-top-column elementor-element elementor-element-6cf5d39\" data-id=\"6cf5d39\" data-element_type=\"column\" data-e-type=\"column\">\n\t\t\t<div class=\"elementor-widget-wrap elementor-element-populated\">\n\t\t\t\t\t\t\t<\/div>\n\t\t<\/div>\n\t\t\t\t\t<\/div>\n\t\t<\/section>\n\t\t\t\t<section class=\"elementor-section elementor-top-section elementor-element elementor-element-c6bf4c1 elementor-section-boxed elementor-section-height-default elementor-section-height-default\" data-id=\"c6bf4c1\" data-element_type=\"section\" data-e-type=\"section\" data-settings=\"{&quot;background_background&quot;:&quot;classic&quot;}\">\n\t\t\t\t\t\t<div class=\"elementor-container elementor-column-gap-default\">\n\t\t\t\t\t<div class=\"elementor-column elementor-col-100 elementor-top-column elementor-element elementor-element-71d3b52\" data-id=\"71d3b52\" data-element_type=\"column\" data-e-type=\"column\">\n\t\t\t<div class=\"elementor-widget-wrap elementor-element-populated\">\n\t\t\t\t\t\t<div class=\"elementor-element elementor-element-ae2c8c1 elementor-widget elementor-widget-heading\" data-id=\"ae2c8c1\" data-element_type=\"widget\" data-e-type=\"widget\" data-widget_type=\"heading.default\">\n\t\t\t\t<div class=\"elementor-widget-container\">\n\t\t\t\t\t<h2 class=\"elementor-heading-title elementor-size-default\">Apresenta\u00e7\u00e3o\n<\/h2>\t\t\t\t<\/div>\n\t\t\t\t<\/div>\n\t\t\t\t<div class=\"elementor-element elementor-element-5951e7a elementor-widget elementor-widget-text-editor\" data-id=\"5951e7a\" data-element_type=\"widget\" data-e-type=\"widget\" data-widget_type=\"text-editor.default\">\n\t\t\t\t<div class=\"elementor-widget-container\">\n\t\t\t\t\t\t\t\t\t<p><span style=\"font-weight: 400\">A Editora CLAEC recebe em fluxo cont\u00ednuo propostas para publica\u00e7\u00e3o de originais em livros digitais nas \u00e1reas de <\/span><b>Ci\u00eancias Humanas, Ci\u00eancias Sociais Aplicadas e Lingu\u00edstica, Letras e Artes<\/b><span style=\"font-weight: 400\">.<\/span><\/p><p><span style=\"font-weight: 400\">As submiss\u00f5es podem ser feitas em diferentes modalidades editoriais, todas vinculadas \u00e0 miss\u00e3o da Editora CLAEC de valorizar a produ\u00e7\u00e3o cient\u00edfica, t\u00e9cnica, art\u00edstica e cultural da Am\u00e9rica Latina.<\/span><\/p>\t\t\t\t\t\t\t\t<\/div>\n\t\t\t\t<\/div>\n\t\t\t\t\t<\/div>\n\t\t<\/div>\n\t\t\t\t\t<\/div>\n\t\t<\/section>\n\t\t\t\t<section class=\"elementor-section elementor-top-section elementor-element elementor-element-f6c6504 elementor-section-boxed elementor-section-height-default elementor-section-height-default\" data-id=\"f6c6504\" data-element_type=\"section\" data-e-type=\"section\" data-settings=\"{&quot;background_background&quot;:&quot;classic&quot;}\">\n\t\t\t\t\t\t<div class=\"elementor-container elementor-column-gap-default\">\n\t\t\t\t\t<div class=\"elementor-column elementor-col-100 elementor-top-column elementor-element elementor-element-a44e98c\" data-id=\"a44e98c\" data-element_type=\"column\" data-e-type=\"column\">\n\t\t\t<div class=\"elementor-widget-wrap elementor-element-populated\">\n\t\t\t\t\t\t<div class=\"elementor-element elementor-element-935176c elementor-widget__width-initial elementor-widget elementor-widget-accordion\" data-id=\"935176c\" data-element_type=\"widget\" data-e-type=\"widget\" data-widget_type=\"accordion.default\">\n\t\t\t\t<div class=\"elementor-widget-container\">\n\t\t\t\t\t\t\t<div class=\"elementor-accordion\">\n\t\t\t\t\t\t\t<div class=\"elementor-accordion-item\">\n\t\t\t\t\t<div id=\"elementor-tab-title-1541\" class=\"elementor-tab-title\" data-tab=\"1\" role=\"button\" aria-controls=\"elementor-tab-content-1541\" aria-expanded=\"false\">\n\t\t\t\t\t\t\t\t\t\t\t\t\t<span class=\"elementor-accordion-icon elementor-accordion-icon-left\" aria-hidden=\"true\">\n\t\t\t\t\t\t\t\t\t\t\t\t\t\t\t<span class=\"elementor-accordion-icon-closed\"><i class=\"fas fa-plus\"><\/i><\/span>\n\t\t\t\t\t\t\t\t<span class=\"elementor-accordion-icon-opened\"><i class=\"fas fa-minus\"><\/i><\/span>\n\t\t\t\t\t\t\t\t\t\t\t\t\t\t<\/span>\n\t\t\t\t\t\t\t\t\t\t\t\t<a class=\"elementor-accordion-title\" tabindex=\"0\">Modalidades de publica\u00e7\u00e3o<\/a>\n\t\t\t\t\t<\/div>\n\t\t\t\t\t<div id=\"elementor-tab-content-1541\" class=\"elementor-tab-content elementor-clearfix\" data-tab=\"1\" role=\"region\" aria-labelledby=\"elementor-tab-title-1541\"><ol><li><b> Selo Editora CLAEC<\/b><b><br \/><\/b><span style=\"font-weight: 400\"> Publica livros t\u00e9cnicos, cient\u00edficos e art\u00edsticos de relev\u00e2ncia acad\u00eamica.<\/span><\/li><\/ol><ul><li style=\"font-weight: 400\"><b>Avalia\u00e7\u00e3o:<\/b><span style=\"font-weight: 400\"> Conselho Editorial, com pareceristas especialistas.<\/span><p>\u00a0<\/p><\/li><li style=\"font-weight: 400\"><b>Financiamento:<\/b><span style=\"font-weight: 400\"> CLAEC e\/ou autor\/organizador, com possibilidade de parcerias.<\/span><p>\u00a0<\/p><\/li><li style=\"font-weight: 400\"><b>Disponibiliza\u00e7\u00e3o:<\/b><span style=\"font-weight: 400\"> Cat\u00e1logo da Editora CLAEC e outras bases autorizadas.<\/span><p>\u00a0<\/p><\/li><\/ul><ol start=\"2\"><li><b> Selo CLAEC e-Books<\/b><b><br \/><\/b><span style=\"font-weight: 400\"> Organiza\u00e7\u00e3o de colet\u00e2neas a partir de editais de sele\u00e7\u00e3o de artigos.<\/span><\/li><\/ol><ul><li style=\"font-weight: 400\"><b>Avalia\u00e7\u00e3o:<\/b><span style=\"font-weight: 400\"> Comit\u00ea Editorial e organizador da obra.<\/span><p>\u00a0<\/p><\/li><li style=\"font-weight: 400\"><b>Financiamento:<\/b><span style=\"font-weight: 400\"> Recursos do autor.<\/span><p>\u00a0<\/p><\/li><li style=\"font-weight: 400\"><b>Disponibiliza\u00e7\u00e3o:<\/b><span style=\"font-weight: 400\"> Cat\u00e1logo da Editora CLAEC e outras bases autorizadas.<\/span><p>\u00a0<\/p><\/li><\/ul><ol start=\"3\"><li><b> Selo ArtesLatinas<\/b><b><br \/><\/b><span style=\"font-weight: 400\"> Obras art\u00edsticas e liter\u00e1rias, com destaque para produ\u00e7\u00f5es infantis, juvenis e express\u00f5es identit\u00e1rias latino-americanas.<\/span><\/li><\/ol><ul><li style=\"font-weight: 400\"><b>Avalia\u00e7\u00e3o:<\/b><span style=\"font-weight: 400\"> Conselho Editorial, com pareceristas especialistas.<\/span><p>\u00a0<\/p><\/li><li style=\"font-weight: 400\"><b>Financiamento:<\/b><span style=\"font-weight: 400\"> CLAEC e\/ou autor\/organizador, com possibilidade de parcerias.<\/span><p>\u00a0<\/p><\/li><li style=\"font-weight: 400\"><b>Disponibiliza\u00e7\u00e3o:<\/b><span style=\"font-weight: 400\"> Cat\u00e1logo da Editora CLAEC e outras bases autorizadas.<\/span><p>\u00a0<\/p><\/li><\/ul><\/div>\n\t\t\t\t<\/div>\n\t\t\t\t\t\t\t<div class=\"elementor-accordion-item\">\n\t\t\t\t\t<div id=\"elementor-tab-title-1542\" class=\"elementor-tab-title\" data-tab=\"2\" role=\"button\" aria-controls=\"elementor-tab-content-1542\" aria-expanded=\"false\">\n\t\t\t\t\t\t\t\t\t\t\t\t\t<span class=\"elementor-accordion-icon elementor-accordion-icon-left\" aria-hidden=\"true\">\n\t\t\t\t\t\t\t\t\t\t\t\t\t\t\t<span class=\"elementor-accordion-icon-closed\"><i class=\"fas fa-plus\"><\/i><\/span>\n\t\t\t\t\t\t\t\t<span class=\"elementor-accordion-icon-opened\"><i class=\"fas fa-minus\"><\/i><\/span>\n\t\t\t\t\t\t\t\t\t\t\t\t\t\t<\/span>\n\t\t\t\t\t\t\t\t\t\t\t\t<a class=\"elementor-accordion-title\" tabindex=\"0\">Normas para apresenta\u00e7\u00e3o de originais<\/a>\n\t\t\t\t\t<\/div>\n\t\t\t\t\t<div id=\"elementor-tab-content-1542\" class=\"elementor-tab-content elementor-clearfix\" data-tab=\"2\" role=\"region\" aria-labelledby=\"elementor-tab-title-1542\"><ul><li style=\"font-weight: 400\"><span style=\"font-weight: 400\">Os autores\/organizadores devem ser detentores dos direitos autorais.<\/span><\/li><li style=\"font-weight: 400\"><span style=\"font-weight: 400\">As obras devem ser in\u00e9ditas (salvo casos de republica\u00e7\u00e3o de obras raras ou esgotadas).<\/span><\/li><li style=\"font-weight: 400\"><span style=\"font-weight: 400\">\u00c9 obrigat\u00f3ria a entrega dos <\/span><b>Termos de Cess\u00e3o de Direitos Autorais<\/b><span style=\"font-weight: 400\"> (texto e imagem).<\/span><\/li><li style=\"font-weight: 400\"><span style=\"font-weight: 400\">Os originais devem ser entregues em arquivo Word (.doc ou .docx), sem identifica\u00e7\u00e3o de autoria, acompanhados do formul\u00e1rio de submiss\u00e3o.<\/span><\/li><li style=\"font-weight: 400\"><span style=\"font-weight: 400\">A formata\u00e7\u00e3o deve seguir as normas da ABNT (NBR 10520 e NBR 6023) e os padr\u00f5es indicados:<\/span><ul><li style=\"font-weight: 400\"><span style=\"font-weight: 400\">Fonte Times New Roman 12; cita\u00e7\u00f5es longas em corpo 10.<\/span><\/li><li style=\"font-weight: 400\"><span style=\"font-weight: 400\">Espa\u00e7amento 1,5 no texto; simples em cita\u00e7\u00f5es e notas de rodap\u00e9.<\/span><\/li><li style=\"font-weight: 400\"><span style=\"font-weight: 400\">Margens de 2,5 cm em papel A4.<\/span><\/li><li style=\"font-weight: 400\"><span style=\"font-weight: 400\">Imagens em JPG, TIF ou EPS, 300 dpi.<\/span><\/li><\/ul><\/li><li style=\"font-weight: 400\"><span style=\"font-weight: 400\">Estrutura obrigat\u00f3ria do original:<\/span><ul><li style=\"font-weight: 400\"><span style=\"font-weight: 400\">Pr\u00e9-textuais: folha de rosto, dedicat\u00f3ria, agradecimentos, ep\u00edgrafe, sum\u00e1rio etc.<\/span><\/li><li style=\"font-weight: 400\"><span style=\"font-weight: 400\">Textuais: cap\u00edtulos e se\u00e7\u00f5es.<\/span><\/li><li style=\"font-weight: 400\"><span style=\"font-weight: 400\">P\u00f3s-textuais: refer\u00eancias, gloss\u00e1rio, anexos, ap\u00eandices.<\/span><\/li><li style=\"font-weight: 400\"><span style=\"font-weight: 400\">Paratextos: textos de capa, minicurr\u00edculos, fotos (opcionais).<\/span><\/li><\/ul><\/li><\/ul><\/div>\n\t\t\t\t<\/div>\n\t\t\t\t\t\t\t<div class=\"elementor-accordion-item\">\n\t\t\t\t\t<div id=\"elementor-tab-title-1543\" class=\"elementor-tab-title\" data-tab=\"3\" role=\"button\" aria-controls=\"elementor-tab-content-1543\" aria-expanded=\"false\">\n\t\t\t\t\t\t\t\t\t\t\t\t\t<span class=\"elementor-accordion-icon elementor-accordion-icon-left\" aria-hidden=\"true\">\n\t\t\t\t\t\t\t\t\t\t\t\t\t\t\t<span class=\"elementor-accordion-icon-closed\"><i class=\"fas fa-plus\"><\/i><\/span>\n\t\t\t\t\t\t\t\t<span class=\"elementor-accordion-icon-opened\"><i class=\"fas fa-minus\"><\/i><\/span>\n\t\t\t\t\t\t\t\t\t\t\t\t\t\t<\/span>\n\t\t\t\t\t\t\t\t\t\t\t\t<a class=\"elementor-accordion-title\" tabindex=\"0\">Avalia\u00e7\u00e3o e sele\u00e7\u00e3o<\/a>\n\t\t\t\t\t<\/div>\n\t\t\t\t\t<div id=\"elementor-tab-content-1543\" class=\"elementor-tab-content elementor-clearfix\" data-tab=\"3\" role=\"region\" aria-labelledby=\"elementor-tab-title-1543\"><ul><li style=\"font-weight: 400\"><span style=\"font-weight: 400\">Os originais s\u00e3o avaliados por dois pareceristas em sistema duplo-cego.<\/span><\/li><li style=\"font-weight: 400\"><span style=\"font-weight: 400\">Decis\u00f5es poss\u00edveis: <\/span><b>aprovado<\/b><span style=\"font-weight: 400\">, <\/span><b>aprovado com corre\u00e7\u00f5es<\/b><span style=\"font-weight: 400\"> ou <\/span><b>n\u00e3o recomendado<\/b><span style=\"font-weight: 400\">.<\/span><\/li><li style=\"font-weight: 400\"><span style=\"font-weight: 400\">Em caso de pareceres divergentes, um terceiro avaliador \u00e9 designado.<\/span><\/li><li style=\"font-weight: 400\"><span style=\"font-weight: 400\">O Conselho Editorial tem decis\u00e3o final.<\/span><\/li><\/ul><\/div>\n\t\t\t\t<\/div>\n\t\t\t\t\t\t\t<div class=\"elementor-accordion-item\">\n\t\t\t\t\t<div id=\"elementor-tab-title-1544\" class=\"elementor-tab-title\" data-tab=\"4\" role=\"button\" aria-controls=\"elementor-tab-content-1544\" aria-expanded=\"false\">\n\t\t\t\t\t\t\t\t\t\t\t\t\t<span class=\"elementor-accordion-icon elementor-accordion-icon-left\" aria-hidden=\"true\">\n\t\t\t\t\t\t\t\t\t\t\t\t\t\t\t<span class=\"elementor-accordion-icon-closed\"><i class=\"fas fa-plus\"><\/i><\/span>\n\t\t\t\t\t\t\t\t<span class=\"elementor-accordion-icon-opened\"><i class=\"fas fa-minus\"><\/i><\/span>\n\t\t\t\t\t\t\t\t\t\t\t\t\t\t<\/span>\n\t\t\t\t\t\t\t\t\t\t\t\t<a class=\"elementor-accordion-title\" tabindex=\"0\">Prazos de produ\u00e7\u00e3o<\/a>\n\t\t\t\t\t<\/div>\n\t\t\t\t\t<div id=\"elementor-tab-content-1544\" class=\"elementor-tab-content elementor-clearfix\" data-tab=\"4\" role=\"region\" aria-labelledby=\"elementor-tab-title-1544\"><ul><li style=\"font-weight: 400\"><span style=\"font-weight: 400\">Avalia\u00e7\u00e3o inicial: at\u00e9 3 meses.<\/span><\/li><li style=\"font-weight: 400\"><span style=\"font-weight: 400\">Corre\u00e7\u00f5es pelos autores: at\u00e9 1 m\u00eas.<\/span><\/li><li style=\"font-weight: 400\"><span style=\"font-weight: 400\">Revis\u00e3o de texto: at\u00e9 2 meses.<\/span><\/li><li style=\"font-weight: 400\"><span style=\"font-weight: 400\">Projeto gr\u00e1fico: at\u00e9 15 dias.<\/span><\/li><li style=\"font-weight: 400\"><span style=\"font-weight: 400\">Revis\u00e3o final pelos autores: at\u00e9 10 dias.<\/span><\/li><li style=\"font-weight: 400\"><span style=\"font-weight: 400\">Requisi\u00e7\u00e3o de ISBN\/DOI\/ficha catalogr\u00e1fica: at\u00e9 1 m\u00eas.<\/span><\/li><\/ul><p><span style=\"font-weight: 400\">Disponibiliza\u00e7\u00e3o no cat\u00e1logo e reposit\u00f3rios: at\u00e9 2 meses.<\/span><span style=\"font-weight: 400\"><br \/><\/span> <b>Prazo total estimado:<\/b><span style=\"font-weight: 400\"> at\u00e9 10 meses (podendo ser menor conforme o caso).<\/span><span style=\"font-weight: 400\"><br \/><\/span><\/p><\/div>\n\t\t\t\t<\/div>\n\t\t\t\t\t\t\t<div class=\"elementor-accordion-item\">\n\t\t\t\t\t<div id=\"elementor-tab-title-1545\" class=\"elementor-tab-title\" data-tab=\"5\" role=\"button\" aria-controls=\"elementor-tab-content-1545\" aria-expanded=\"false\">\n\t\t\t\t\t\t\t\t\t\t\t\t\t<span class=\"elementor-accordion-icon elementor-accordion-icon-left\" aria-hidden=\"true\">\n\t\t\t\t\t\t\t\t\t\t\t\t\t\t\t<span class=\"elementor-accordion-icon-closed\"><i class=\"fas fa-plus\"><\/i><\/span>\n\t\t\t\t\t\t\t\t<span class=\"elementor-accordion-icon-opened\"><i class=\"fas fa-minus\"><\/i><\/span>\n\t\t\t\t\t\t\t\t\t\t\t\t\t\t<\/span>\n\t\t\t\t\t\t\t\t\t\t\t\t<a class=\"elementor-accordion-title\" tabindex=\"0\">Publica\u00e7\u00e3o e direitos autorais<\/a>\n\t\t\t\t\t<\/div>\n\t\t\t\t\t<div id=\"elementor-tab-content-1545\" class=\"elementor-tab-content elementor-clearfix\" data-tab=\"5\" role=\"region\" aria-labelledby=\"elementor-tab-title-1545\"><ul><li style=\"font-weight: 400\"><span style=\"font-weight: 400\">As publica\u00e7\u00f5es podem ser gratuitas (acesso aberto) ou pagas.<\/span><\/li><li style=\"font-weight: 400\"><span style=\"font-weight: 400\">No acesso aberto, os autores cedem os direitos autorais sem remunera\u00e7\u00e3o.<\/span><\/li><li style=\"font-weight: 400\"><span style=\"font-weight: 400\">No modelo pago, a remunera\u00e7\u00e3o segue percentuais definidos em contrato de comercializa\u00e7\u00e3o.<\/span><\/li><\/ul><\/div>\n\t\t\t\t<\/div>\n\t\t\t\t\t\t\t<div class=\"elementor-accordion-item\">\n\t\t\t\t\t<div id=\"elementor-tab-title-1546\" class=\"elementor-tab-title\" data-tab=\"6\" role=\"button\" aria-controls=\"elementor-tab-content-1546\" aria-expanded=\"false\">\n\t\t\t\t\t\t\t\t\t\t\t\t\t<span class=\"elementor-accordion-icon elementor-accordion-icon-left\" aria-hidden=\"true\">\n\t\t\t\t\t\t\t\t\t\t\t\t\t\t\t<span class=\"elementor-accordion-icon-closed\"><i class=\"fas fa-plus\"><\/i><\/span>\n\t\t\t\t\t\t\t\t<span class=\"elementor-accordion-icon-opened\"><i class=\"fas fa-minus\"><\/i><\/span>\n\t\t\t\t\t\t\t\t\t\t\t\t\t\t<\/span>\n\t\t\t\t\t\t\t\t\t\t\t\t<a class=\"elementor-accordion-title\" tabindex=\"0\">Documentos para submiss\u00e3o<\/a>\n\t\t\t\t\t<\/div>\n\t\t\t\t\t<div id=\"elementor-tab-content-1546\" class=\"elementor-tab-content elementor-clearfix\" data-tab=\"6\" role=\"region\" aria-labelledby=\"elementor-tab-title-1546\"><ul><li style=\"font-weight: 400\"><span style=\"font-weight: 400\">Ficha de Identifica\u00e7\u00e3o (Anexo I)<\/span><\/li><li style=\"font-weight: 400\"><span style=\"font-weight: 400\">Termo de Cess\u00e3o de Direitos Autorais (Anexo II)<\/span><\/li><li style=\"font-weight: 400\"><span style=\"font-weight: 400\">Termo de Cess\u00e3o de Imagem (Anexo III)<\/span><\/li><\/ul><p><span style=\"font-weight: 400\">[Baixar modelos de anexos]<\/span><\/p><p><span style=\"font-weight: 400\">Contato para submiss\u00f5es: <\/span><b>editora@claec.org<\/b><\/p><\/div>\n\t\t\t\t<\/div>\n\t\t\t\t\t\t\t\t<\/div>\n\t\t\t\t\t\t<\/div>\n\t\t\t\t<\/div>\n\t\t\t\t\t<\/div>\n\t\t<\/div>\n\t\t\t\t\t<\/div>\n\t\t<\/section>\n\t\t\t\t<\/div>\n\t\t","protected":false},"excerpt":{"rendered":"<p>Apresenta\u00e7\u00e3o A Editora CLAEC recebe em fluxo cont\u00ednuo propostas para publica\u00e7\u00e3o de originais em livros digitais nas \u00e1reas de Ci\u00eancias Humanas, Ci\u00eancias Sociais Aplicadas e Lingu\u00edstica, Letras e Artes. As submiss\u00f5es podem ser feitas em diferentes modalidades editoriais, todas vinculadas \u00e0 miss\u00e3o da Editora CLAEC de valorizar a produ\u00e7\u00e3o cient\u00edfica, t\u00e9cnica, art\u00edstica e cultural da [&hellip;]<\/p>\n","protected":false},"author":22,"featured_media":0,"parent":0,"menu_order":0,"comment_status":"closed","ping_status":"closed","template":"elementor_header_footer","meta":{"_monsterinsights_skip_tracking":false,"_monsterinsights_sitenote_active":false,"_monsterinsights_sitenote_note":"","_monsterinsights_sitenote_category":0,"footnotes":""},"class_list":["post-1854","page","type-page","status-publish","hentry"],"_links":{"self":[{"href":"https:\/\/claec.org\/editora\/wp-json\/wp\/v2\/pages\/1854","targetHints":{"allow":["GET"]}}],"collection":[{"href":"https:\/\/claec.org\/editora\/wp-json\/wp\/v2\/pages"}],"about":[{"href":"https:\/\/claec.org\/editora\/wp-json\/wp\/v2\/types\/page"}],"author":[{"embeddable":true,"href":"https:\/\/claec.org\/editora\/wp-json\/wp\/v2\/users\/22"}],"replies":[{"embeddable":true,"href":"https:\/\/claec.org\/editora\/wp-json\/wp\/v2\/comments?post=1854"}],"version-history":[{"count":37,"href":"https:\/\/claec.org\/editora\/wp-json\/wp\/v2\/pages\/1854\/revisions"}],"predecessor-version":[{"id":1897,"href":"https:\/\/claec.org\/editora\/wp-json\/wp\/v2\/pages\/1854\/revisions\/1897"}],"wp:attachment":[{"href":"https:\/\/claec.org\/editora\/wp-json\/wp\/v2\/media?parent=1854"}],"curies":[{"name":"wp","href":"https:\/\/api.w.org\/{rel}","templated":true}]}}