{"id":1848,"date":"2025-09-22T19:13:01","date_gmt":"2025-09-22T22:13:01","guid":{"rendered":"https:\/\/claec.org\/editora\/?page_id=1848"},"modified":"2025-10-24T23:36:52","modified_gmt":"2025-10-25T02:36:52","slug":"sobre","status":"publish","type":"page","link":"https:\/\/claec.org\/editora\/sobre\/","title":{"rendered":"Sobre"},"content":{"rendered":"\t\t<div data-elementor-type=\"wp-page\" data-elementor-id=\"1848\" class=\"elementor elementor-1848\" data-elementor-post-type=\"page\">\n\t\t\t\t\t\t<section class=\"elementor-section elementor-top-section elementor-element elementor-element-7fbf4e1 elementor-section-height-min-height elementor-section-boxed elementor-section-height-default elementor-section-items-middle\" data-id=\"7fbf4e1\" data-element_type=\"section\" data-e-type=\"section\" data-settings=\"{&quot;background_background&quot;:&quot;slideshow&quot;,&quot;background_slideshow_gallery&quot;:[{&quot;id&quot;:&quot;1657&quot;,&quot;url&quot;:&quot;https:\\\/\\\/claec.org\\\/editora\\\/wp-content\\\/uploads\\\/sites\\\/3\\\/2025\\\/09\\\/claec222-scaled.jpg&quot;},{&quot;id&quot;:&quot;1619&quot;,&quot;url&quot;:&quot;https:\\\/\\\/claec.org\\\/editora\\\/wp-content\\\/uploads\\\/sites\\\/3\\\/2025\\\/09\\\/pexels-pixabay-256541-scaled.jpg&quot;},{&quot;id&quot;:&quot;1541&quot;,&quot;url&quot;:&quot;https:\\\/\\\/claec.org\\\/editora\\\/wp-content\\\/uploads\\\/sites\\\/3\\\/2025\\\/09\\\/books-2596809_1280.jpg&quot;},{&quot;id&quot;:&quot;1539&quot;,&quot;url&quot;:&quot;https:\\\/\\\/claec.org\\\/editora\\\/wp-content\\\/uploads\\\/sites\\\/3\\\/2025\\\/09\\\/pexels-efrem-efre-2786187-16263864-scaled.jpg&quot;}],&quot;background_slideshow_loop&quot;:&quot;yes&quot;,&quot;background_slideshow_slide_duration&quot;:5000,&quot;background_slideshow_slide_transition&quot;:&quot;fade&quot;,&quot;background_slideshow_transition_duration&quot;:500}\">\n\t\t\t\t\t\t\t<div class=\"elementor-background-overlay\"><\/div>\n\t\t\t\t\t\t\t<div class=\"elementor-container elementor-column-gap-default\">\n\t\t\t\t\t<div class=\"elementor-column elementor-col-100 elementor-top-column elementor-element elementor-element-6cf5d39\" data-id=\"6cf5d39\" data-element_type=\"column\" data-e-type=\"column\">\n\t\t\t<div class=\"elementor-widget-wrap elementor-element-populated\">\n\t\t\t\t\t\t\t<\/div>\n\t\t<\/div>\n\t\t\t\t\t<\/div>\n\t\t<\/section>\n\t\t\t\t<section class=\"elementor-section elementor-top-section elementor-element elementor-element-c6bf4c1 elementor-section-boxed elementor-section-height-default elementor-section-height-default\" data-id=\"c6bf4c1\" data-element_type=\"section\" data-e-type=\"section\" data-settings=\"{&quot;background_background&quot;:&quot;classic&quot;}\">\n\t\t\t\t\t\t<div class=\"elementor-container elementor-column-gap-default\">\n\t\t\t\t\t<div class=\"elementor-column elementor-col-100 elementor-top-column elementor-element elementor-element-71d3b52\" data-id=\"71d3b52\" data-element_type=\"column\" data-e-type=\"column\">\n\t\t\t<div class=\"elementor-widget-wrap elementor-element-populated\">\n\t\t\t\t\t\t<div class=\"elementor-element elementor-element-ae2c8c1 elementor-widget elementor-widget-heading\" data-id=\"ae2c8c1\" data-element_type=\"widget\" data-e-type=\"widget\" data-widget_type=\"heading.default\">\n\t\t\t\t<div class=\"elementor-widget-container\">\n\t\t\t\t\t<h2 class=\"elementor-heading-title elementor-size-default\">Quem somos\n<\/h2>\t\t\t\t<\/div>\n\t\t\t\t<\/div>\n\t\t\t\t<div class=\"elementor-element elementor-element-5951e7a elementor-widget elementor-widget-text-editor\" data-id=\"5951e7a\" data-element_type=\"widget\" data-e-type=\"widget\" data-widget_type=\"text-editor.default\">\n\t\t\t\t<div class=\"elementor-widget-container\">\n\t\t\t\t\t\t\t\t\t<p><span style=\"font-weight: 400\">A Editora CLAEC \u00e9 o selo editorial do <\/span><b>Centro Latino-Americano de Estudos em Cultura \u2013 CLAEC<\/b><span style=\"font-weight: 400\"> (CNPJ: 13.448.301\/0001-24). Com prefixos editoriais registrados (<\/span><b>ISBN: 93548 e 86746<\/b><span style=\"font-weight: 400\"> e <\/span><b>DOI: 10.23899<\/b><span style=\"font-weight: 400\">), \u00e9 respons\u00e1vel pela editora\u00e7\u00e3o eletr\u00f4nica, produ\u00e7\u00e3o impressa ou digital e divulga\u00e7\u00e3o de livros acad\u00eamicos e art\u00edsticos, em acesso aberto, do CLAEC e de seus parceiros institucionais.<\/span><\/p>\t\t\t\t\t\t\t\t<\/div>\n\t\t\t\t<\/div>\n\t\t\t\t\t<\/div>\n\t\t<\/div>\n\t\t\t\t\t<\/div>\n\t\t<\/section>\n\t\t\t\t<section class=\"elementor-section elementor-top-section elementor-element elementor-element-f6c6504 elementor-section-boxed elementor-section-height-default elementor-section-height-default\" data-id=\"f6c6504\" data-element_type=\"section\" data-e-type=\"section\" data-settings=\"{&quot;background_background&quot;:&quot;classic&quot;}\">\n\t\t\t\t\t\t<div class=\"elementor-container elementor-column-gap-default\">\n\t\t\t\t\t<div class=\"elementor-column elementor-col-100 elementor-top-column elementor-element elementor-element-a44e98c\" data-id=\"a44e98c\" data-element_type=\"column\" data-e-type=\"column\">\n\t\t\t<div class=\"elementor-widget-wrap elementor-element-populated\">\n\t\t\t\t\t\t<div class=\"elementor-element elementor-element-2218c0e elementor-widget elementor-widget-heading\" data-id=\"2218c0e\" data-element_type=\"widget\" data-e-type=\"widget\" data-widget_type=\"heading.default\">\n\t\t\t\t<div class=\"elementor-widget-container\">\n\t\t\t\t\t<h2 class=\"elementor-heading-title elementor-size-default\">Foco e Escopo\n<\/h2>\t\t\t\t<\/div>\n\t\t\t\t<\/div>\n\t\t\t\t<div class=\"elementor-element elementor-element-34c13b6 elementor-widget elementor-widget-text-editor\" data-id=\"34c13b6\" data-element_type=\"widget\" data-e-type=\"widget\" data-widget_type=\"text-editor.default\">\n\t\t\t\t<div class=\"elementor-widget-container\">\n\t\t\t\t\t\t\t\t\t<p><span style=\"font-weight: 400\">Nosso trabalho editorial est\u00e1 alinhado ao objetivo central do CLAEC: realizar estudos e an\u00e1lises de a\u00e7\u00f5es, projetos, programas e pol\u00edticas culturais na Am\u00e9rica Latina. Assim, priorizamos publica\u00e7\u00f5es acad\u00eamicas que dialoguem com a cultura, a integra\u00e7\u00e3o regional e os desafios sociais e educacionais do continente.<\/span><\/p>\t\t\t\t\t\t\t\t<\/div>\n\t\t\t\t<\/div>\n\t\t\t\t\t<\/div>\n\t\t<\/div>\n\t\t\t\t\t<\/div>\n\t\t<\/section>\n\t\t\t\t<section class=\"elementor-section elementor-top-section elementor-element elementor-element-039ac28 elementor-section-boxed elementor-section-height-default elementor-section-height-default\" data-id=\"039ac28\" data-element_type=\"section\" data-e-type=\"section\" data-settings=\"{&quot;background_background&quot;:&quot;classic&quot;}\">\n\t\t\t\t\t\t<div class=\"elementor-container elementor-column-gap-default\">\n\t\t\t\t\t<div class=\"elementor-column elementor-col-100 elementor-top-column elementor-element elementor-element-05aec8d\" data-id=\"05aec8d\" data-element_type=\"column\" data-e-type=\"column\">\n\t\t\t<div class=\"elementor-widget-wrap elementor-element-populated\">\n\t\t\t\t\t\t<div class=\"elementor-element elementor-element-8cbfbf1 elementor-widget elementor-widget-heading\" data-id=\"8cbfbf1\" data-element_type=\"widget\" data-e-type=\"widget\" data-widget_type=\"heading.default\">\n\t\t\t\t<div class=\"elementor-widget-container\">\n\t\t\t\t\t<h2 class=\"elementor-heading-title elementor-size-default\">Avalia\u00e7\u00e3o por pares<\/h2>\t\t\t\t<\/div>\n\t\t\t\t<\/div>\n\t\t\t\t<div class=\"elementor-element elementor-element-9d07082 elementor-widget elementor-widget-text-editor\" data-id=\"9d07082\" data-element_type=\"widget\" data-e-type=\"widget\" data-widget_type=\"text-editor.default\">\n\t\t\t\t<div class=\"elementor-widget-container\">\n\t\t\t\t\t\t\t\t\t<p><span style=\"font-weight: 400\">As obras submetidas \u00e0 Editora CLAEC passam por processo rigoroso de <\/span><b>avalia\u00e7\u00e3o cega por pares<\/b><span style=\"font-weight: 400\">. Cada texto \u00e9 analisado por pelo menos dois pareceristas do Conselho Editorial ou por avaliadores ad hoc.<\/span><\/p><ul><li style=\"font-weight: 400\"><span style=\"font-weight: 400\">Em caso de pareceres divergentes, a obra \u00e9 encaminhada a um terceiro avaliador.<\/span><span style=\"font-weight: 400\"><br \/><br \/><\/span><\/li><li style=\"font-weight: 400\"><span style=\"font-weight: 400\">Os pareceristas n\u00e3o t\u00eam acesso \u00e0 identidade dos autores, e os autores recebem as avalia\u00e7\u00f5es de forma an\u00f4nima.<\/span><span style=\"font-weight: 400\"><br \/><br \/><\/span><\/li><li style=\"font-weight: 400\"><span style=\"font-weight: 400\">Os trabalhos aprovados podem retornar aos autores com corre\u00e7\u00f5es solicitadas.<\/span><span style=\"font-weight: 400\"><br \/><br \/><\/span><\/li><\/ul><p><span style=\"font-weight: 400\">Os pareceres reprovados n\u00e3o cabem recurso, e os textos recusados n\u00e3o s\u00e3o devolvidos.<\/span><span style=\"font-weight: 400\"><br \/><\/span><span style=\"font-weight: 400\"> A responsabilidade pela revis\u00e3o gramatical e ortogr\u00e1fica \u00e9 dos autores.<\/span><span style=\"font-weight: 400\"><br \/><\/span><\/p>\t\t\t\t\t\t\t\t<\/div>\n\t\t\t\t<\/div>\n\t\t\t\t\t<\/div>\n\t\t<\/div>\n\t\t\t\t\t<\/div>\n\t\t<\/section>\n\t\t\t\t<section class=\"elementor-section elementor-top-section elementor-element elementor-element-df22c97 elementor-section-boxed elementor-section-height-default elementor-section-height-default\" data-id=\"df22c97\" data-element_type=\"section\" data-e-type=\"section\" data-settings=\"{&quot;background_background&quot;:&quot;classic&quot;}\">\n\t\t\t\t\t\t<div class=\"elementor-container elementor-column-gap-default\">\n\t\t\t\t\t<div class=\"elementor-column elementor-col-100 elementor-top-column elementor-element elementor-element-9a8f0fc\" data-id=\"9a8f0fc\" data-element_type=\"column\" data-e-type=\"column\">\n\t\t\t<div class=\"elementor-widget-wrap elementor-element-populated\">\n\t\t\t\t\t\t<div class=\"elementor-element elementor-element-3dcb4cf elementor-widget elementor-widget-heading\" data-id=\"3dcb4cf\" data-element_type=\"widget\" data-e-type=\"widget\" data-widget_type=\"heading.default\">\n\t\t\t\t<div class=\"elementor-widget-container\">\n\t\t\t\t\t<h2 class=\"elementor-heading-title elementor-size-default\">Documentos institucionais\n\n<\/h2>\t\t\t\t<\/div>\n\t\t\t\t<\/div>\n\t\t\t\t<div class=\"elementor-element elementor-element-1fe87d7 elementor-widget elementor-widget-text-editor\" data-id=\"1fe87d7\" data-element_type=\"widget\" data-e-type=\"widget\" data-widget_type=\"text-editor.default\">\n\t\t\t\t<div class=\"elementor-widget-container\">\n\t\t\t\t\t\t\t\t\t<ul><li style=\"font-weight: 400;\"><a href=\"https:\/\/claec-my.sharepoint.com\/:b:\/g\/personal\/editora_claec_org\/ETBzQUA8JRdNvOw89yzxdsMBGJoC0cjFBWQyZTaoJ8B0KQ?e=NawRL4\" target=\"_blank\" rel=\"noopener\"><span style=\"font-weight: 400;\">Resolu\u00e7\u00e3o da Diretoria Executiva 02\/2020 (atualiza a cria\u00e7\u00e3o da Editora CLAEC)<\/span><\/a><\/li><li style=\"font-weight: 400;\"><a href=\"https:\/\/claec-my.sharepoint.com\/:b:\/g\/personal\/editora_claec_org\/EfYp08J2R81AqeA2U9fmXSsB1O7l9RZdCsJ_4n7fziyG-Q?e=L4thnl\" target=\"_blank\" rel=\"noopener\"><span style=\"font-weight: 400;\">Regimento do Conselho Editorial<\/span><\/a><\/li><li style=\"font-weight: 400;\"><a href=\"https:\/\/claec-my.sharepoint.com\/:b:\/g\/personal\/editora_claec_org\/ERwfimwGE3lLq1moyJgiE6kBcxIhfMXfcyHpCQ39lBW1eQ?e=NR7jCu\" target=\"_blank\" rel=\"noopener\"><span style=\"font-weight: 400;\">Regulamento da Pol\u00edtica Editorial<\/span><\/a><\/li><li style=\"font-weight: 400;\"><a href=\"https:\/\/claec-my.sharepoint.com\/:f:\/g\/personal\/editora_claec_org\/EqJxkJp5pyBEp7yqIg9oRqgBLex77TDsWRIz1SzgA5cD4w?e=1kFlfm\" target=\"_blank\" rel=\"noopener\"><span style=\"font-weight: 400;\">Portarias<\/span><\/a><\/li><\/ul>\t\t\t\t\t\t\t\t<\/div>\n\t\t\t\t<\/div>\n\t\t\t\t\t<\/div>\n\t\t<\/div>\n\t\t\t\t\t<\/div>\n\t\t<\/section>\n\t\t\t\t<section class=\"elementor-section elementor-top-section elementor-element elementor-element-b3d3902 elementor-section-boxed elementor-section-height-default elementor-section-height-default\" data-id=\"b3d3902\" data-element_type=\"section\" data-e-type=\"section\" data-settings=\"{&quot;background_background&quot;:&quot;classic&quot;}\">\n\t\t\t\t\t\t<div class=\"elementor-container elementor-column-gap-default\">\n\t\t\t\t\t<div class=\"elementor-column elementor-col-100 elementor-top-column elementor-element elementor-element-6f848e2\" data-id=\"6f848e2\" data-element_type=\"column\" data-e-type=\"column\">\n\t\t\t<div class=\"elementor-widget-wrap elementor-element-populated\">\n\t\t\t\t\t\t<div class=\"elementor-element elementor-element-761a355 elementor-widget elementor-widget-heading\" data-id=\"761a355\" data-element_type=\"widget\" data-e-type=\"widget\" data-widget_type=\"heading.default\">\n\t\t\t\t<div class=\"elementor-widget-container\">\n\t\t\t\t\t<h2 class=\"elementor-heading-title elementor-size-default\">Dados institucionais\n<\/h2>\t\t\t\t<\/div>\n\t\t\t\t<\/div>\n\t\t\t\t<div class=\"elementor-element elementor-element-2704cc7 elementor-widget elementor-widget-text-editor\" data-id=\"2704cc7\" data-element_type=\"widget\" data-e-type=\"widget\" data-widget_type=\"text-editor.default\">\n\t\t\t\t<div class=\"elementor-widget-container\">\n\t\t\t\t\t\t\t\t\t<ul><li style=\"font-weight: 400\"><span style=\"font-weight: 400\">Prefixo Editorial ISBN: 93548 e 86746<\/span><span style=\"font-weight: 400\"><br \/><br \/><\/span><\/li><li style=\"font-weight: 400\"><span style=\"font-weight: 400\">Prefixo DOI: 10.23899<\/span><span style=\"font-weight: 400\"><br \/><br \/><\/span><\/li><li style=\"font-weight: 400\"><span style=\"font-weight: 400\">Raz\u00e3o Social: Centro Latino-Americano de Estudos em Cultura \u2013 CLAEC<\/span><span style=\"font-weight: 400\"><br \/><br \/><\/span><\/li><li style=\"font-weight: 400\"><span style=\"font-weight: 400\">CNPJ: 13.448.301\/0001-24<\/span><span style=\"font-weight: 400\"><br \/><br \/><\/span><\/li><li style=\"font-weight: 400\"><span style=\"font-weight: 400\">Endere\u00e7o: Rua Vila Velha, 63, Vila C, Foz do Igua\u00e7u \u2013 PR \u2013 Brasil. CEP: 85870-050<\/span><span style=\"font-weight: 400\"><br \/><br \/><\/span><\/li><li style=\"font-weight: 400\"><span style=\"font-weight: 400\">E-mail: editora@claec.org<\/span><span style=\"font-weight: 400\"><br \/><br \/><\/span><\/li><\/ul>\t\t\t\t\t\t\t\t<\/div>\n\t\t\t\t<\/div>\n\t\t\t\t\t<\/div>\n\t\t<\/div>\n\t\t\t\t\t<\/div>\n\t\t<\/section>\n\t\t\t\t<\/div>\n\t\t","protected":false},"excerpt":{"rendered":"<p>Quem somos A Editora CLAEC \u00e9 o selo editorial do Centro Latino-Americano de Estudos em Cultura \u2013 CLAEC (CNPJ: 13.448.301\/0001-24). Com prefixos editoriais registrados (ISBN: 93548 e 86746 e DOI: 10.23899), \u00e9 respons\u00e1vel pela editora\u00e7\u00e3o eletr\u00f4nica, produ\u00e7\u00e3o impressa ou digital e divulga\u00e7\u00e3o de livros acad\u00eamicos e art\u00edsticos, em acesso aberto, do CLAEC e de seus [&hellip;]<\/p>\n","protected":false},"author":22,"featured_media":0,"parent":0,"menu_order":0,"comment_status":"closed","ping_status":"closed","template":"elementor_header_footer","meta":{"_monsterinsights_skip_tracking":false,"_monsterinsights_sitenote_active":false,"_monsterinsights_sitenote_note":"","_monsterinsights_sitenote_category":0,"footnotes":""},"class_list":["post-1848","page","type-page","status-publish","hentry"],"_links":{"self":[{"href":"https:\/\/claec.org\/editora\/wp-json\/wp\/v2\/pages\/1848","targetHints":{"allow":["GET"]}}],"collection":[{"href":"https:\/\/claec.org\/editora\/wp-json\/wp\/v2\/pages"}],"about":[{"href":"https:\/\/claec.org\/editora\/wp-json\/wp\/v2\/types\/page"}],"author":[{"embeddable":true,"href":"https:\/\/claec.org\/editora\/wp-json\/wp\/v2\/users\/22"}],"replies":[{"embeddable":true,"href":"https:\/\/claec.org\/editora\/wp-json\/wp\/v2\/comments?post=1848"}],"version-history":[{"count":17,"href":"https:\/\/claec.org\/editora\/wp-json\/wp\/v2\/pages\/1848\/revisions"}],"predecessor-version":[{"id":2340,"href":"https:\/\/claec.org\/editora\/wp-json\/wp\/v2\/pages\/1848\/revisions\/2340"}],"wp:attachment":[{"href":"https:\/\/claec.org\/editora\/wp-json\/wp\/v2\/media?parent=1848"}],"curies":[{"name":"wp","href":"https:\/\/api.w.org\/{rel}","templated":true}]}}